NOAA-Style Climate Reports: Lisbon, NH


Report for 2017 April
                  MONTHLY CLIMATOLOGICAL SUMMARY FOR 4/2017
                                        HEAT  COOL        
     MEAN                               DEG   DEG       WIND SPEED       DOM MEAN  MEAN
DAY  TEMP  HIGH   TIME     LOW   TIME   DAYS  DAYS RAIN AVG  HI  TIME    DIR BAROM HUM
---------------------------------------------------------------------------------------
1    32.3  35.9    17:04  30.4     6:04   33    0  0.28   0   7    10:46 ENE 29.94  100
2    35.9  48.7    16:52  26.4    23:57   29    0  0.01   1  13    17:29 ENE 30.01   82
3    35.3  51.5    16:47  21.6     6:31   30    0  0.01   1  12    14:28 ENE 30.03   67
4    36.3  43.4     5:17  29.9     0:00   25    0  0.21   2  21    16:11  SW 29.76   83
5    36.2  44.0    17:36  32.3     5:59   29    0  0.01   0   8    14:08  SW 29.89   95
6    37.2  43.2    11:38  31.4     6:10   28    0  0.40   1  16    10:46 WSW 29.69   95
7    38.8  44.1    15:38  32.9    23:36   21    0  0.17   1  11    14:11  SW 29.21   96
8    33.1  35.9    12:50  30.8     7:00   32    0  0.03   1  16     9:36  NW 29.65   83
9    42.7  59.6    16:48  23.4     5:47   19    0  0.00   1  12    11:35  SW 30.01   62
10   53.0  78.1    14:14  30.7     6:39   15    3  0.00   2  18    16:45 WSW 30.00   59
11   57.3  78.7    14:25  36.5     5:53   11    4  0.05   1  16    14:25 WSW 30.00   68
12   49.8  57.9    16:21  43.1    23:56   15    0  0.17   1  10    14:08  NW 30.08   90
13   39.7  49.9    17:51  28.7    23:57   15    0  0.00   1  11     5:13  SW 30.25   75
14   39.5  56.9    13:49  23.0     6:12   25    0  0.00   1  18    11:23 ENE 30.36   61
15   46.3  67.8    16:00  23.3     6:12   19    0  0.21   2  20    16:14 WSW 30.16   66
16   61.1  80.0    14:49  43.2     6:46    7    4  0.10   2  17    17:11 WSW 29.68   76
17   50.2  58.4    11:55  40.2    23:59   15    0  0.00   2  18    10:55 ENE 29.88   68
18   40.3  48.5    17:06  33.9    21:14   25    0  0.00   2  16    22:44 ENE 30.37   61
19   40.1  49.9    15:08  30.7     3:26   25    0  0.26   3  22    15:14  SW 30.32   79
20   45.7  53.3    14:38  40.5     1:53   19    0  0.00   1  11     0:39 ENE 30.10   86
21   42.4  45.7    12:02  39.2    23:47   22    0  0.30   2  22    12:25  SW 29.99   93
22   40.7  44.2    17:50  38.1     6:25   24    0  0.00   0   6    20:13 SSW 29.94   94
23   47.9  63.6    17:55  35.8     6:03   17    0  0.01   1  13    15:29 ENE 29.99   69
24   47.2  63.5    15:30  30.7     5:48   18    0  0.00   1  12    10:21 ENE 30.13   71
25   43.8  51.9    10:53  31.5     6:10   21    0  0.12   1  14    11:55  SW 30.20   86
26   52.2  62.3    14:07  45.6     5:46   13    0  0.06   1   8    13:59   E 29.89   96
27   60.0  70.7    16:17  50.0     5:58    6    1  0.00   2  18    17:04  SW 29.82   83
28   65.3  76.5    15:53  50.5    23:51    3    3  0.00   2  17    13:52 WSW 29.86   67
29   59.1  72.7    15:17  43.2    23:59    8    2  0.00   2  17    20:20  SW 29.89   61
30   42.2  48.4    17:58  31.5     6:02   23    0  0.00   1  16     8:19 ENE 30.23   61
---------------------------------------------------------------------------------------
TOT  45.2  80.0  4/16/17  21.6   4/3/17  592   17  2.40   1  22  4/19/17  SW 29.98   78

HEAT BASE: 65.0
COOL BASE: 65.0