NOAA-Style Climate Reports: Lisbon, NH


Report for 2017 March
                  MONTHLY CLIMATOLOGICAL SUMMARY FOR 3/2017
                                        HEAT  COOL        
     MEAN                               DEG   DEG       WIND SPEED       DOM MEAN  MEAN
DAY  TEMP  HIGH   TIME     LOW   TIME   DAYS  DAYS RAIN AVG  HI  TIME    DIR BAROM HUM
---------------------------------------------------------------------------------------
1    42.5  57.5    14:29  34.2     1:55   51    0  0.26   1  20    13:46  SW 29.49   95
2    28.7  46.9     0:50  16.0    23:58   36    0  0.06   3  19    13:15 WSW 29.53   70
3    15.9  24.7    14:42   7.2    23:59   49    0  0.00   2  17    20:48 ENE 30.15   55
4     3.3   7.2     0:00   0.8     5:20   62    0  0.01   2  18     9:36 ENE 30.45   57
5     9.0  21.5    14:36  -2.6     5:52   56    0  0.00   2  19     8:22 ENE 30.59   49
6    18.6  37.8    14:42  -1.5     5:44   46    0  0.00   1  11     9:27 ENE 30.48   54
7    32.3  37.5    14:40  27.4     3:44   30    0  0.06   1  18    14:04  SW 30.19   88
8
9    29.1  31.8    14:40  25.0    23:55   25    0  0.03   3  19     9:42  SW 29.87   57
10   21.6  29.2    13:59   9.7    23:57   43    0  0.00   1  14    23:48 ENE 29.83   66
11    0.9   9.7     0:00  -6.1     6:49   64    0  0.00   2  18    13:23  NW 30.06   58
12    6.5  15.2    15:17  -1.5     7:03   56    0  0.00   2  14    11:01 ENE 30.22   52
13   12.2  23.3    16:56  -1.9     7:00   52    0  0.00   1  16    12:58 ENE 30.41   56
14   17.3  23.1    21:01  11.3     1:54   48    0  0.70   3  27    17:46 ENE 29.85   88
15   17.8  21.6    14:28  12.1     7:32   47    0  0.05   2  13    17:53  SW 29.33   89
16   16.4  22.2    14:35  11.5     7:09   49    0  0.00   1  13    10:04 ENE 29.78   76
17   16.6  30.8    15:17   1.7     8:21   48    0  0.00   1  13    11:20 ENE 30.12   69
18   32.9  33.0    11:00  32.7    10:57    0    0  0.00   5   7    10:58 ENE 30.31   49
19   34.8  42.1    14:26  21.3    23:58   16    0  0.00   2  13    16:08 ENE 30.19   50
20   29.2  47.4    15:39  11.1     6:48   52    0  0.00   1  11    13:30 ENE 30.06   65
21   33.4  41.1    16:26  27.4    23:22   31    0  0.01   0   7    16:28 ENE 29.82   80
22   16.8  29.3     4:23   9.4    23:35   44    0  0.08   2  21    13:09   W 30.05   68
23   15.4  28.7    15:22  -4.0     6:56   50    0  0.00   1  17    14:30 ENE 30.45   51
24   23.9  29.8    22:16  14.9     2:25   41    0  0.30   0  10    11:43   W 30.24   84
25   30.7  37.5    14:36  19.1    23:56   34    0  0.00   1   8    13:48 ENE 30.25   89
26   27.6  43.4    14:09   8.7     7:04   37    0  0.01   1  13    15:16 WSW 30.45   67
27   33.4  37.5    17:03  30.9     1:39   32    0  0.26   0   6     2:44  SW 30.09   97
28   36.0  44.5    15:08  31.7     3:12   29    0  0.03   1  10    12:59  SW 29.94   95
29   34.3  37.2    15:44  31.8    21:11   31    0  0.00   1  12    14:20 ENE 30.08   83
30   32.4  42.1    12:48  27.8    23:49   20    0  0.00   2  17     9:00 ENE 30.20   61
31   31.1  38.6    12:31  27.1     5:08   34    0  0.25   0  11    12:55  SW 30.09   84
---------------------------------------------------------------------------------------
TOT  22.9  57.5   3/1/17  -6.1  3/11/17 1214    0  2.22   1  27  3/14/17 ENE 30.07   72

HEAT BASE: 65.0
COOL BASE: 65.0