NOAA-Style Climate Reports: Lisbon, NH


Report for 2017 February
                  MONTHLY CLIMATOLOGICAL SUMMARY FOR 2/2017
                                        HEAT  COOL        
     MEAN                               DEG   DEG       WIND SPEED       DOM MEAN  MEAN
DAY  TEMP  HIGH   TIME     LOW   TIME   DAYS  DAYS RAIN AVG  HI  TIME    DIR BAROM HUM
---------------------------------------------------------------------------------------
1
2    21.2  27.0    14:55  15.5     7:08   33    0  0.00   1  13    13:26 ENE 29.97   71
3    17.6  25.6    13:39  11.3    23:10   47    0  0.00   1  12    11:38 WSW 30.05   77
4    17.8  25.9    13:11   5.9     7:37   47    0  0.00   1  13    14:14  SW 30.14   69
5    23.0  31.8    14:31  11.8     4:24   42    0  0.01   2  16    12:12 WSW 29.83   69
6    18.6  27.7     0:00  11.6     7:24   46    0  0.02   1  17    14:08  NW 30.01   68
7    19.9  27.1    23:47  15.8     3:11   45    0  0.23   2  21    22:30 ENE 29.98   87
8    30.7  40.9    13:36  24.7    23:58   28    0  0.22   1  11     0:10  SW 29.57   95
9    12.6  24.7     0:00  -0.3    23:58   29    0  0.10   2  16    19:21 ENE 29.79   75
10    1.3   8.5    12:19  -9.2     3:32   64    0  0.01   1  14     9:24 ENE 30.09   66
11    9.9  16.4    17:01   3.2     0:45   54    0  0.04   1   6    11:55 ENE 30.08   87
12   13.8  22.2    19:25   3.8     3:11   51    0  0.30   0   6     7:21  NE 30.00   91
13   20.7  23.1     4:21  12.1    23:16   44    0  0.10   1  19    11:58 ENE 29.70   88
14
15   27.5  29.9    18:14  21.9     8:35   24    0  0.60   0   2     8:45 ENE 29.38   97
16   23.6  28.6     0:00  21.0    20:27   41    0  0.05   0   9    15:32   E 29.44   87
17   19.0  29.3    15:18   2.7    23:51   46    0  0.01   1  13     9:17 ENE 29.74   75
18   21.0  44.1    14:17   2.1     1:30   44    0  0.05   0   7    10:05  SW 29.64   83
19   34.1  51.6    11:36  17.1     6:26   30    0  0.00   1  17    11:14  SW 29.69   80
20   29.6  35.6     0:19  14.5    23:57   35    0  0.00   2  20    11:31 ENE 30.19   63
21   25.9  40.6    15:32   6.1     6:33   39    0  0.00   1  12    20:33  SW 30.24   65
22   36.1  50.5    14:47  25.6    22:47   28    0  0.00   0   7    15:00  NE 29.92   74
23   35.9  63.2    14:20  23.8     3:22   27    0  0.00   0  18    15:05   W 29.76   87
24   36.8  55.0    11:40  27.4     6:34   28    0  0.07   0  11    11:16  SW 29.84   95
25   47.0  64.1    13:37  32.9    23:56   18    0  0.48   2  24    13:38  SW 29.60   88
26   28.1  32.9     0:00  16.9    23:47   37    0  0.01   1  18    14:21  NW 29.80   70
27   31.3  44.8    15:45  16.1     3:00   34    0  0.00   2  19    11:45 WSW 30.18   71
28   36.0  48.7    12:44  24.7     6:02   29    0  0.00   1  11    12:10  SW 30.24   75
---------------------------------------------------------------------------------------
TOT  24.3  64.1  2/25/17  -9.2  2/10/17  992    0  2.35   1  24  2/25/17 ENE 29.89   79

HEAT BASE: 65.0
COOL BASE: 65.0