NOAA-Style Climate Reports: Lisbon, NH


Report for 2017 January
                  MONTHLY CLIMATOLOGICAL SUMMARY FOR 1/2017
                                        HEAT  COOL        
     MEAN                               DEG   DEG       WIND SPEED       DOM MEAN  MEAN
DAY  TEMP  HIGH   TIME     LOW   TIME   DAYS  DAYS RAIN AVG  HI  TIME    DIR BAROM HUM
---------------------------------------------------------------------------------------
1    28.6  38.1    11:19  14.4    23:53   36    0  0.01   1  14    13:12  NW 30.04   79
2    17.3  35.5    14:06   6.1     7:59   48    0  0.00   0   7    13:31  SW 30.49   85
3    26.8  35.0    13:50  11.6     0:19   38    0  0.14   0  19    10:52 ENE 30.02   91
4    32.7  37.5    14:23  25.8    23:57   32    0  0.16   1  16    23:59 WSW 29.35   93
5    22.0  25.9    14:03  18.0     7:53   43    0  0.00   3  20    11:05 WSW 29.70   57
6    14.6  24.6    14:40   1.9    23:51   50    0  0.01   0  11    13:12  SW 30.04   76
7     5.9  16.3    15:32  -5.1     7:20   59    0  0.00   0   8    22:18 ENE 30.28   78
8     5.4  14.9    14:19  -5.1     8:13   60    0  0.00   1  10    12:38 ENE 30.23   69
9     2.1  11.1    14:51  -9.2     7:12   63    0  0.00   0   6     0:34 ENE 30.60   70
10   13.6  40.2    23:25  -3.6     6:09   49    0  0.00   2  31    21:06 ENE 30.49   73
11   33.6  45.9    15:19  27.4    19:56   14    0  0.16   2  32     0:51   W 30.13   78
12   39.7  47.1    22:33  28.4     0:00   25    0  0.02   1  17     5:02 WSW 29.87   93
13   27.5  42.8     1:00   9.9    23:50   77    0  0.00   2  19    12:43  NW 30.35   63
14   11.4  16.6    15:27   2.3     7:54   91    0  0.00   1   7     0:03  SW 30.54   61
15   17.7  25.2    11:53   9.2    23:55   47    0  0.00   1  14    13:41 ENE 30.31   72
16   17.1  34.8    14:56   3.4     7:29   47    0  0.00   1  12    12:08  SW 30.30   78
17   23.9  37.2    14:01  10.1     7:17   41    0  0.02   1  17    21:03 ENE 30.18   81
18   29.9  32.1    13:53  28.3    23:55   35    0  0.05   0  12     3:14 WSW 29.99   95
19   30.6  35.6    14:41  27.8     0:52   34    0  0.01   0   9     0:05  SW 29.97   95
20   31.3  37.3    14:29  27.4    23:21   34    0  0.00   1  13    16:34 WSW 29.94   89
21   31.6  36.3    13:46  27.4     0:00   33    0  0.00   0   6    14:03  NE 29.78   97
22   34.5  40.6    13:00  31.2     6:58   31    0  0.01   0   5     9:43 ENE 29.83   97
23   30.6  34.0    11:12  27.5    19:55   34    0  0.00   1  14    12:01 SSW 30.00   79
24   30.8  32.7    23:17  27.7     6:32   34    0  0.37   1  18     6:01  NE 29.56   95
25   29.4  32.4     0:00  26.7     7:34   36    0  0.00   0   7     5:39   E 29.49   92
26   33.5  46.8    13:43  27.5     7:47   31    0  0.04   1  17    15:07  SW 29.27   91
27   31.5  33.5    11:31  26.1    23:59   26    0  0.07   1  13     9:39  SW 29.32   79
28   28.7  33.2    14:04  25.5     7:39   36    0  0.00   1  12    12:30  SW 29.46   78
29   29.1  36.2    11:46  24.3    23:54   36    0  0.02   2  18    12:32  SW 29.58   73
30   19.7  26.8    10:33  10.9    23:58   45    0  0.00   1  12    12:59 ENE 29.74   75
31   11.9  23.8    14:31  -1.9     7:55   53    0  0.00   0   9    12:50   E 29.90   69
---------------------------------------------------------------------------------------
TOT  23.7  47.1  1/12/17  -9.2   1/9/17 1321    0  1.09   1  32  1/11/17  SW 29.96   81

HEAT BASE: 65.0
COOL BASE: 65.0