NOAA-Style Climate Reports: Lisbon, NH


Report for 2016 December
                  MONTHLY CLIMATOLOGICAL SUMMARY FOR 12/2016
                                        HEAT  COOL        
     MEAN                               DEG   DEG       WIND SPEED       DOM MEAN  MEAN
DAY  TEMP  HIGH   TIME     LOW   TIME   DAYS  DAYS RAIN AVG  HI  TIME    DIR BAROM HUM
---------------------------------------------------------------------------------------
1    40.9  46.0    12:01  35.9    23:57   24    0  0.33   1  12     0:33  SW 29.51   95
2    37.0  44.2    14:03  30.8    23:03   28    0  0.03   1  14    12:09  SW 29.66   90
3    32.2  36.0    11:44  29.3    23:48   33    0  0.02   1  10    12:26 ENE 29.89   90
4    27.4  31.5    14:01  18.0    23:53   38    0  0.00   0   8    12:54 ENE 30.17   76
5    22.5  29.5    15:12  16.6     1:51   32    0  0.14   0   6     5:15 WSW 30.01   96
6    28.3  33.8    12:41  23.3    19:45   37    0  0.00   0   8    14:20 ENE 30.06   92
7    28.8  33.5    14:04  23.8     0:17   36    0  0.02   0   5    11:34 ENE 29.94   97
8    29.6  35.6    11:53  23.4    20:36   35    0  0.00   1  13    12:29 WSW 29.81   94
9    22.3  27.4     0:14  16.0    23:58   43    0  0.02   1  12    21:26  NW 29.96   74
10   14.7  19.9    12:13   5.7    23:58   50    0  0.00   1  16    10:57 ENE 30.30   67
11   11.4  24.4    14:17  -0.5     7:26   54    0  0.00   0   7    10:35  SW 30.42   84
12   25.6  31.1    14:48  18.2     0:00   39    0  0.30   0   6     4:27  SW 29.83   97
13   28.3  35.9    13:24  24.4     7:20   37    0  0.05   0  11    21:46 WSW 29.98   87
14   23.9  30.7     1:23  10.4    23:58   41    0  0.00   1  12    19:47 WSW 29.84   77
15    9.0  19.4     9:54  -4.8    23:44   56    0  0.03   2  19    10:00  NW 29.72   68
16   -5.0   4.0    14:49 -10.2    22:54   70    0  0.00   1  17     1:02 ENE 30.31   56
17    7.8  19.6    23:58  -8.5     0:00   57    0  0.33   0   3     7:50 ENE 30.05   87
18   27.4  39.2    13:00  11.8    23:55   38    0  0.40   1  14    21:45 ENE 29.85   88
19    3.7  13.7    14:13  -7.9    23:55   61    0  0.00   1  13     0:13 ENE 30.70   66
20    3.8  17.9    14:58 -12.7     7:23   61    0  0.00   0   8    12:58  SW 30.42   75
21   25.4  37.5    12:43   9.7     8:01   40    0  0.00   1  11    12:30  SW 30.02   70
22   29.0  32.0    12:19  25.9     3:48   36    0  0.13   0  10    23:25  SW 29.97   93
23   28.7  39.8    13:48  17.7    21:59   36    0  0.00   0  12    13:20  SW 30.21   89
24   27.6  32.4    14:41  19.1     0:00   37    0  0.03   0   7     4:19  SW 30.06   98
25   24.0  33.0     6:14   2.7    23:59   41    0  0.00   2  24     8:44 ENE 30.48   72
26   16.2  36.3    23:59  -1.1     4:54   49    0  0.06   2  24    17:42   W 30.52   77
27   36.3  42.2    12:50  30.8    23:58   29    0  0.07   1  17     0:08  NW 29.70   87
28   26.7  31.5     1:39  17.1    22:23   38    0  0.00   0   8    11:42  SW 29.99   79
29   25.8  30.7    16:18  18.2     0:00   39    0  0.13   1  16     7:59  SW 29.77   88
30   24.5  29.3     5:57  16.4    23:57   28    0  0.00   1  12    16:28  SW 29.47   81
31   17.6  31.2    23:46  -0.9     7:46   47    0  0.01   1  21    19:31  SW 29.92   79
---------------------------------------------------------------------------------------
TOT  22.6  46.0  12/1/16 -12.7 12/20/16 1290    0  2.10   1  24 12/25/16  SW 30.02   83

HEAT BASE: 65.0
COOL BASE: 65.0