NOAA-Style Climate Reports: Lisbon, NH


Report for 2016 November
                  MONTHLY CLIMATOLOGICAL SUMMARY FOR 11/2016
                                        HEAT  COOL        
     MEAN                               DEG   DEG       WIND SPEED       DOM MEAN  MEAN
DAY  TEMP  HIGH   TIME     LOW   TIME   DAYS  DAYS RAIN AVG  HI  TIME    DIR BAROM HUM
---------------------------------------------------------------------------------------
1    35.9  47.8    22:05  22.2     7:34   23    0  0.00   1  17    21:58 WSW 30.28   82
2    47.5  60.0    15:59  39.9    22:52   18    0  0.00   0   6     0:25   E 30.13   86
3    45.9  53.3    14:31  40.2    23:55   19    0  0.89   0  10    19:38   E 29.92  100
4    37.3  43.8    12:16  24.4    23:55   27    0  0.01   1  14    13:54 NNW 30.08   88
5    30.7  36.2    22:27  22.7     3:30   34    0  0.03   0   6    12:05  SW 30.12   99
6    37.2  44.8    12:07  26.2    23:58   28    0  0.03   1  14    10:16 ENE 30.24   86
7    31.1  47.4    13:59  21.8     6:22   34    0  0.00   0   6    10:48  SW 30.42   85
8    35.6  60.9    14:05  23.3     6:41   29    0  0.01   0   4    12:58  SW 30.09   87
9    37.1  45.7    14:23  30.1     2:26   28    0  0.00   0  14    14:42 ENE 29.87   90
10   36.8  46.6    13:24  25.2     6:41   28    0  0.00   1  16    18:07 WSW 29.79   70
11   35.0  43.2     7:28  29.6     0:27   30    0  0.09   1  22    23:07 ENE 29.68   79
12   33.5  41.9    14:12  23.0     7:08   31    0  0.00   1  11    12:00  NW 30.11   61
13   37.5  54.9    13:35  26.7    23:52   27    0  0.00   1  11    12:26  SW 29.93   78
14   35.4  58.1    14:32  22.7     7:11   30    0  0.00   0   8    11:33  SW 29.95   80
15   39.1  53.1    13:57  27.0     7:08   26    0  0.17   0   5    10:06 ENE 29.94   88
16   45.3  50.6    13:22  41.5     1:58   20    0  0.12   0   6    12:44 WSW 29.67  100
17   43.5  45.3    11:55  42.1    23:57   22    0  0.00   0   7    10:22 ENE 29.97   96
18   42.0  54.5    14:51  30.9    23:55   23    0  0.00   1   9    10:03 ENE 30.10   89
19   36.4  56.3    14:26  29.5     1:36   29    0  0.01   0   6    11:44  SW 29.87   94
20   33.4  40.6    12:38  28.9    23:53   32    0  0.46   1  10     8:16  SW 29.27  100
21   27.7  29.9    11:40  26.1    17:31   37    0  0.02   1  12    11:40  SW 29.40   85
22   28.3  30.5    10:22  26.8     0:00   37    0  0.00   1  16    20:23  SW 29.86   80
23   28.5  30.4    12:20  27.1     5:51   37    0  0.00   1   9     1:52 ENE 30.22   82
24   28.9  32.1    22:01  25.5     5:30   36    0  0.07   0   5     9:41 ENE 30.30   93
25   32.9  34.2    14:49  31.5     0:00   32    0  0.02   0   2    14:07  NE 30.20  100
26   35.9  40.5    13:15  33.5    23:58   24    0  0.01   0   3    12:44  NE 30.07   99
27   32.1  33.5     0:00  29.9    23:40   33    0  0.00   0   8    19:35 ENE 30.03   85
28   28.2  34.8    13:39  20.1    23:57   37    0  0.00   1  10    10:04 ENE 30.14   81
29   30.6  38.3    13:49  19.6     0:27   34    0  0.36   0  14    13:25  NW 30.02   99
30   40.1  44.0    13:20  35.5     0:27   25    0  0.03   1  15    20:00 WSW 29.88   98
---------------------------------------------------------------------------------------
TOT  35.6  60.9  11/8/16  19.6 11/29/16  868    0  2.33   1  22 11/11/16 ENE 29.98   88

HEAT BASE: 65.0
COOL BASE: 65.0