NOAA-Style Climate Reports: Lisbon, NH


Report for 2016 October
                  MONTHLY CLIMATOLOGICAL SUMMARY FOR 10/2016
                                        HEAT  COOL        
     MEAN                               DEG   DEG       WIND SPEED       DOM MEAN  MEAN
DAY  TEMP  HIGH   TIME     LOW   TIME   DAYS  DAYS RAIN AVG  HI  TIME    DIR BAROM HUM
---------------------------------------------------------------------------------------
1    50.8  56.4    15:29  45.4     0:14   14    0  0.00   0   5    10:16 ENE 30.30   90
2    52.8  57.9    14:24  49.9     5:48   12    0  0.00   0   8    17:29  SW 30.07   93
3    56.7  63.5    14:50  51.5     0:00    8    0  0.12   0   8    14:27 ENE 30.01   94
4    55.2  62.2    14:07  48.4    21:03   10    0  0.00   0   7     5:14  SW 30.30   92
5    53.0  67.9    14:27  45.0    23:12   12    0  0.00   0   7    11:52  SW 30.32   90
6    52.0  69.8    14:24  42.3     5:54   13    0  0.01   0  11    14:46  SW 30.28   90
7    53.9  72.7    14:44  44.8     3:09   12    1  0.00   1  12    13:12  SW 30.24   89
8    53.7  65.6    13:02  41.6     6:52   11    0  0.11   0  10    17:27  SW 30.04   84
9    49.6  53.9     0:00  39.5    22:30   15    0  0.03   1  11    14:51 ENE 30.06   88
10   41.3  50.6    14:48  30.8    23:53   24    0  0.00   2  14    11:19 ENE 30.23   75
11   42.6  65.6    14:59  27.3     6:40   22    0  0.00   0   6     9:45 ENE 30.42   76
12   47.8  68.8    14:58  34.8     7:07   18    0  0.00   1  18    15:02  SW 30.26   77
13   47.8  63.6    13:20  36.0     6:54   17    0  0.16   1  14    13:23 WSW 30.02   91
14   41.1  52.2    13:38  28.3    23:46   24    0  0.00   1  14     9:56 ENE 30.32   73
15   38.0  56.1    14:48  25.0     7:09   27    0  0.00   1  13    16:09  SW 30.38   81
16   45.8  63.2    15:48  28.3     3:43   19    0  0.09   0  10    12:49  SW 30.01   90
17   55.4  69.5    14:39  47.8     5:08   10    0  0.00   0   8    12:27 ENE 29.87   88
18   55.7  65.6    13:32  50.2     1:41    9    0  0.00   1  18    14:31  NW 29.79   87
19   58.0  68.6    14:17  41.9    23:59    7    0  0.01   1  10    10:13  NW 29.91   79
20   46.5  56.3    12:36  37.3     3:55   18    0  0.07   0  10    23:26  SW 30.17   93
21   58.8  65.3    15:40  51.3     0:06    6    0  0.50   1  25     0:24  SW 29.72   91
22   47.9  62.0     0:53  36.3    23:53   13    0  0.74   1  13    20:47 WSW 29.27  100
23   36.8  44.0    16:21  32.7    21:11   28    0  0.27   2  13    13:27  SW 29.52   94
24   40.2  47.9    13:03  34.3     2:12   25    0  0.00   1  14    10:50  NW 29.80   75
25
26
27   35.0  41.8    14:43  22.7     7:21   21    0  0.01   1  11    14:26  SW 30.35   86
28   38.8  41.3    10:32  35.6     0:00   26    0  0.64   1  12     2:02 ENE 30.06  100
29   39.8  42.1    20:47  38.1     8:14   25    0  0.40   0   7    14:13  SW 29.94  100
30   42.3  44.8     5:21  37.9    23:43   23    0  0.01   1  10     7:38 ENE 29.88   87
31   36.8  39.3    14:04  31.2    23:59   28    0  0.00   1  11     8:07 ENE 30.15   79
---------------------------------------------------------------------------------------
TOT  47.3  72.7  10/7/16  22.7 10/27/16  500    3  3.17   1  25 10/21/16  SW 30.06   87

HEAT BASE: 65.0
COOL BASE: 65.0