NOAA-Style Climate Reports: Lisbon, NH


Report for 2016 September
                  MONTHLY CLIMATOLOGICAL SUMMARY FOR 9/2016
                                        HEAT  COOL        
     MEAN                               DEG   DEG       WIND SPEED       DOM MEAN  MEAN
DAY  TEMP  HIGH   TIME     LOW   TIME   DAYS  DAYS RAIN AVG  HI  TIME    DIR BAROM HUM
---------------------------------------------------------------------------------------
1    65.1  74.7    12:19  52.1    23:51    3    3  0.00   1  11    13:04 ENE 29.85   82
2    57.2  70.3    13:46  49.6    23:47    7    1  0.00   1  13    13:17 ENE 30.07   87
3    57.0  71.2    13:35  46.6     2:36    9    1  0.00   1  10    12:28 ENE 30.22   85
4    60.5  75.7    13:35  47.8     4:29    7    3  0.00   0   7    12:40  SW 30.26   85
5
6    66.5  69.1    21:26  63.3    23:57    0    0  0.00   0   3    21:27 ENE 30.07   95
7    68.3  79.4    11:05  59.6     4:21    2    5  0.00   0  11    16:52  SW 30.01   88
8    69.0  80.2    14:58  60.6     1:04    1    5  0.01   1  14    15:07 WSW 29.82   90
9    71.3  82.1    12:11  60.3    23:57    0    7  0.00   0  16    12:55 ENE 29.81   85
10   66.5  80.0    12:35  57.3     3:14    3    4  0.00   0  11    20:08   E 29.96   88
11   63.2  70.8    13:08  46.2    23:59    3    1  0.51   1  21    12:25 ENE 29.88   86
12   54.1  71.0    14:28  41.8     5:49   12    1  0.00   0   8    10:14  SW 30.18   83
13   58.3  76.1    14:08  44.8     6:18    9    3  0.00   1  14    14:11  SW 30.10   84
14   57.7  68.4    11:09  48.1    23:56    8    0  0.09   0  13    15:57 ENE 30.01   94
15   51.1  64.8    13:35  41.2     6:47   14    0  0.00   1  10    11:25 ENE 30.26   83
16   51.6  69.8    14:08  39.2     7:12   14    1  0.00   1  11    13:32  SW 30.26   85
17   59.2  73.1    15:42  40.6     6:47    9    3  0.00   1  18    12:39 WSW 30.10   78
18   66.5  75.4    13:56  60.9     4:38    1    3  0.22   0  12    14:10  SW 29.94   92
19   65.4  72.0    14:29  61.2     1:13    1    2  0.17   0  10    13:14 WSW 30.01   96
20   67.4  79.4    14:40  58.4    23:53    2    4  0.00   0  11    13:53  SW 30.03   86
21   62.1  77.8    14:27  51.8    23:57    6    3  0.01   0  10    12:09  SW 30.11   79
22   60.8  78.1    15:03  46.5     6:52    7    3  0.00   0   7    10:20  SW 30.10   84
23   55.8  61.2     9:21  43.4    23:53    9    0  0.19   1  13    10:32 ENE 30.01   96
24   47.2  58.4    15:00  37.6    23:57   18    0  0.01   0  13    15:34 ENE 30.12   86
25   43.0  56.6    13:21  32.6     6:14   22    0  0.00   0  11    11:10 ENE 30.15   83
26   45.1  60.4    14:22  33.5     5:33   20    0  0.00   1  10    13:44  SW 30.12   85
27   55.1  69.3    13:57  45.4    23:54   10    0  0.17   0   6    11:55  SW 29.89   88
28   53.0  69.3    14:11  42.6     3:21   12    0  0.00   0  10    14:15 ENE 30.21   89
29   50.8  65.6    14:52  40.2     7:40   14    0  0.00   0   8    12:29 ENE 30.46   87
30   48.7  61.4    16:20  40.3     6:47   16    0  0.00   0   6    10:36 ENE 30.46   87
---------------------------------------------------------------------------------------
TOT  58.2  82.1   9/9/16  32.6  9/25/16  241   53  1.38   0  21  9/11/16 ENE 30.09   87

HEAT BASE: 65.0
COOL BASE: 65.0