NOAA-Style Climate Reports: Lisbon, NH


Report for 2016 August
                  MONTHLY CLIMATOLOGICAL SUMMARY FOR 8/2016
                                        HEAT  COOL        
     MEAN                               DEG   DEG       WIND SPEED       DOM MEAN  MEAN
DAY  TEMP  HIGH   TIME     LOW   TIME   DAYS  DAYS RAIN AVG  HI  TIME    DIR BAROM HUM
---------------------------------------------------------------------------------------
1    62.4  64.1     9:31  59.3    23:51    3    0  0.27   0   6    18:29  NE 30.09   99
2    65.7  76.3    12:42  58.5     5:58    2    3  0.00   1  10    12:11  SW 30.11   88
3    66.3  82.0    14:34  55.2     5:47    4    5  0.00   0   9    13:17  SW 30.12   78
4    68.0  83.7    14:18  53.0     6:05    4    7  0.00   1  12    12:39  SW 30.05   77
5    71.1  85.2    14:35  56.7     5:55    2    8  0.00   1  17    15:35  SW 29.86   76
6    72.6  86.0    12:43  58.4    23:57    0    8  0.00   1  15    15:23  SW 29.64   77
7    64.3  78.9    14:33  53.3     5:44    4    4  0.01   1  13    16:12  SW 29.80   79
8    64.0  77.8    12:41  51.1     6:23    5    4  0.01   0  11    10:27  SW 29.99   76
9    65.1  81.4    14:41  48.5     5:56    5    5  0.00   0   8    14:39 ENE 30.14   75
10   65.0  77.4    17:34  53.3     5:49    4    4  0.00   0  10    15:38 WSW 30.08   93
11   75.2  91.4    14:08  63.3     1:38    0   10  0.01   0   9    12:39  SW 29.96   81
12   74.8  89.8    13:52  65.1     4:35    0   10  0.69   0  12    11:14  SW 29.76   89
13   71.1  74.0    15:44  66.1    23:50    0    6  0.50   0   7    21:19  SW 29.83   97
14   73.2  82.3    14:04  65.4     3:39    0    8  0.03   1  13    10:06  SW 29.82   93
15   68.5  77.0    13:53  58.1    23:57    1    4  0.00   0  10    14:53 ENE 30.09   83
16   62.6  68.4    14:59  54.7     6:30    3    1  0.38   0   6    12:26 ENE 30.10   98
17   68.1  73.4     2:38  59.2    23:27    1    4  0.10   1  11    11:10 ENE 29.87   91
18   66.3  79.4    14:50  58.4     2:14    3    4  0.00   0   8    14:31  SW 29.93   89
19   66.1  79.2    14:34  56.1    23:39    3    4  0.00   0  11    12:13   E 29.93   82
20   66.9  82.7    14:31  52.4     5:48    4    6  0.00   1  13    13:58  SW 29.91   80
21   70.6  79.6    14:39  63.5     1:02    0    6  0.15   2  21    15:45  SW 29.81   77
22   59.3  63.6     0:10  49.7    23:55    6    0  0.96   1  13    11:48 ENE 29.92   88
23   65.7  75.6    13:33  48.8     0:30    1    2  0.00   1  11    16:38  SW 30.16   73
24   66.0  82.0    14:44  51.6     6:07    5    6  0.00   0   9    14:43  SW 30.15   84
25   67.5  77.6    10:55  56.3     6:12    2    5  0.00   0  11    18:55  SW 29.95   91
26   69.5  84.1    14:48  58.4    23:45    1    5  0.05   0  10    12:52  SW 29.92   87
27   66.1  79.1    12:35  54.7     6:08    4    5  0.00   0   7    14:22 ENE 30.15   83
28
29   65.8  74.1    10:38  53.0    23:54    2    2  0.00   1  13    11:04 WSW 30.10   76
30   61.4  76.1    13:13  50.8     6:38    6    3  0.00   0   8    12:08  SW 30.09   87
31   64.8  74.1    15:42  58.5     5:33    2    2  0.20   0   7    15:18  SW 29.87   95
---------------------------------------------------------------------------------------
TOT  67.1  91.4  8/11/16  48.5   8/9/16   77  140  3.37   1  21  8/21/16  SW 29.97   85

HEAT BASE: 65.0
COOL BASE: 65.0