NOAA-Style Climate Reports: Lisbon, NH


Report for 2016 July
                  MONTHLY CLIMATOLOGICAL SUMMARY FOR 7/2016
                                        HEAT  COOL        
     MEAN                               DEG   DEG       WIND SPEED       DOM MEAN  MEAN
DAY  TEMP  HIGH   TIME     LOW   TIME   DAYS  DAYS RAIN AVG  HI  TIME    DIR BAROM HUM
---------------------------------------------------------------------------------------
1    66.3  80.4    11:38  52.2     5:23    4    5  0.68   1  13    14:38  SW 29.89   79
2    60.3  68.8    12:50  46.8    23:58    5    0  0.00   1  11    15:18  SW 29.83   82
3    60.9  77.2    14:22  43.2     5:06    8    4  0.00   1  14    10:31  SW 29.95   71
4    65.4  82.1    14:09  47.8     4:10    6    6  0.00   1  13    16:04  SW 29.92   70
5    67.3  83.1    13:58  50.5     4:58    4    6  0.00   0   8    13:59  SW 29.75   72
6    71.2  86.6    13:36  53.7     5:20    3    9  0.00   0  10    12:03  SW 29.77   76
7    71.7  81.2    12:33  63.6     5:16    0    7  0.10   1  15    14:05  SW 29.73   87
8    68.9  77.6    14:51  61.4     5:41    1    4  0.00   1  13    19:03  SW 29.80   85
9    59.7  62.7     0:17  57.2     4:12    5    0  0.63   1  12    19:21 WSW 29.84   95
10   59.9  64.9    16:33  55.8     5:41    5    0  0.29   0   4     0:00 SSW 29.84   99
11   64.7  75.6    14:59  54.3     5:29    3    3  0.01   1  12     9:18 ENE 30.02   81
12   66.3  82.0    13:47  52.7     6:41    4    6  0.00   0  10    14:01  SW 30.03   78
13   72.4  87.7    14:05  55.5     5:21    2   10  0.00   1  16    15:42  SW 29.93   78
14   73.0  82.5    15:15  66.9    22:57    0    8  1.25   1  17    14:03 WSW 29.77   87
15   73.7  83.1    14:53  65.3    23:58    0    9  0.00   1  13    10:49  SW 29.75   82
16   68.1  77.4    14:35  58.9     4:56    2    5  0.00   0  10    13:26   E 29.96   84
17   68.4  78.7    13:48  62.0     0:03    1    4  0.09   0  12    12:47  SW 30.05   90
18   69.9  80.6    14:10  60.1     6:05    1    6  0.33   1  21    12:41 WSW 29.91   87
19   63.1  69.6    13:02  51.9    23:59    3    1  0.00   1  16    12:21 ENE 30.01   82
20   61.5  75.4    13:40  48.4     5:08    7    3  0.00   0  11    10:46  SW 30.13   79
21   65.7  80.8    13:50  50.6     6:02    5    5  0.00   1  13    13:04  SW 30.03   80
22   72.5  86.6    14:16  58.5     4:38    1    9  0.27   1  18    11:41  SW 29.73   79
23   66.9  79.8    12:34  60.0    23:53    1    3  0.63   1  17    16:19 ENE 29.76   93
24   66.0  76.3    14:45  58.2    23:58    2    3  0.00   1  10     9:24 ENE 29.93   83
25   69.4  84.3    14:14  55.8     6:17    3    7  0.00   0   7    12:53 ENE 29.84   86
26   71.5  82.5    12:38  61.4    23:54    0    7  0.00   0   8     8:14 SSW 29.78   82
27   68.3  86.2    14:17  57.8     3:28    2    4  0.00   0   8    13:39  SW 29.89   82
28   71.6  86.2    14:17  57.8     3:28    2   11  0.03   0   8    13:39  SW 29.87   81
29   69.5  81.2    13:42  59.3    23:57    1    6  0.00   1  12    16:05 ENE 29.87   81
30   65.3  77.6    14:15  53.6     5:32    4    4  0.00   1  12    11:31 ENE 30.01   78
31   62.0  71.3    16:46  53.7     4:51    4    1  0.00   0   8    16:06  SW 30.09   89
---------------------------------------------------------------------------------------
TOT  67.2  87.7  7/13/16  43.2   7/3/16   90  157  4.31   1  21  7/18/16  SW 29.89   82

HEAT BASE: 65.0
COOL BASE: 65.0