NOAA-Style Climate Reports: Lisbon, NH


Report for 2016 June
                  MONTHLY CLIMATOLOGICAL SUMMARY FOR 6/2016
                                        HEAT  COOL        
     MEAN                               DEG   DEG       WIND SPEED       DOM MEAN  MEAN
DAY  TEMP  HIGH   TIME     LOW   TIME   DAYS  DAYS RAIN AVG  HI  TIME    DIR BAROM HUM
---------------------------------------------------------------------------------------
1    65.2  77.8    13:36  49.0     5:26    4    4  0.00   1  16    20:54 ENE 30.08   69
2    63.9  75.0    13:32  49.9     5:39    4    3  0.00   2  18    14:10 WSW 30.08   72
3    67.1  78.7    17:02  57.2     5:32    2    4  0.00   1  12     9:24  SW 29.95   74
4    65.5  77.6    15:35  51.1     5:17    4    5  0.00   0  11    15:35   E 29.93   72
5    58.0  64.6    11:19  51.9     4:52    7    0  1.19   1  24    16:14  SW 29.75   96
6    64.1  75.7    12:47  53.7    23:58    3    3  0.00   1  17    10:16 WSW 29.51   80
7    58.8  71.5    16:00  48.8     3:29    8    1  0.89   0  13    20:34 ENE 29.46   89
8    56.0  62.3    15:31  48.5    23:29    9    0  0.01   1  11    15:33  NW 29.47   78
9    47.8  50.9    21:58  43.8     4:18   17    0  0.01   1  13    12:00 ENE 29.68   81
10   50.7  58.7    17:18  43.7    23:55   14    0  0.00   2  10     2:32 ENE 29.93   78
11   50.2  57.9    13:38  40.9     4:47   15    0  0.04   0   6     9:44   E 29.85   97
12   51.9  59.3     9:50  46.6    21:53   13    0  0.03   1  13    10:05 ENE 29.59   86
13   54.6  63.3    12:00  47.1     0:00   10    0  0.32   1  12     9:42 ENE 29.70   85
14   58.0  70.0    14:45  48.5     2:25    8    1  0.00   1  14    16:17 ENE 29.81   76
15   62.6  77.6    14:28  47.5     5:16    6    4  0.00   1  18    15:07 ENE 29.83   70
16   62.4  79.4    14:08  45.0     5:01    7    4  0.00   1  15    15:57 ENE 29.80   64
17   61.5  76.6    12:35  42.3     5:22    7    4  0.00   1  11    16:27 ENE 29.93   61
18   64.5  81.8    14:09  44.2     5:15    6    6  0.00   1  12    21:25 ENE 30.16   61
19   68.2  85.2    14:47  48.8     5:14    4    8  0.00   0  10    15:26  SW 30.19   69
20   72.0  86.0    13:07  55.6     5:06    2    9  0.00   1  16    14:36  SW 29.96   69
21   69.2  77.0    13:20  51.6    23:57    1    5  0.00   0   9     1:00  SW 29.68   62
22   53.7  62.5    17:25  43.7     5:04   11    0  0.44   0   7    14:28 ENE 29.79   91
23   60.5  74.7    14:40  49.9     2:02    7    3  0.00   0   9    13:04  SW 29.85   74
24   60.8  75.7    13:49  44.2     5:42    8    3  0.00   0  10    12:34 ENE 30.03   71
25   65.1  82.3    14:21  46.3     5:07    6    6  0.00   1   8    12:55 ENE 30.14   69
26   70.2  86.2    13:51  52.2     4:52    3    8  0.00   0  12    12:21  SW 30.09   69
27   69.4  81.6    11:43  57.9     5:26    1    6  0.00   1  17    11:25  SW 29.92   78
28   70.7  81.4    16:54  58.1     4:45    2    7  0.89   1  16    12:40 WSW 29.86   79
29   66.8  77.4    12:59  58.4    23:57    1    3  0.27   0  10    11:23  SW 29.82   88
30   65.3  78.9    12:49  55.0     6:47    4    4  0.00   0   9    12:45  SW 29.93   78
---------------------------------------------------------------------------------------
TOT  61.8  86.2  6/26/16  40.9  6/11/16  197  102  4.09   1  24   6/5/16 ENE 29.86   76

HEAT BASE: 65.0
COOL BASE: 65.0