NOAA-Style Climate Reports: Lisbon, NH


Report for 2016 May
                  MONTHLY CLIMATOLOGICAL SUMMARY FOR 5/2016
                                        HEAT  COOL        
     MEAN                               DEG   DEG       WIND SPEED       DOM MEAN  MEAN
DAY  TEMP  HIGH   TIME     LOW   TIME   DAYS  DAYS RAIN AVG  HI  TIME    DIR BAROM HUM
---------------------------------------------------------------------------------------
1    42.6  51.6    11:03  34.3     5:27   22    0  0.23   1  11    20:02  SW 30.15   83
2    41.4  45.0    17:21  37.3     4:38   24    0  0.68   0   6    14:35   E 29.98   99
3    44.0  48.8    16:20  40.5     5:13   21    0  0.01   0   6    12:31   E 29.88   91
4    44.1  49.1    11:00  37.9     4:25   21    0  0.06   1  13    11:00  SW 29.83   95
5
6    62.1  73.1    16:16  42.9     6:51    3    1  0.00   2  17    21:47 ENE 29.78   56
7    55.9  63.6    14:44  49.6     4:45    9    0  0.00   2  13    15:20 WSW 29.75   77
8    45.8  55.5     8:53  30.8    23:57   19    0  0.36   1  17     8:09 WSW 29.59   89
9    38.6  49.4    16:55  29.3     5:40   26    0  0.00   1  21    13:13  NW 29.94   67
10   46.8  65.8    14:55  26.1     5:31   18    0  0.00   1  16    16:11 ENE 30.12   62
11   51.5  68.9    14:52  30.7     5:44   14    1  0.00   1  14    12:07  NE 30.13   53
12   56.7  78.9    17:05  33.9     5:19   12    4  0.00   1  10    11:57  SW 30.06   55
13   55.7  71.0    11:06  40.6     5:40   10    1  0.42   1  18    14:12 WSW 29.78   83
14   60.1  70.3    14:32  49.3     6:08    6    1  0.21   1  12    14:34  SW 29.59   73
15   44.7  54.6     0:00  36.0    23:58   20    0  0.76   1  16    16:17  SW 29.54   93
16   37.3  44.5    19:04  32.4     5:25   28    0  0.04   1  15    13:57 WSW 29.84   83
17   47.0  61.9    16:40  28.1     3:57   18    0  0.00   1  16    10:34  SW 30.05   62
18   51.1  63.8    18:30  39.6     6:13   14    0  0.00   1  10    10:16 ENE 30.10   65
19   51.2  66.8    12:51  41.3     5:31   14    0  0.11   1  12    13:30 ENE 30.07   80
20   55.2  72.4    14:00  43.2     7:20   11    2  0.00   1  15    14:44   E 30.14   71
21   57.9  76.5    13:12  37.6     5:36   10    3  0.00   1  12    16:44  SW 30.01   65
22   59.2  76.5    13:09  49.7    23:59    7    1  0.01   1  14    13:36 ENE 29.82   77
23   61.4  78.5    13:51  44.7     6:32    8    4  0.00   1  15    16:56 ENE 29.88   64
24   56.7  68.3    10:09  46.2     5:28    8    0  0.06   1  11    10:13 WSW 29.90   86
25   63.7  81.2    14:22  53.3     5:26    5    4  0.01   0  11    14:03  SW 29.92   82
26   65.6  79.8    14:42  49.7     5:23    4    5  0.00   1  13    10:49 ENE 30.04   69
27   70.6  82.1    15:34  59.2     5:23    1    7  0.01   2  20    15:46 WSW 29.96   74
28   74.0  87.5    13:18  61.7     5:05    0    9  0.00   1  10    13:17 ENE 30.01   73
29   67.5  79.6    11:19  58.1     5:08    2    4  0.00   1  16    12:11  SW 30.07   83
30   67.5  81.0    16:36  57.3     5:29    3    5  0.16   1  21    18:01  SW 29.86   83
31   68.1  80.8    13:30  54.9     5:16    3    6  0.00   1  13    12:31  SW 29.84   64
---------------------------------------------------------------------------------------
TOT  54.6  87.5  5/28/16  26.1  5/10/16  363   59  3.13   1  21   5/9/16  SW 29.92   76

HEAT BASE: 65.0
COOL BASE: 65.0