NOAA-Style Climate Reports: Lisbon, NH


Report for 2016 April
                  MONTHLY CLIMATOLOGICAL SUMMARY FOR 4/2016
                                        HEAT  COOL        
     MEAN                               DEG   DEG       WIND SPEED       DOM MEAN  MEAN
DAY  TEMP  HIGH   TIME     LOW   TIME   DAYS  DAYS RAIN AVG  HI  TIME    DIR BAROM HUM
---------------------------------------------------------------------------------------
1    57.6  67.3    11:14  39.3    23:58    8    0  0.24   2  27     4:01 WSW 29.45   82
2    37.1  48.2    15:40  28.1    23:54   28    0  0.00   1  18    15:20  SW 29.44   89
3    23.5  28.7     5:10  15.8    23:50   41    0  0.00   2  21    11:43 ENE 29.59   60
4    17.7  23.6    16:16  10.3     5:40   47    0  0.00   1   8    10:00 ENE 30.04   68
5    19.7  30.5    14:19   7.2     6:08   45    0  0.00   2  17    13:22 ENE 30.27   52
6    24.3  39.6    14:38   7.7     6:05   41    0  0.08   1  20    14:01  SW 30.20   65
7
8    36.3  41.9    11:55  27.7    23:43   18    0  0.16   3  21    13:19  SW 29.51   70
9    28.0  36.6    15:23  19.4     6:18   37    0  0.00   2  15    13:29 ENE 29.81   64
10   28.1  38.2    15:50  19.3     7:48   37    0  0.00   1  16    11:57 ENE 30.18   52
11   36.7  46.2    23:49  27.4     0:00   23    0  0.05   1  16    23:39 WSW 30.07   81
12   39.7  46.3     0:44  27.8    23:28   25    0  0.36   0  13     0:00   E 29.98   91
13   35.7  45.9    14:25  25.5     6:26   29    0  0.01   1  19    12:07 ENE 30.35   68
14   37.5  53.0    14:43  22.8     6:26   27    0  0.00   1  14    13:29 ENE 30.38   56
15   40.8  57.6    14:22  22.7     6:22   24    0  0.00   2  19    16:11 ENE 30.44   52
16   43.4  62.3    14:19  23.8     6:21   22    0  0.00   1  13    14:02 ENE 30.46   49
17   49.1  72.7    16:26  27.0     6:04   17    1  0.00   1  13    16:30 ENE 30.34   52
18   48.8  68.8    12:26  33.5     6:30   16    0  0.16   2  12    11:39 ENE 30.18   67
19
20
21
22   57.0  59.0    21:44  55.6    23:58    1    0  0.06   0   5    21:47 ENE 29.79   98
23   45.8  55.6     0:00  29.5    23:59   19    0  0.00   2  18    17:19 ENE 29.91   70
24   41.6  50.0    15:05  27.3    23:58   16    0  0.00   3  18    11:36 ENE 30.04   34
25   39.5  55.8    14:04  21.6     5:40   24    0  0.00   1  14    12:37 ENE 29.99   49
26   36.7  55.8    14:04  21.6     5:40   47    0  0.48   1  14    12:37 ENE 29.91   70
27   36.5  48.4    17:47  26.4     6:49   29    0  0.00   2  17    12:49  SW 29.86   64
28   35.5  48.4    16:38  20.7     6:08   29    0  0.00   2  16    10:03 ENE 30.03   55
29   40.1  56.0    17:17  22.2     5:58   25    0  0.00   1  14    10:58  SW 30.11   60
30   45.7  62.5    16:18  27.1     5:36   19    0  0.00   1  14    12:04 ENE 30.15   54
---------------------------------------------------------------------------------------
TOT  37.4  72.7  4/17/16   7.2   4/5/16  695    2  2.46   1  27   4/1/16 ENE 30.02   65

HEAT BASE: 65.0
COOL BASE: 65.0