NOAA-Style Climate Reports: Lisbon, NH


Report for 2016 March
                  MONTHLY CLIMATOLOGICAL SUMMARY FOR 3/2016
                                        HEAT  COOL        
     MEAN                               DEG   DEG       WIND SPEED       DOM MEAN  MEAN
DAY  TEMP  HIGH   TIME     LOW   TIME   DAYS  DAYS RAIN AVG  HI  TIME    DIR BAROM HUM
---------------------------------------------------------------------------------------
1    22.1  36.3     0:00  11.5     6:43   41    0  0.00   2  20    23:54 ENE 30.04   47
2    26.3  37.1     5:56  10.6    23:56   39    0  0.15   3  30     1:12 ENE 29.65   79
3    10.6  18.0    15:00   4.9     6:32   54    0  0.00   1  11    10:23 ENE 30.20   56
4    14.3  26.5    16:08   3.8     3:10   51    0  0.00   1  10    14:25 ENE 30.23   73
5    19.7  31.4    14:20   5.0     6:08   45    0  0.00   1  14     9:50 ENE 30.18   60
6    24.5  37.6    14:04  14.2     3:54   40    0  0.00   1  11    14:37 ENE 30.23   63
7    27.7  33.8     9:57  19.1     0:00   37    0  0.07   1  12    10:17 WSW 30.04   91
8    36.4  47.6    15:40  30.9     4:37   23    0  0.00   1  10    11:15   E 30.12   86
9    47.7  66.6    15:30  32.6     0:00   17    0  0.00   1  17    15:59 WSW 29.91   77
10   49.2  58.1    11:37  42.3    22:56   16    0  0.48   0   8    17:46  SW 29.86   95
11   36.5  43.2    13:54  24.4    23:54   28    0  0.11   1  13    15:21 ENE 30.10   88
12   37.5  56.4    16:03  21.3     5:35   27    0  0.00   2  20    13:53 WSW 30.08   67
13   40.3  51.9    14:45  27.7     3:14   23    0  0.00   2  20     9:03 ENE 30.05   54
14   29.7  37.5    10:50  22.1     5:22   35    0  0.22   2  20    18:10 WSW 30.20   80
15   40.1  51.2    14:32  33.3     0:00   25    0  0.02   2  18    14:49 ENE 29.92   87
16   47.7  62.0    15:09  34.0     6:29   17    0  0.10   2  18    19:42 ENE 29.79   77
17   44.7  55.6    13:46  35.6     6:31   20    0  0.23   2  20    14:38  SW 29.67   80
18   33.6  41.6     0:00  24.0    23:58   31    0  0.05   1  17    16:24 ENE 29.70   72
19   23.5  32.6    14:33  14.1     7:05   41    0  0.00   1  17    15:24 ENE 30.08   50
20   25.8  39.5    16:18  10.6     7:06   39    0  0.00   1  12    17:32  SW 30.12   54
21   31.1  40.1    15:05  27.3     2:25   34    0  0.00   1  13    22:07  NW 29.76   54
22   31.4  42.6    17:24  22.2     7:02   34    0  0.00   1  20    17:08  NW 29.93   45
23   33.0  40.1    16:25  27.5    22:52   32    0  0.01   1  10    11:06 ENE 29.96   74
24   28.5  33.2    14:03  24.9     6:31   36    0  0.10   2  20    17:59  SW 30.13   79
25   34.2  39.6    14:41  29.8     0:00   31    0  0.24   1  10    20:28  SW 29.81   94
26   33.8  48.2    17:22  26.2     7:55   31    0  0.00   1  10     2:26 ENE 30.28   73
27
28   37.3  40.9    11:35  36.3    21:57   15    0  0.68   1  13    12:19  SW 29.48   97
29   33.4  38.2     1:39  25.0    23:56   32    0  0.04   1  18     9:32  NW 29.76   76
30   37.8  54.3    17:15  18.5     6:28   27    0  0.00   2  17    16:18 WSW 30.13   56
31   52.8  64.9    18:38  39.6     7:05   12    0  0.00   3  22    22:36 WSW 29.75   53
---------------------------------------------------------------------------------------
TOT  33.1  66.6   3/9/16   3.8   3/4/16  938    0  2.50   1  30   3/2/16 ENE 29.99   71

HEAT BASE: 65.0
COOL BASE: 65.0