NOAA-Style Climate Reports: Lisbon, NH


Report for 2016 February
                  MONTHLY CLIMATOLOGICAL SUMMARY FOR 2/2016
                                        HEAT  COOL        
     MEAN                               DEG   DEG       WIND SPEED       DOM MEAN  MEAN
DAY  TEMP  HIGH   TIME     LOW   TIME   DAYS  DAYS RAIN AVG  HI  TIME    DIR BAROM HUM
---------------------------------------------------------------------------------------
1    20.3  44.0    14:38   2.1    22:11   59    0  0.00   1  14    11:51  NW 29.76   74
2    28.1  35.8    13:12  21.3    23:10   37    0  0.00   1  12    10:37 ENE 30.26   78
3    33.8  42.2    16:37  22.1     0:00   31    0  0.42   2  18    11:03 WSW 30.02   91
4    38.0  46.8    10:23  31.7    23:54   27    0  0.00   1  12    12:47  NE 29.93   86
5    26.4  31.7     0:00  17.9    22:07   39    0  0.00   2  16    15:33 ENE 30.12   77
6    25.9  36.8    14:50  12.8     4:20   39    0  0.00   3  19    13:43 WSW 30.19   72
7    28.8  35.3    15:05  20.2    23:57   36    0  0.00   1  11     0:02   W 30.10   76
8    21.1  27.0    13:31  17.2    23:44   44    0  0.04   2  13    15:03 ENE 29.90   58
9
10
11
12    6.0  18.2    15:09 -11.3     7:00   45    0  0.00   1  20    15:51  SW 30.01   65
13   -0.6  11.3     9:30 -16.0    22:49   66    0  0.00   2  19    10:05 ENE 29.99   61
14  -10.9  -0.7    14:42 -21.3     7:00   76    0  0.00   1  20    13:05 ENE 30.45   54
15    3.0  19.0    15:56 -16.6     6:37   62    0  0.02   1  14    16:20  SW 30.48   64
16   35.3  53.0    18:52  16.6     0:01   29    0  0.61   3  26    12:47  SW 29.74   93
17   28.5  34.9     0:00  24.0    23:51   37    0  0.00   1  13     9:41 ENE 29.90   76
18   17.5  24.3     1:41   8.2    23:58   47    0  0.00   2  17     9:12 ENE 30.41   63
19   19.4  34.2    20:13   2.8     6:29   46    0  0.08   1  25    21:29  SW 30.40   66
20
21   33.0  37.3    10:40  27.0    23:55   19    0  0.02   1  12    20:27 WSW 29.91   83
22   20.6  27.1    13:31  11.5    23:52   44    0  0.00   2  12     8:19 ENE 30.19   60
23   20.1  33.5    14:41   4.9     6:18   45    0  0.00   2  16    16:28  SW 30.42   73
24   30.3  33.6    23:48  26.7     5:34   35    0  0.70   0   7     0:13 ESE 29.97   95
25   42.1  60.6    10:45  29.8    23:49   23    0  1.73   1  19     8:57 ENE 29.15   95
26   18.8  29.8     0:00  10.3    23:48   46    0  0.01   2  13    13:50 ENE 29.71   72
27   21.4  34.3    14:57   4.3     6:16   44    0  0.00   2  20    15:04 WSW 29.91   62
28   36.0  48.7    15:32  26.7    23:59   29    0  0.00   1  18    15:44 WSW 29.69   73
29   33.5  44.8    13:48  24.6     6:20   31    0  0.03   1  20    23:21 WSW 29.50   88
---------------------------------------------------------------------------------------
TOT  22.2  60.6  2/25/16 -21.3  2/14/16 1036    0  3.75   1  32  2/20/16 ENE 30.01   77

HEAT BASE: 65.0
COOL BASE: 65.0