NOAA-Style Climate Reports: Lisbon, NH


Report for 2015 December
                  MONTHLY CLIMATOLOGICAL SUMMARY FOR 12/2015
                                        HEAT  COOL        
     MEAN                               DEG   DEG       WIND SPEED       DOM MEAN  MEAN
DAY  TEMP  HIGH   TIME     LOW   TIME   DAYS  DAYS RAIN AVG  HI  TIME    DIR BAROM HUM
---------------------------------------------------------------------------------------
1    22.7  32.1    21:04  12.0     5:38   37    0  0.37   0   8    10:49  SW 30.28   92
2    34.5  37.3    13:41  31.8     0:00   30    0  0.64   0   2    12:55   E 29.81  100
3    35.3  36.3     0:11  33.3    23:57   30    0  0.21   0   7    19:57  SW 29.74   99
4    34.3  36.8    14:22  32.0     5:41   31    0  0.01   0   8    12:37 ENE 30.31   97
5    34.9  44.7    14:45  26.4    22:39   30    0  0.00   0   7     9:59   E 30.59   94
6    28.0  31.2    15:03  25.9     6:58   37    0  0.00   0   4     5:52  SW 30.40  100
7    30.2  42.2    13:34  24.3     7:43   35    0  0.00   1  13    13:25   E 30.14   95
8    30.0  39.1    13:20  22.4     5:09   35    0  0.01   0   7    12:11 WSW 30.14   91
9    34.3  39.9    14:03  30.7     0:21   31    0  0.00   1  10    13:18  SW 30.07   88
10   40.7  49.7    13:56  32.6    22:54   24    0  0.00   0   8     5:38 WSW 29.93   93
11   39.3  53.0    11:33  31.7     1:02   26    0  0.00   1  17    12:15   W 29.83   94
12   41.2  52.1    13:37  31.1    23:09   24    0  0.00   0   9    10:52 WSW 30.04   87
13   35.0  41.9    14:06  28.4     7:25   30    0  0.01   0   7    11:53   E 30.19   90
14   43.1  46.5    11:48  36.3     0:00   22    0  0.07   1  13     3:24 WSW 29.81   91
15   43.6  48.5    12:20  34.5    22:57   21    0  0.33   1  12    11:44 ENE 29.45   92
16   32.2  35.2    14:45  26.7    18:35   33    0  0.00   1   8    10:36 ENE 30.09   86
17   38.9  42.1    14:00  34.0     0:00   26    0  0.13   1  18     3:17 WSW 29.88   89
18   37.2  41.3     5:16  32.1    22:45   28    0  0.04   0  11    17:21 ENE 29.67   88
19   28.9  33.3    10:32  24.4    23:57   36    0  0.01   2  19    13:24  SW 29.81   72
20   23.5  28.6    13:50  18.5    23:28   41    0  0.00   1  14     6:37 ENE 30.33   74
21   28.0  35.3    14:30  17.7     0:51   37    0  0.03   1  10    10:06 WSW 30.08   86
22   36.2  39.2    14:39  32.3     1:08   29    0  0.58   0   6     9:32  SW 29.95  100
23   41.1  49.7    19:22  36.0     7:54   24    0  0.20   1  17    18:18 WSW 30.13  100
24   46.4  54.9    14:16  32.9    23:56   19    0  0.23   1  12    12:44  SW 29.87   99
25   35.9  47.4    14:13  27.8     7:37   29    0  0.00   0   7    22:02  NE 30.16   95
26   31.9  43.5    13:54  24.9     7:38   33    0  0.01   0   8    12:06 ENE 30.46   90
27   32.9  37.5    15:30  27.5    22:46   29    0  0.40   0  13    21:19 ENE 29.98   98
28   18.6  27.8     0:00  14.1     8:27   46    0  0.02   2  18     9:46 ENE 30.50   72
29   21.9  27.8    17:28  15.0     2:15   43    0  0.64   1  12    11:02 ENE 30.24   95
30   27.2  30.9    15:44  23.3     5:54   38    0  0.03   0   7    13:57  SW 30.22   99
31   31.8  33.8    14:11  30.1    22:21   33    0  0.09   0   6     0:50 WSW 29.97  100
---------------------------------------------------------------------------------------
TOT  33.6  54.9 12/24/15  12.0  12/1/15  966    0  4.06   1  19 12/19/15 ENE 30.07   92

HEAT BASE: 65.0
COOL BASE: 65.0