NOAA-Style Climate Reports: Lisbon, NH


Report for 2015 November
                  MONTHLY CLIMATOLOGICAL SUMMARY FOR 11/2015
                                        HEAT  COOL        
     MEAN                               DEG   DEG       WIND SPEED       DOM MEAN  MEAN
DAY  TEMP  HIGH   TIME     LOW   TIME   DAYS  DAYS RAIN AVG  HI  TIME    DIR BAROM HUM
---------------------------------------------------------------------------------------
1    42.8  50.9    13:59  35.5     5:01   21    0  0.01   1  14    12:57  NW 29.82   89
2    43.6  56.0    13:49  33.5    23:52   21    0  0.01   0   7    11:17 WSW 30.00   89
3    45.4  64.6    14:09  33.0     0:27   20    0  0.00   0   8    13:39 WSW 30.12   87
4    42.9  60.9    13:50  31.8     7:04   22    0  0.00   0   7    12:00  SW 30.31   85
5    48.2  69.1    14:20  30.2     6:00   17    0  0.00   0   8    10:56  SW 30.14   85
6    55.5  67.3    16:01  46.6     5:40   10    0  0.03   1  14    13:15 WSW 29.79   93
7    46.7  51.5     3:29  35.8    23:32   18    0  0.04   1  13    14:33  NW 29.89   68
8    34.9  46.5    13:22  24.9    23:53   30    0  0.00   1  16    13:02  NW 30.22   77
9    33.1  54.5    14:26  21.6     5:47   32    0  0.00   0   8    12:11 WSW 30.35   82
10   34.3  54.7    14:20  21.2     6:40   30    0  0.01   0   5     9:38 SSW 30.18   84
11   40.6  46.5    13:13  33.6     0:00   24    0  0.18   0   4     6:12 WSW 29.92   99
12   44.3  46.3    19:09  42.9    15:07   21    0  0.23   1  15    14:12 WSW 29.69   97
13   45.7  50.8    10:28  39.1    23:47   19    0  0.01   2  16     8:36 WSW 29.39   81
14   33.7  39.1     0:00  30.5     6:02   27    0  0.04   1  13     4:36 ENE 29.89   79
15   32.9  46.3    14:07  25.5     7:13   32    0  0.00   1   8     0:32  SW 30.09   81
16   35.5  48.1    12:09  24.6    23:54   29    0  0.00   1  15    14:04 ENE 30.21   76
17   27.5  42.9    13:55  18.3     6:56   38    0  0.00   0   7    13:39 ENE 30.54   79
18
19   49.2  49.9    23:59  49.0    22:21    1    0  0.38   4  19    23:54  SW 29.95   96
20   42.1  51.5    13:14  26.4    23:49   23    0  0.20   1  20     0:23 ENE 30.06   88
21   30.4  42.8    12:32  22.5     5:49   35    0  0.00   1   8    11:24 ENE 30.20   86
22   37.0  46.2    13:30  26.5     1:37   28    0  0.00   1  11     3:43  SW 29.89   81
23   27.0  34.8     0:00  15.5    23:54   38    0  0.00   2  16    13:18 ENE 29.99   63
24   22.4  30.5    14:07  11.8     6:57   43    0  0.00   0   6     9:42   E 30.31   81
25   26.8  41.6    14:32  17.7     7:14   38    0  0.00   1   7    10:40  SW 30.71   87
26   41.7  49.6    12:26  21.9     0:14   23    0  0.00   3  24     8:38 WSW 30.67   74
27   46.1  57.6    14:59  27.7     4:30   19    0  0.00   1  16    11:33 WSW 30.25   82
28   36.9  49.7     0:00  27.1    23:59   12    0  0.01   1  12     3:13 ENE 30.18   89
29   26.2  32.1    14:24  18.0     7:17   39    0  0.00   1  11    21:29 ENE 30.31   75
30   20.9  31.5    14:07  11.5     7:12   44    0  0.00   1  16    13:51  SW 30.45   79
---------------------------------------------------------------------------------------
TOT  37.1  69.1  11/5/15  11.5 11/30/15  754    1  1.15   1  24 11/26/15 WSW 30.14   83

HEAT BASE: 65.0
COOL BASE: 65.0