NOAA-Style Climate Reports: Lisbon, NH


Report for 2015 October
                  MONTHLY CLIMATOLOGICAL SUMMARY FOR 10/2015
                                        HEAT  COOL        
     MEAN                               DEG   DEG       WIND SPEED       DOM MEAN  MEAN
DAY  TEMP  HIGH   TIME     LOW   TIME   DAYS  DAYS RAIN AVG  HI  TIME    DIR BAROM HUM
---------------------------------------------------------------------------------------
1    48.7  58.9    14:58  44.4    23:24   16    0  0.00   1  13    15:14 ENE 30.22   81
2    44.9  54.5    14:16  36.5     7:20   20    0  0.00   1  17    15:30 ENE 30.37   77
3    42.8  56.7    14:44  30.8     7:04   22    0  0.00   2  18    13:40 ENE 30.48   79
4    41.6  58.9    14:13  29.5     7:10   23    0  0.00   0   8    12:06 ENE 30.43   81
5    42.0  57.9    14:41  29.9     6:44   22    0  0.00   0   6    12:39 ENE 30.23   84
6    45.3  56.0    16:06  36.5     6:53   20    0  0.00   0   6    14:53 ENE 30.03   91
7    51.5  65.1    14:36  44.5     5:54   14    0  0.00   1   9    10:59  SW 29.93   86
8    44.4  57.3    13:50  32.7     7:18   21    0  0.00   0   8    14:01 ENE 30.11   80
9    42.6  54.3    19:20  33.3     1:22   22    0  0.59   0  11    19:39 ENE 29.86  100
10   44.4  50.3    15:10  40.3     7:13   15    0  0.01   1  10    11:45 ENE 30.02   77
11   48.8  63.0    14:59  40.3     7:13   21    0  0.00   2  16    12:28 WSW 29.90   75
12   52.2  74.0    14:57  36.0     7:05   14    1  0.00   1  11    12:12  SW 29.74   84
13   51.0  65.1    14:54  39.2     6:54   13    0  0.03   0  11    15:00 ENE 29.51   92
14   49.9  59.5    11:39  42.2    23:58   15    0  0.00   1  17    11:41 WSW 29.60   86
15   42.4  57.9    15:12  28.6     7:20   23    0  0.00   1  13    16:24  SW 29.85   79
16   44.0  50.8    15:37  31.5    23:28   21    0  0.02   1  12     3:21 WSW 29.84   86
17   36.3  44.0    14:19  28.3    23:58   29    0  0.00   1  14    13:57 ENE 29.98   86
18   27.7  38.5    13:31  19.3     7:28   37    0  0.00   1  13    11:10 ENE 30.23   79
19   29.8  41.5    21:48  16.6     7:02   32    0  0.01   1  13    12:37  SW 30.29   73
20   47.4  61.2    15:50  36.0     1:06   18    0  0.00   1  14    14:54  NW 30.04   85
21   51.2  59.8    14:10  43.2     7:15   14    0  0.01   0   8    16:19 ENE 30.23   74
22   53.9  64.3    15:47  47.2     4:40   11    0  0.00   1  17    11:51 WSW 30.02   83
23   38.1  50.2     0:00  26.4    23:55   27    0  0.00   2  14     4:08 ENE 30.23   69
24   34.7  47.9    13:21  21.5     7:34   30    0  0.00   1  20    15:41 WSW 30.33   81
25   47.0  57.2    12:43  41.9    23:58   18    0  0.08   2  18     5:48  NW 30.01   84
26   37.8  48.1    14:08  25.5    23:57   27    0  0.00   1  12     9:54 ENE 30.40   74
27   34.1  49.3    15:03  21.9     7:39   26    0  0.00   1   8    13:16  SW 30.55   79
28   35.2  53.1    23:48  24.7     4:20   30    0  0.30   1  19    23:46  NW 30.29   95
29   55.8  65.6    11:08  42.5    20:52    9    0  0.33   2  21     3:05 WSW 29.45   82
30   40.4  45.9     9:38  26.8    23:45   25    0  0.00   2  17    13:33 WSW 29.80   69
31   34.3  47.9    13:52  22.2     7:57   31    0  0.00   0  10    12:20  SW 30.12   78
---------------------------------------------------------------------------------------
TOT  43.3  74.0 10/12/15  16.6 10/19/15  665    1  1.38   1  21 10/29/15 ENE 30.07   82

HEAT BASE: 65.0
COOL BASE: 65.0