NOAA-Style Climate Reports: Lisbon, NH


Report for 2015 September
                  MONTHLY CLIMATOLOGICAL SUMMARY FOR 9/2015
                                        HEAT  COOL        
     MEAN                               DEG   DEG       WIND SPEED       DOM MEAN  MEAN
DAY  TEMP  HIGH   TIME     LOW   TIME   DAYS  DAYS RAIN AVG  HI  TIME    DIR BAROM HUM
---------------------------------------------------------------------------------------
1    65.3  78.9    14:04  56.0     5:58    4    4  0.00   0   8    11:12 ENE 30.00   82
2    66.5  83.7    14:47  52.7     6:03    4    6  0.00   0   5    10:14 ENE 29.93   87
3    67.4  82.3    13:56  57.9    23:59    2    4  0.04   0  11    13:58 ENE 29.87   91
4    62.9  77.4    14:58  52.1     6:10    5    3  0.00   0   6    10:45 ENE 30.12   84
5
6    60.6  61.5    22:13  59.6    23:49    0    0  0.00   0   0    22:13  SW 30.03  100
7    70.2  86.4    14:47  55.2     6:08    3    8  0.00   1  12    12:24  SW 29.93   84
8    72.9  82.9    15:05  65.8     1:45    0    8  0.00   0   7    12:01 ENE 29.89   88
9    73.1  86.8    14:26  63.8     6:11    0    8  0.50   1  18    13:24 WSW 29.79   86
10   65.2  72.6    12:24  59.8    22:54    1    2  0.05   0   7    11:58 ENE 29.86   92
11   61.1  71.9    16:48  52.4    23:49    5    1  0.27   1   8    10:49 ENE 29.78   90
12   60.0  73.1    14:21  49.1     7:16    7    2  0.00   0   8    11:06  SW 29.81   90
13   61.2  67.4    14:31  57.0     6:43    4    0  1.11   0  15    13:26   E 29.71   93
14   58.1  63.3    12:09  53.4     7:08    6    0  0.50   1  11     4:45  SW 29.82   95
15   62.0  77.0    14:20  50.2     6:41    6    3  0.00   0  10    15:51 ENE 30.18   83
16   63.5  81.2    14:18  51.2     6:05    6    4  0.00   0   7    14:58  SW 30.24   89
17   65.4  81.0    14:07  58.4     5:17    3    4  0.01   0   7    11:29 WSW 30.08   91
18   64.4  80.2    13:27  55.3     6:44    4    4  0.00   1  12    13:32  SW 29.97   87
19   65.1  78.5    12:59  50.5     6:43    5    5  0.00   1  17    14:01  SW 29.86   79
20   55.6  70.5     0:00  42.3    23:07   10    0  0.18   1  11    11:25 ENE 30.00   85
21   49.8  65.8    13:10  38.8     5:59   15    0  0.00   1   7     8:35 ENE 30.26   85
22   49.9  61.7    16:30  43.7     4:52   15    0  0.00   0   6    11:30 ENE 30.32   93
23   53.4  71.7    14:12  38.8     6:58   13    1  0.00   0  10    13:51 ENE 30.26   86
24   55.1  71.3    13:07  44.7    23:47   11    1  0.00   1  13    12:51 ENE 30.33   82
25   50.5  63.5    14:28  39.2     6:46   14    0  0.00   0   8    12:39  SW 30.41   83
26   47.5  63.5    14:23  36.0     6:02   17    0  0.00   1  10    15:30 ENE 30.48   83
27   47.5  67.8    14:27  33.0     7:09   18    0  0.00   1  11    12:49  SW 30.40   84
28   54.2  72.7    14:01  36.5     3:54   12    1  0.01   1  17    15:10  SW 30.18   89
29   63.6  70.7    13:00  57.6     1:02    3    1  0.84   0  13    13:32 WSW 29.98   98
30   56.8  63.6     0:00  45.6    23:57    8    0  2.45   2  17    19:54 ENE 29.88   98
---------------------------------------------------------------------------------------
TOT  60.4  86.8   9/9/15  33.0  9/27/15  201   70  5.96   1  18   9/9/15 ENE 30.05   88

HEAT BASE: 65.0
COOL BASE: 65.0