NOAA-Style Climate Reports: Lisbon, NH


Report for 2015 August
                  MONTHLY CLIMATOLOGICAL SUMMARY FOR 8/2015
                                        HEAT  COOL        
     MEAN                               DEG   DEG       WIND SPEED       DOM MEAN  MEAN
DAY  TEMP  HIGH   TIME     LOW   TIME   DAYS  DAYS RAIN AVG  HI  TIME    DIR BAROM HUM
---------------------------------------------------------------------------------------
1    61.8  64.8    20:32  60.9    22:21    0    0  0.06   0   3    22:32  SW 29.76   95
2    65.9  78.5    14:52  55.5     4:46    3    4  0.00   1  13    15:06  SW 29.80   80
3    67.5  85.0    13:25  53.6     5:47    3    6  0.08   1  20    11:24 WSW 29.71   83
4    68.4  70.8    18:16  65.1    20:03    0    0  0.04   0   5    18:16   E 29.80   66
5    63.5  70.8    18:16  56.6    23:59    0    0  0.04   0   5    18:16   E 29.82   81
6    61.7  70.5    13:34  54.2     2:09    4    1  0.01   0   8     7:39  SW 29.87   84
7    60.9  72.2    14:10  52.1     5:57    6    2  0.00   0   7    10:58 ENE 29.94   82
8    60.8  73.8    13:09  47.1     5:49    7    3  0.00   1  12    11:20 ENE 30.00   79
9    64.3  78.1    12:50  52.4     6:07    4    3  0.01   1  14    13:56 ENE 30.01   82
10   68.2  80.2    14:32  58.5     7:02    2    5  0.01   1  16    15:30  SW 29.94   82
11   65.1  67.9     1:47  62.7    23:46    1    1  0.72   0  13     2:54 ENE 29.77   91
12   66.7  77.0    14:01  57.8    23:55    2    3  0.02   0  10    10:52 ENE 29.75   86
13   61.3  71.9    13:15  55.0     5:15    4    1  0.11   0   9    11:53  SW 29.95   91
14   64.5  79.4    14:20  52.7     3:50    4    3  0.00   0  16    15:03 WSW 30.04   90
15   70.1  81.0    14:23  62.8     3:33    0    3  0.00   0   5    14:47   W 30.02   91
16   71.0  83.7    14:21  63.5    23:56    0    6  0.00   0   7    12:25 ENE 30.05   89
17   71.9  85.8    13:26  61.5     3:55    1    7  0.00   0   9    14:24 WSW 30.00   84
18   71.0  83.7    16:42  60.9     6:21    1    7  0.00   0   8    11:36 WSW 29.97   87
19
20   76.0  81.8    14:09  70.0    23:09    0    5  0.00   3  19    14:42  SW 29.96   70
21   66.0  70.5    17:40  60.0    23:44    1    2  0.23   0  11     0:20  SW 29.98   97
22   68.3  79.8    14:12  57.9     3:11    2    4  0.00   1  12    15:28 ENE 30.07   79
23   66.4  81.6    13:33  53.6     6:29    4    5  0.00   1   9    16:15 ENE 30.01   83
24
25
26
27
28
29   60.7  61.9    21:00  60.0    23:44    1    0  0.00   0   0    21:00  SW 30.04   98
30   66.6  77.4    13:39  57.0     6:21    2    4  0.00   0   8    13:42  SW 30.00   85
31   66.5  78.9    15:22  55.5     6:04    3    4  0.00   0  11    15:29  SW 29.91   86
---------------------------------------------------------------------------------------
TOT  66.6  87.0  8/19/15  47.1   8/8/15   54   79  2.26   1  20   8/3/15  SW 29.93   85

HEAT BASE: 65.0
COOL BASE: 65.0