NOAA-Style Climate Reports: Lisbon, NH


Report for 2015 July
                  MONTHLY CLIMATOLOGICAL SUMMARY FOR 7/2015
                                        HEAT  COOL        
     MEAN                               DEG   DEG       WIND SPEED       DOM MEAN  MEAN
DAY  TEMP  HIGH   TIME     LOW   TIME   DAYS  DAYS RAIN AVG  HI  TIME    DIR BAROM HUM
---------------------------------------------------------------------------------------
1    62.9  69.8    17:21  59.3     3:42    3    1  0.13   0  14     9:31 WSW 29.72   96
2    61.6  70.8    14:32  49.1    23:57    5    1  0.07   1  14    10:18 WSW 29.82   75
3    58.8  74.3    13:59  42.9     5:36    9    3  0.02   1  11    11:01  SW 29.93   74
4    58.8  68.4    17:48  46.9     4:05    7    1  0.01   0   7    15:49  SW 29.95   88
5    63.2  77.2    14:22  56.4     4:06    3    2  0.01   1   9    11:08  SW 30.02   89
6    68.6  82.5    13:19  51.9     5:45    3    6  0.00   0  11    16:51 WSW 30.08   73
7    68.6  79.4    14:33  54.9     3:21    3    7  0.01   1  19    15:16 WSW 29.94   87
8    66.6  73.1    14:32  53.9    23:59    1    3  0.04   1  13    17:05 ENE 29.90   83
9    61.5  72.7    14:46  50.6     5:19    5    2  0.00   0  10    13:37  SW 29.94   87
10   68.2  78.3    15:07  56.9    23:57    2    5  0.00   1  16    13:33 ENE 29.89   73
11   67.2  83.3    14:32  50.8     5:43    4    6  0.00   0   8    12:20  SW 29.99   77
12   71.0  86.4    14:22  57.3     5:19    2    8  0.00   0  11    12:08  SW 29.93   79
13   72.2  83.9    12:59  59.8     4:53    1    8  0.00   1  16    15:06  SW 29.85   77
14   67.8  77.6    14:05  59.5     5:43    1    4  0.12   1  16    11:09  SW 29.66   86
15   60.3  65.3     0:23  48.2    23:58    4    0  0.05   1  12    10:49 ENE 29.71   92
16   57.6  71.5    13:58  42.8     6:05    9    1  0.02   1  12    10:32 ENE 30.04   74
17   56.6  73.4    12:20  44.0     5:23    7    1  0.01   0  10    11:58  SW 30.05   87
18   67.0  74.5    18:55  60.4     5:03    1    3  0.01   1  13    14:20 WSW 29.84   94
19   71.9  82.9    13:03  62.7     5:35    0    5  0.03   0  10    11:45 WSW 29.63   82
20   70.3  82.9    13:03  62.0    23:52    0    5  0.41   0  10    11:45 WSW 29.62   85
21   66.8  81.0    14:23  58.2     6:12    2    4  0.25   0  15    14:32  SW 29.58   88
22   64.7  72.6    14:36  56.3     5:24    2    2  0.00   1  11     9:01 ENE 29.67   79
23   63.9  74.1    13:49  56.4     5:31    3    2  0.01   0  10    12:40 WSW 29.81   80
24   59.1  67.8    14:38  51.1     6:12    6    0  0.12   0   8    14:44 ENE 29.89   95
25   67.0  76.5    13:39  54.7     2:31    2    3  0.00   1  11    18:06  SW 29.95   77
26   66.1  74.8    16:59  60.1     6:41    1    2  0.14   1  11    14:56  SW 29.92   90
27   71.9  82.7    14:23  63.3     3:05    0    7  0.00   0  10    10:00  SW 29.94   83
28   74.8  83.5    13:46  64.0    23:47    0    7  0.19   0   8    13:04 ENE 29.92   77
29   72.9  87.3    14:34  59.8     6:56    1    9  0.00   1   8    12:57  SW 29.89   83
30   71.1  84.1    11:21  62.7     6:25    0    6  0.15   0  14    17:00  SW 29.75   93
31
---------------------------------------------------------------------------------------
TOT   0.0  64.8   8/1/15  64.8   8/1/15   89  114  0.00   0   0   8/1/15 ---  0.00    0

HEAT BASE: 65.0
COOL BASE: 65.0