NOAA-Style Climate Reports: Lisbon, NH


Report for 2015 June
                  MONTHLY CLIMATOLOGICAL SUMMARY FOR 6/2015
                                        HEAT  COOL        
     MEAN                               DEG   DEG       WIND SPEED       DOM MEAN  MEAN
DAY  TEMP  HIGH   TIME     LOW   TIME   DAYS  DAYS RAIN AVG  HI  TIME    DIR BAROM HUM
---------------------------------------------------------------------------------------
1    46.1  50.2    14:39  43.1     5:15   19    0  1.28   0   6    13:25 ENE 30.24  100
2    48.5  54.0    16:39  43.5     6:32   16    0  0.07   0   7    14:18 ENE 30.17   94
3    50.7  61.7    14:04  38.3     5:51   14    0  0.00   1  11    11:14 ENE 30.20   79
4    55.2  69.6    16:58  39.6     4:59   11    1  0.00   1  13    18:57  SW 30.21   78
5    56.8  66.4    17:30  45.7     4:43    8    0  0.14   0  12    13:21  SW 30.01   91
6    56.8  64.4    14:45  41.1    23:57    8    0  0.21   2  16    11:55 ENE 29.98   73
7    54.4  69.3    17:17  34.8     5:27   12    1  0.00   1  13    13:54  SW 30.09   65
8    61.4  68.6    20:44  54.6     1:10    4    1  0.09   1  14     3:30 WSW 29.77   79
9    63.6  70.5    14:52  59.6    23:16    2    1  0.73   0   8    18:03 WSW 29.59   98
10   65.0  75.2    12:49  53.7     4:12    3    3  0.04   1  15    15:54  SW 29.72   79
11   70.0  80.0    13:37  56.7    23:59    1    6  0.00   1  16     9:18  SW 29.73   66
12   63.1  75.0    15:42  52.8     4:32    5    3  0.22   1  10    20:30  SW 29.88   86
13   66.4  78.7    14:51  56.9     5:47    3    4  0.20   1  11     9:01 ENE 29.87   75
14   63.0  76.8    14:24  50.3     5:58    6    4  0.00   1  10    11:21 ENE 30.02   70
15   56.1  59.8    13:35  52.5     2:15    9    0  0.21   1  16    10:58 WSW 30.00   94
16   60.0  65.3    19:22  54.0     3:48    5    0  0.42   0   8     8:00  SW 29.85   95
17   60.8  72.6    14:37  48.5     5:24    6    2  0.01   1  12     8:58 ENE 30.07   72
18   62.0  76.5    14:04  46.6     3:23    7    4  0.00   1  16    15:45 WSW 29.95   81
19   62.3  68.1    11:16  45.7    23:59    3    0  0.21   1  13     9:05 ENE 29.89   78
20   59.3  73.6    14:58  40.2     5:27    9    3  0.00   1  15    13:15  SW 30.03   74
21   65.0  72.2    18:04  60.0     5:08    2    2  0.96   0   6    16:30 ENE 29.72   97
22   65.2  74.5    16:52  56.6    23:52    1    1  0.00   0  10    17:08   E 29.84   86
23   64.7  78.3    16:32  55.2     2:41    4    4  0.60   1  17    18:32 WSW 29.73   90
24   58.4  65.1    20:17  56.0     2:57    2    0  0.00   0   3     2:59  NE 29.87   91
25   61.5  73.1    14:14  48.8     5:13    6    2  0.00   1  12    11:36 ENE 29.96   73
26   62.5  74.3    13:31  50.5    23:57    5    3  0.00   1  11    15:11   E 29.99   66
27   61.0  74.7    13:34  43.5     5:23    7    2  0.00   1  13    22:48  SW 30.09   71
28   55.5  61.9     0:00  51.6    23:09    9    0  0.99   0  12     0:38 ENE 29.84   93
29   58.4  67.8    14:43  50.2     5:15    7    0  0.17   1  10    12:41  SW 29.79   89
30   63.7  78.3    14:04  53.6     5:39    4    3  0.08   0   8    15:26 ENE 29.92   86
---------------------------------------------------------------------------------------
TOT  59.8  80.0  6/11/15  34.8   6/7/15  197   49  6.63   1  17  6/23/15  SW 29.94   82

HEAT BASE: 65.0
COOL BASE: 65.0