NOAA-Style Climate Reports: Lisbon, NH


Report for 2015 May
                  MONTHLY CLIMATOLOGICAL SUMMARY FOR 5/2015
                                        HEAT  COOL        
     MEAN                               DEG   DEG       WIND SPEED       DOM MEAN  MEAN
DAY  TEMP  HIGH   TIME     LOW   TIME   DAYS  DAYS RAIN AVG  HI  TIME    DIR BAROM HUM
---------------------------------------------------------------------------------------
1    49.7  59.0    16:43  41.9    23:59   15    0  0.00   1   8    14:29 ENE 29.92   73
2    52.6  69.5    16:02  34.0     6:00   13    1  0.00   1  14    11:27   E 29.91   66
3    54.9  74.8    14:03  32.6     6:00   13    2  0.00   1  14    15:07  SW 29.98   61
4    59.8  81.4    13:55  37.5     5:44    8    4  0.00   1  20    14:10  SW 30.04   58
5
6    53.9  69.1    18:54  44.2    23:59    2    0  0.00   0   3    18:55 ENE 30.12   59
7    58.9  81.0    15:08  35.3     5:53   11    5  0.00   1  11    12:17  SW 30.09   54
8    61.7  83.3    13:51  39.6     5:44    9    5  0.00   2  19    18:03  SW 30.08   54
9    61.7  79.4    16:53  43.8     5:39    7    4  0.00   2  16    17:03 WSW 30.16   60
10   67.4  81.2    16:51  53.6     5:51    3    5  0.10   1  11     9:28  SW 30.04   81
11   62.3  69.6    14:16  52.5    23:48    3    1  0.23   1  18    14:38 WSW 30.01   93
12   60.5  76.6    14:48  51.8     3:21    7    2  0.15   2  21    14:31  SW 29.73   76
13   48.7  55.2     0:00  35.2    23:59   16    0  0.00   2  14     2:46 ENE 29.97   67
14   47.0  63.5    14:22  28.7     5:26   18    0  0.00   1  16     9:50   E 30.29   62
15   50.5  68.1    15:54  29.3     5:18   15    1  0.00   1  10    16:05  SW 30.22   60
16
17   69.3  77.6    15:09  52.8    23:59    1    4  0.00   1  12    11:12  SW 30.07   62
18   60.3  70.7    16:54  45.6     5:35    6    1  0.00   2  19    16:18 WSW 30.09   75
19   63.1  75.4    16:19  53.1     5:26    4    3  0.35   1  14    14:56 WSW 29.79   82
20   48.5  55.6     0:00  34.2    23:52   16    0  0.01   1  16     9:21 WSW 29.78   69
21   48.2  65.4    16:24  29.8     5:10   17    0  0.00   1  19    13:44  SW 29.85   66
22   46.6  56.1     8:32  40.5    23:59   11    0  0.00   1  10    19:00 ENE 29.86   72
23   44.6  57.6    17:50  28.7     4:18   20    0  0.00   1  14     8:28  NW 30.21   50
24   57.4  77.2    14:33  33.9     2:23   11    4  0.00   1  16    11:49  SW 30.11   58
25   59.2  73.6    12:24  45.0     5:34    7    2  0.02   0  14    12:56 WSW 30.12   80
26   70.2  84.7    13:54  57.5     3:47    2    8  0.00   1  18    13:14  SW 30.00   76
27   69.6  87.0    14:15  58.9     3:13    2    6  0.75   1  18    12:47 WSW 30.00   85
28   67.5  78.9    13:26  60.0     4:50    1    4  0.01   1  18    12:46 WSW 30.04   84
29   66.9  79.1    14:46  52.7     5:17    3    5  0.00   0  13    15:23  SW 30.20   73
30   67.4  82.9    14:33  54.0     4:58    3    5  0.48   1  18    18:31 WSW 30.01   84
31   53.3  65.6     0:19  45.4    23:59   12    0  0.74   1  14     6:36 ENE 30.10  100
---------------------------------------------------------------------------------------
TOT  58.0  87.0  5/27/15  28.7  5/14/15  258   69  2.86   1  21  5/12/15  SW 30.03   70

HEAT BASE: 65.0
COOL BASE: 65.0