NOAA-Style Climate Reports: Lisbon, NH


Report for 2015 April
                  MONTHLY CLIMATOLOGICAL SUMMARY FOR 4/2015
                                        HEAT  COOL        
     MEAN                               DEG   DEG       WIND SPEED       DOM MEAN  MEAN
DAY  TEMP  HIGH   TIME     LOW   TIME   DAYS  DAYS RAIN AVG  HI  TIME    DIR BAROM HUM
---------------------------------------------------------------------------------------
1    24.0  35.6    15:01  11.3     6:43   41    0  0.00   1  18    13:28 ENE 30.01   56
2    30.1  52.5    18:04  11.5     6:12   35    0  0.00   1  16    15:07  SW 30.01   62
3    47.6  64.1    14:23  35.2    23:59   17    0  0.02   1  13    11:20  NW 29.68   68
4    30.7  37.3     2:29  21.3    22:31   34    0  0.16   1  20    15:10  NW 29.71   82
5    29.4  38.9    15:47  22.4     4:42   36    0  0.15   2  18    12:49 WSW 30.04   61
6    28.3  35.6    12:22  21.0     6:31   37    0  0.13   1  16    12:58  SW 30.28   86
7    34.5  45.7    15:12  24.1    23:47   30    0  0.05   1  10    13:59 ENE 30.30   82
8    31.1  43.4    13:02  18.0     6:33   34    0  0.14   1  17    15:51 WSW 30.41   63
9    32.6  39.1    15:21  27.7     3:31   32    0  0.04   2  20    20:11  SW 30.33   86
10   38.6  46.8    13:04  31.7     1:24   26    0  0.20   1  17    13:53  NW 29.81   96
11   36.7  42.9    16:24  25.8    23:59   28    0  0.00   1  16     8:34 WSW 29.81   74
12   39.7  61.1    15:53  21.9     6:05   25    0  0.00   1  14    12:54  SW 30.17   68
13   49.5  70.3    14:07  24.9     5:55   16    1  0.00   3  20    15:50 WSW 30.15   57
14   51.1  59.6    14:10  30.4    23:54   14    0  0.03   2  19    12:44  NW 30.01   56
15   39.9  56.6    13:09  24.6     6:04   25    0  0.00   1  24    14:39 ENE 30.19   57
16   33.7  60.3    18:56  21.5     6:07   21    0  0.00   0   5    19:06  NE 30.34   68
17   45.0  62.5    17:18  35.3     1:49   20    0  0.13   0  11    15:41  SW 29.91   82
18   43.5  64.0    13:44  28.1     6:16   21    0  0.11   1  27    15:03 ENE 29.92   76
19   43.9  54.9    16:23  32.9    23:58   21    0  0.00   1  12     5:12 ENE 30.19   57
20   41.2  49.4    23:55  31.4     2:49   22    0  0.04   3  25     8:03  NW 30.00   73
21   45.4  53.1    15:56  34.9    23:58   20    0  0.39   1  12    14:14  SW 29.60   93
22   42.4  58.1    11:41  30.4     5:57   23    0  0.47   1  21    12:11  SW 29.63   86
23   36.4  41.8    17:57  28.9    22:40   29    0  0.13   1  12    11:00  SW 29.55   82
24   32.9  35.5    16:53  29.5     0:00   32    0  0.01   1  11    13:14 ENE 29.73   76
25
26   45.0  48.1    16:00  39.3    23:57   11    0  0.00   1  11    16:00 ENE 29.64   71
27   42.9  48.1    14:58  37.9     6:07   22    0  0.04   2  17    13:40 ENE 29.63   86
28   46.7  54.5    17:30  36.9    23:59   18    0  0.00   2  19     8:03 ENE 29.73   65
29   44.4  56.3    14:18  30.1     6:27   21    0  0.00   2  18    16:02 ENE 29.69   74
30   50.9  61.2    14:04  38.5     5:20   14    0  0.00   2  14    14:50 ENE 29.81   65
---------------------------------------------------------------------------------------
TOT  39.1  70.3  4/13/15  11.3   4/1/15  726    1  2.24   1  27  4/18/15 ENE 29.94   73

HEAT BASE: 65.0
COOL BASE: 65.0