NOAA-Style Climate Reports: Lisbon, NH


Report for 2015 March
                  MONTHLY CLIMATOLOGICAL SUMMARY FOR 3/2015
                                        HEAT  COOL        
     MEAN                               DEG   DEG       WIND SPEED       DOM MEAN  MEAN
DAY  TEMP  HIGH   TIME     LOW   TIME   DAYS  DAYS RAIN AVG  HI  TIME    DIR BAROM HUM
---------------------------------------------------------------------------------------
1     8.3  26.5    14:54 -14.8     5:07   57    0  0.04   1  14    15:11 WSW 30.46   73
2    20.5  26.5    14:03  10.3    23:48   44    0  0.01   1  17    19:09  NW 30.02   78
3    13.5  25.5    18:10 -10.2     6:45   51    0  0.03   2  24    21:37 WSW 30.17   60
4    31.4  40.9    14:44  24.3     2:08   33    0  0.00   2  20     0:00  SW 29.68   72
5     4.8  30.2     0:00  -9.2    23:55   18    0  0.00   0  11     0:46  SW 30.24   61
6     1.7  21.9    16:26 -19.5     6:18   63    0  0.00   1  12    14:18  SW 30.40   58
7    13.7  30.2    13:35  -7.4     6:40   51    0  0.00   1  13    14:13  SW 30.06   65
8    19.6  34.6    14:41   2.3     7:26   44    0  0.00   1  13    18:05  SW 29.98   74
9    24.4  38.3    15:56  11.6     7:29   41    0  0.00   1  18    12:04 WSW 30.04   72
10   33.4  49.6    15:26  17.1     6:24   32    0  0.00   1  19    15:57   W 30.13   65
11   34.3  47.8    14:58  23.6     7:38   30    0  0.00   1  13    10:50  NW 29.82   76
12   23.8  36.0     1:07  13.2    23:57   41    0  0.02   3  21    13:19 ENE 30.30   56
13   19.9  33.2    15:29   1.7     6:53   45    0  0.00   1  11    14:11   E 30.51   57
14   29.1  33.3    11:03  26.1     7:23   26    0  0.10   0   3     1:07   E 30.03   82
15   26.9  31.5     1:29  16.0    23:54   26    0  0.22   1  17    17:44 ENE 29.74   93
16   21.2  36.0    17:00   4.7     7:08   44    0  0.00   1   6    11:10 ENE 29.91   78
17   27.1  37.1    13:59  18.8    23:51   38    0  0.09   2  26    16:40 ENE 29.60   82
18   13.7  18.8     0:00   1.9    23:58   51    0  0.00   2  20    16:33 ENE 29.93   56
19    9.6  23.7    14:20  -7.6     6:48   55    0  0.00   1  19    12:10 ENE 30.24   57
20   16.0  32.1    14:53  -2.6     7:05   49    0  0.00   1  16    17:26 WSW 30.29   62
21   28.3  40.9    16:37  16.4     2:07   37    0  0.04   1  13    23:44 WSW 29.89   83
22   12.4  27.0     0:00   7.9     9:04   53    0  0.00   2  19     9:30  NW 29.99   48
23   12.2  21.2    15:44   3.2     7:12   53    0  0.00   2  18    16:47 ENE 30.16   50
24   18.0  36.5    15:58  -1.3     6:52   47    0  0.00   1  11    11:21 ENE 30.33   64
25   29.5  47.9    16:32   8.4     6:43   36    0  0.00   2  24    19:36  SW 30.25   63
26   37.6  48.7    11:00  32.6    23:53   27    0  0.41   1  21     0:41  SW 29.79   90
27   33.7  40.9    13:42  30.8    22:06   31    0  0.02   0  10    16:41 ENE 29.71   94
28   26.8  32.7    15:27  16.0    23:56   38    0  0.00   2  17    14:12 ENE 29.88   61
29   23.3  37.5    16:22   7.3     6:38   42    0  0.00   1  12    14:19 ENE 30.11   57
30   28.3  36.0    17:15  19.6     2:43   28    0  0.00   1  13     9:15 WSW 29.74   80
31   30.4  38.8    15:50  19.3    23:54   35    0  0.01   1  13    13:53 ENE 29.73   64
---------------------------------------------------------------------------------------
TOT  21.9  49.6  3/10/15 -19.5   3/6/15 1267    0  0.99   1  26  3/17/15 ENE 30.04   68

HEAT BASE: 65.0
COOL BASE: 65.0