NOAA-Style Climate Reports: Lisbon, NH


Report for 2015 February
                  MONTHLY CLIMATOLOGICAL SUMMARY FOR 2/2015
                                        HEAT  COOL        
     MEAN                               DEG   DEG       WIND SPEED       DOM MEAN  MEAN
DAY  TEMP  HIGH   TIME     LOW   TIME   DAYS  DAYS RAIN AVG  HI  TIME    DIR BAROM HUM
---------------------------------------------------------------------------------------
1    -4.6  12.9    11:43 -17.8     3:51   70    0  0.00   1  16    12:32 ENE 30.19   70
2     0.6   7.2    14:59 -10.6     0:00   64    0  0.19   1   8    21:36 ENE 29.86   81
3    -4.0  11.1    14:24 -20.4     7:48   69    0  0.00   0   9     0:11  SW 30.13   73
4    11.3  24.7    16:30 -10.4     0:00   53    0  0.01   0  11    16:23  NW 30.08   84
5    10.2  23.6     0:00 -17.1    23:55   55    0  0.02   2  16    13:50 ENE 30.02   70
6    -5.2  13.7    15:11 -24.5     4:56   70    0  0.00   0   9    14:24  SW 30.09   73
7    15.6  20.9    13:57  12.1     0:00   49    0  0.01   1  11    11:39 ENE 30.01   79
8    10.8  12.8     0:00   9.2    21:13   50    0  0.25   0   6    11:10 ENE 30.08   87
9    13.9  16.9    15:54  10.1     0:05   40    0  0.04   1   6    10:34 ENE 30.18   85
10   15.4  25.5    14:12  -0.9    23:56   50    0  0.00   1   8    13:07 ENE 30.17   81
11    5.9  23.4    14:21 -11.3     7:09   59    0  0.00   0  10    12:28  SW 30.08   77
12   12.7  24.6    15:46   0.4     1:45   52    0  0.02   0  12    23:03  SW 29.76   81
13   -3.5   5.6     0:00 -17.6    23:46   68    0  0.00   1  12    13:09 ENE 30.02   60
14   -2.9  10.3    22:29 -19.2     0:48   67    0  0.04   0   5    10:43 ENE 29.85   80
15    1.8  10.1     0:00 -10.6    23:56   63    0  0.03   3  18    11:31 ENE 29.76   69
16   -5.5   6.8    13:47 -18.6    23:51   70    0  0.00   1  13    12:40 ENE 30.02   55
17   -6.6  15.0    16:27 -22.5     4:13   59    0  0.00   0   3    15:08  NE 30.00   68
18    5.6  25.9    13:53 -15.0     6:36   59    0  0.08   0  10    13:41  SW 29.85   68
19   12.7  20.4    10:11   3.0    22:56   52    0  0.16   1  13    16:22 ENE 29.61   79
20   -0.2  11.5    14:46 -16.6    23:25   65    0  0.00   1  14    11:38  SW 30.01   62
21    1.5  20.9    15:31 -24.3     5:52   64    0  0.07   1  19    15:38   W 30.31   72
22   20.7  29.5    15:16   8.4     6:31   44    0  0.02   0   6    13:23 WSW 30.11   87
23    3.2  20.9     0:08 -22.5    23:48   62    0  0.00   2  17     9:48 ENE 30.22   62
24   -5.2  15.3    16:38 -30.0     6:50   70    0  0.00   1  14    23:12  SW 30.12   54
25   15.2  27.4    13:03   6.4     6:09   50    0  0.00   1  17     0:04  SW 29.77   63
26    5.6  14.9    14:35  -5.7     4:07   59    0  0.00   1   9    10:37 ENE 30.09   57
27    2.3  19.3    14:17 -11.3     6:24   63    0  0.00   1  12    10:21 ENE 30.36   58
28    1.4  24.9    14:11 -19.8     6:48   64    0  0.00   0  12    13:36 WSW 30.69   62
---------------------------------------------------------------------------------------
TOT   4.6  29.5  2/22/15 -30.0  2/24/15 1663    0  0.94   1  19  2/21/15 ENE 30.05   71

HEAT BASE: 65.0
COOL BASE: 65.0