NOAA-Style Climate Reports: Lisbon, NH


Report for 2015 January
                  MONTHLY CLIMATOLOGICAL SUMMARY FOR 1/2015
                                        HEAT  COOL        
     MEAN                               DEG   DEG       WIND SPEED       DOM MEAN  MEAN
DAY  TEMP  HIGH   TIME     LOW   TIME   DAYS  DAYS RAIN AVG  HI  TIME    DIR BAROM HUM
---------------------------------------------------------------------------------------
1    20.5  25.2    12:21  13.6     5:40   44    0  0.00   3  22    12:44 WSW 29.88   57
2    20.0  26.1    13:26   7.0    23:56   45    0  0.01   1  12    13:08   W 30.08   73
3    11.2  23.4    23:55   1.5     7:45   54    0  0.12   0  13    18:53  SW 30.53   79
4    31.9  35.9    22:51  23.4     0:00   33    0  0.08   1  14     0:45  SW 29.74   99
5
6     4.6  10.3    13:08  -7.0     6:17   44    0  0.00   0  10    14:01 WSW 30.13   81
7     4.9  18.0    13:23 -12.0    23:40   60    0  0.01   1  18    15:02 WSW 29.90   71
8    -5.9  12.9    23:15 -20.1     7:12   71    0  0.00   1  16    23:12   E 30.21   65
9    14.5  23.8    13:23   4.7    22:34   51    0  0.03   3  28    14:10 WSW 29.88   72
10    6.0  18.5    13:14  -3.0     8:04   58    0  0.00   1  20    11:55 WSW 30.26   73
11    7.7  19.3    23:42  -6.3     6:47   57    0  0.00   1   8    12:10  SW 30.49   73
12   22.9  27.3    15:28  18.2     6:23   42    0  0.14   0  10    23:25 WSW 30.22   86
13    0.7  20.5     0:00 -12.3    23:33   64    0  0.00   2  13     9:39 ENE 30.63   71
14   -5.0  16.0    14:59 -18.4     6:20   70    0  0.00   0   7    12:42 ENE 30.49   76
15    3.4  17.7    15:50 -11.6     7:03   62    0  0.00   0   7     0:51  SW 30.07   82
16   12.1  25.8    10:38   1.7    23:54   53    0  0.00   1  18    14:46 ENE 29.81   74
17    0.7   8.7    14:41 -14.5     7:49   64    0  0.00   1  11     0:00 ENE 30.29   55
18   21.4  33.6    22:40   4.5     5:52   44    0  0.86   1  20     2:16 ENE 29.91   80
19   30.9  33.5    14:02  25.5    23:51   34    0  0.24   1  13    15:45 WSW 29.60   95
20   16.2  25.5     0:00   6.8    23:57   49    0  0.00   1  12    20:40 ENE 29.84   74
21   10.2  23.4    13:58  -2.2     7:38   55    0  0.00   1   9    13:15 ENE 30.19   77
22   17.0  32.1    15:04   4.7     7:49   47    0  0.00   1   8    13:22 ENE 30.22   77
23   15.2  27.7    15:05   2.7     6:08   43    0  0.00   1  14    15:07  NW 30.10   79
24   19.9  30.8    15:23  10.4     4:40   45    0  0.00   0   7    14:42 ENE 29.52   85
25   16.0  27.4     5:38  -2.4    23:57   49    0  0.02   1  19     8:37 ENE 29.66   73
26    3.9  16.0    15:29  -9.9     6:39   61    0  0.00   1   7     8:46 ENE 30.14   67
27    9.6  14.4     1:43   6.1    17:43   55    0  0.11   3  18     7:30 ENE 29.83   70
28    6.9  16.9    14:47  -9.2    23:47   58    0  0.00   2  15    14:36 ENE 30.07   73
29    5.1  25.8    22:28 -17.6     6:41   60    0  0.01   1  11    22:23  SW 30.22   71
30   20.9  28.0    13:40   8.2    23:57   44    0  0.16   0  10     0:04 ENE 29.85   90
31   -0.3   8.2     0:00 -13.7    23:33   65    0  0.00   2  18    10:30 ENE 30.08   67
---------------------------------------------------------------------------------------
TOT  11.7  37.5   1/5/15 -20.1   1/8/15 1582    0  1.79   1  28   1/9/15 ENE 30.06   75

HEAT BASE: 65.0
COOL BASE: 65.0