NOAA-Style Climate Reports: Lisbon, NH


Report for 2014 December
                  MONTHLY CLIMATOLOGICAL SUMMARY FOR 12/2014
                                        HEAT  COOL        
     MEAN                               DEG   DEG       WIND SPEED       DOM MEAN  MEAN
DAY  TEMP  HIGH   TIME     LOW   TIME   DAYS  DAYS RAIN AVG  HI  TIME    DIR BAROM HUM
---------------------------------------------------------------------------------------
1    33.4  40.5    10:20  26.7    22:06   32    0  0.04   1  14    17:56 ENE 30.12   89
2    23.8  27.8    13:41  14.9     7:43   41    0  0.06   2  25    19:36 ENE 30.61   65
3    31.6  34.3    12:28  25.8     1:39   33    0  0.14   0  17    20:07  SW 30.00   98
4    24.8  32.9     2:10   9.1    23:56   40    0  0.00   1  14     1:23  SW 30.30   65
5    17.8  29.3    14:50   4.7     5:55   47    0  0.03   1   9    16:39  SW 30.60   81
6    29.9  32.9    14:06  26.7     0:00   35    0  0.46   0  11    21:35  SW 30.26  100
7    16.1  29.8     0:00  -0.7    23:50   49    0  0.00   2  16     7:17 ENE 30.62   76
8     6.3  15.7    14:44  -3.8     6:51   59    0  0.00   1   8    11:42 ENE 30.73   78
9    23.8  34.6    23:55  13.2     0:00   41    0  0.42   1  13    23:16 ENE 30.18   91
10   34.0  36.5    10:15  31.1    18:31   31    0  0.48   2  14     0:32 ENE 29.57   97
11   31.6  33.2    11:31  29.6    22:45   33    0  0.01   0   7    10:22 WSW 29.55   99
12   29.2  32.4    10:56  27.3    23:58   36    0  0.01   0   6    13:03 ENE 29.85   91
13   27.5  29.8    13:01  26.1     3:54   38    0  0.00   0   7    12:41  NW 29.87   89
14   28.8  32.6    14:38  25.3     0:54   36    0  0.00   0   6    21:59   E 29.88   93
15   27.3  29.8     0:00  25.5     7:33   38    0  0.00   1  11    11:02 ENE 30.07   85
16   28.9  34.8    14:07  23.6     6:54   36    0  0.00   1  13    14:37 ENE 30.05   92
17   32.9  36.0    13:11  31.5     4:57   32    0  0.43   0   3    11:07  NW 29.78  100
18   31.0  33.5    11:43  28.0    23:33   34    0  0.03   1  12     9:30 ENE 29.78   92
19   24.8  28.1     0:01  20.2    23:56   39    0  0.00   1   8    19:05 ENE 30.01   83
20   16.8  29.9    14:51   9.1     7:44   46    0  0.00   0   6    11:22  NE 30.29   86
21   21.4  28.0    15:30  11.1     0:06   44    0  0.00   0   5    13:35 ENE 30.34   90
22   27.8  31.7    14:29  24.6     6:26   37    0  0.00   0   6    13:31   E 30.35   90
23   31.0  35.3    14:36  27.7     1:09   34    0  0.07   0   3     0:17 ENE 30.23   99
24   32.2  33.5    20:28  31.5     0:57   18    0  0.35   0   2    21:35 NNW 29.91  100
25   38.4  45.7    10:48  32.7     2:01   27    0  0.03   1  17    21:54 WSW 29.56   81
26   35.5  44.5    13:43  26.5    20:07   29    0  0.00   1  16     1:32 WSW 30.05   75
27   32.8  39.2    14:19  29.2     0:00   31    0  0.00   0   6    11:45  SW 30.08   93
28   35.5  42.2    12:30  30.2    23:58   29    0  0.14   0  13    22:13 ENE 29.81   90
29   23.4  30.2     0:00  13.1    23:55   42    0  0.00   1  12     8:43 ENE 30.11   66
30   11.4  19.1    12:40   1.5    23:58   54    0  0.00   1  10     9:24 ENE 30.32   60
31    7.7  20.2    12:47  -0.5     4:50   57    0  0.00   1  12    11:32  SW 30.20   77
---------------------------------------------------------------------------------------
TOT  26.3  45.7 12/25/14  -3.8  12/8/14 1178    0  2.70   1  25  12/2/14 ENE 30.10   86

HEAT BASE: 65.0
COOL BASE: 65.0