NOAA-Style Climate Reports: Lisbon, NH


Report for 2014 November
                  MONTHLY CLIMATOLOGICAL SUMMARY FOR 11/2014
                                        HEAT  COOL        
     MEAN                               DEG   DEG       WIND SPEED       DOM MEAN  MEAN
DAY  TEMP  HIGH   TIME     LOW   TIME   DAYS  DAYS RAIN AVG  HI  TIME    DIR BAROM HUM
---------------------------------------------------------------------------------------
1    36.2  41.1    13:41  30.2     5:41   29    0  0.01   1  10    15:34  NE 29.96   95
2    34.9  37.6    14:15  31.1    23:58   30    0  0.00   3  20    11:47 ENE 29.86   64
3    33.9  46.3    13:31  25.4     6:13   31    0  0.00   1  16    13:12 ENE 29.95   53
4    36.9  46.5    15:10  26.2     5:23   28    0  0.00   0   3     8:57   E 30.03   82
5    44.9  56.4    14:23  34.9    23:57   20    0  0.01   1  18    13:39 WSW 29.95   75
6
7    33.4  36.8    13:15  31.5    21:44   14    0  0.11   2  14    19:14 ENE 29.67   84
8    32.5  38.1    13:14  29.6     6:26   32    0  0.00   1  11     2:33  SW 29.86   70
9    35.3  45.6    13:52  24.9    23:51   30    0  0.00   1  13    11:24 WSW 29.88   84
10   33.6  50.6    14:27  24.4     1:01   31    0  0.00   0  11    14:27  SW 30.10   89
11   40.9  58.4    14:12  26.1     7:02   24    0  0.00   1  19    13:23 WSW 30.01   86
12   40.7  55.3    11:32  30.9    23:46   24    0  0.09   0   9    11:16  NE 29.89   96
13   31.6  33.9    17:13  28.1     3:20   14    0  0.04   0   2     3:19  NW 29.98   93
14   29.3  35.8    13:00  23.1    23:29   36    0  0.05   0  13    12:58  NW 29.95   85
15   23.4  33.9    13:01  15.8    23:55   42    0  0.00   1  10    10:19  NW 30.21   76
16   27.4  35.0    12:41  15.3     0:35   37    0  0.00   1  13    11:19 WSW 30.20   76
17   31.0  33.3    23:58  28.6     5:21   34    0  0.30   0   5    11:59  SW 29.73   96
18   27.0  33.6     0:12  19.6    22:29   38    0  0.01   3  24    10:51 WSW 29.58   66
19   22.8  31.1    11:23  16.3    20:21   42    0  0.00   3  19     0:06 WSW 29.96   62
20   25.8  34.0    11:37  17.9    23:58   39    0  0.00   2  19    11:04 WSW 29.81   62
21   17.6  25.9    12:31  10.8    21:50   47    0  0.00   1  17    11:42 WSW 30.13   73
22   24.9  37.8    22:55   9.4     5:53   40    0  0.00   1  14     9:55 WSW 30.15   65
23   37.1  49.6    14:37  30.2    19:25   28    0  0.04   1  14    13:00 WSW 30.03   93
24   51.1  64.6    13:37  29.3     2:22   14    0  0.29   3  27     6:33   W 29.61   89
25   42.5  56.3     0:00  27.1    23:08   23    0  0.02   1  18    11:52 WSW 29.80   76
26   30.7  34.0    10:22  27.7     0:00   34    0  0.53   0   8    13:13 ENE 30.09   89
27   25.6  27.8     0:00  23.6    23:53   39    0  0.05   0   6    12:16 ENE 29.95   93
28   21.1  25.8    11:58  12.4    20:16   44    0  0.03   0   6    12:03  SW 30.08   91
29   14.4  28.0    13:42   3.6     7:08   51    0  0.01   0   9    12:34 WSW 30.25   87
30   32.1  39.1    14:54  14.2     0:00   32    0  0.06   2  17     2:56 WSW 30.01   89
---------------------------------------------------------------------------------------
TOT  31.9  64.6 11/24/14   3.6 11/29/14  928    0  1.93   1  27 11/24/14 WSW 29.96   81

HEAT BASE: 65.0
COOL BASE: 65.0