NOAA-Style Climate Reports: Lisbon, NH


Report for 2014 October
                  MONTHLY CLIMATOLOGICAL SUMMARY FOR 10/2014
                                        HEAT  COOL        
     MEAN                               DEG   DEG       WIND SPEED       DOM MEAN  MEAN
DAY  TEMP  HIGH   TIME     LOW   TIME   DAYS  DAYS RAIN AVG  HI  TIME    DIR BAROM HUM
---------------------------------------------------------------------------------------
1    57.9  65.3    15:05  51.8     0:46    7    0  0.01   0   6    11:22 ENE 30.08   91
2    58.7  70.6    15:03  50.6    23:57    7    1  0.00   1  11    13:50 ENE 30.11   86
3    56.8  71.5    15:01  47.9     2:38    9    1  0.00   1  14    16:16  SW 30.00   80
4    53.4  61.1    11:48  43.8     6:43   12    0  1.34   1  16    11:17 WSW 29.65   95
5    49.4  59.5    13:31  36.9    23:45   16    0  0.04   0  14    12:48  NW 29.70   84
6    47.4  63.7    15:06  31.9     6:02   18    0  0.00   2  19    14:23  SW 30.01   77
7    59.4  68.9    14:58  52.5    21:52    6    0  0.26   2  25     9:15 WSW 29.95   82
8    58.5  65.4    12:58  51.3    23:55    7    0  0.39   2  21    12:59 WSW 29.69   76
9    48.0  55.0    11:31  40.6     7:16   17    0  0.00   1  22    11:20 WSW 29.84   71
10   44.9  58.0    13:28  32.1     7:18   20    0  0.00   1  16    13:37  SW 30.02   80
11   43.1  56.2    14:46  35.9     6:36   22    0  0.00   0   7    14:33  SW 30.10   85
12   40.7  56.6    14:27  30.5     6:37   24    0  0.00   1  11    12:42   E 30.23   82
13   42.2  54.1    15:30  28.1     5:11   23    0  0.00   1  11    13:36  SW 30.27   88
14   62.5  76.2    14:54  50.0     0:00    6    3  0.00   2  20    15:47 WSW 30.10   81
15   69.2  77.8    13:13  58.6     7:52    1    5  0.00   2  21    16:25 WSW 29.97   79
16   66.9  72.7    10:53  61.3    23:58    0    2  0.02   1  22    20:30 WSW 29.75   93
17
18   53.8  57.9    13:19  47.8    23:53    7    0  0.27   0   7    20:42 WSW 29.51   99
19   41.2  47.8     0:00  38.2     7:34   24    0  0.03   1  12     2:21 ENE 29.81   79
20   41.5  50.0    15:06  31.9     7:31   24    0  0.00   1  12    12:32  SW 29.95   71
21   43.4  48.1    15:37  38.1     0:23   22    0  0.16   0   6     7:04 ENE 29.99   99
22   48.2  53.1    16:18  44.8     2:03   17    0  0.12   2  17    17:22  NE 30.08   90
23   48.4  50.6    10:27  46.7    23:57   17    0  0.21   3  16     0:36  NE 29.84   93
24   44.5  46.7     0:00  42.2    23:34   20    0  0.19   1  12    13:30 ENE 29.76   97
25   44.8  60.0    14:42  34.2     7:49   20    0  0.14   1  12    23:56 WSW 29.64   90
26   43.9  47.8     0:05  38.9    23:22   18    0  0.05   0  13    17:55  SW 29.49   97
27   42.6  50.0    14:19  35.0    22:44   22    0  0.00   1  10    11:27  NW 29.87   88
28   42.0  50.6    15:57  35.8     0:00   23    0  0.03   0   3     1:56 WSW 29.98   97
29   46.0  53.5    15:22  37.6    23:50   19    0  0.24   0   5    15:27 WSW 29.82  100
30   39.8  50.1    14:19  34.9     2:39   25    0  0.00   0   7    15:54 WSW 29.92   93
31   37.5  40.5    23:09  36.6     4:51    7    0  0.00   0   0     0:00   N 30.00   99
---------------------------------------------------------------------------------------
TOT  49.8  77.8 10/15/14  28.1 10/13/14  458   12  5.01   1  25  10/7/14 WSW 29.90   87

HEAT BASE: 65.0
COOL BASE: 65.0