NOAA-Style Climate Reports: Lisbon, NH


Report for 2014 September
                  MONTHLY CLIMATOLOGICAL SUMMARY FOR 9/2014
                                        HEAT  COOL        
     MEAN                               DEG   DEG       WIND SPEED       DOM MEAN  MEAN
DAY  TEMP  HIGH   TIME     LOW   TIME   DAYS  DAYS RAIN AVG  HI  TIME    DIR BAROM HUM
---------------------------------------------------------------------------------------
1    70.5  81.8    12:36  61.9    23:59    0    6  0.01   0  10    12:19 WSW 29.90   90
2    71.3  83.7    13:05  58.6     5:34    2    8  1.23   1  16    11:42 WSW 29.78   87
3    66.8  77.6    14:12  54.7    23:57    2    4  0.10   1  11    12:20  SW 29.88   85
4    63.6  79.9    14:18  51.3     5:44    5    4  0.00   1  13    13:50  SW 30.09   87
5    70.4  85.3    14:13  56.8     6:19    2    8  0.00   1  17    14:29 WSW 30.00   86
6    67.8  80.6    13:47  59.4    22:21    1    4  0.39   1  19    13:07 WSW 29.81   95
7    59.9  72.0    14:40  49.7    23:59    6    1  0.01   0  10    12:35   E 30.05   82
8    58.5  74.1    14:05  46.0     6:17    8    2  0.00   1  10    21:03  SW 30.32   83
9    57.4  71.5    13:04  47.3     6:54    9    1  0.00   1  16    14:36 ENE 30.29   79
10   57.6  73.4    14:08  42.1     6:29    9    2  0.00   1  11    14:42  SW 30.09   86
11   62.8  69.9    17:39  56.0     1:10    3    1  0.03   2  19     8:02 WSW 29.80   91
12   51.6  56.8     0:00  46.7    23:57   13    0  0.00   2  12    14:26 ENE 30.14   76
13   46.6  52.1    14:16  38.8     6:07   18    0  0.22   0   6    16:29  NE 30.20   96
14   46.2  52.3    15:03  37.0    23:51   19    0  0.01   1  11    11:50 ENE 30.23   87
15   45.2  60.8    16:07  33.9     6:55   20    0  0.00   0   8    13:26  SW 30.18   88
16   51.4  59.5    13:17  46.7     1:37   14    0  0.09   1  11    13:36  SW 29.98   95
17   52.6  66.3    13:58  44.5    23:32   12    0  0.00   1  10    14:30  SW 29.95   86
18   46.9  57.0    14:55  35.3    23:59   18    0  0.00   1  12    14:56 ENE 30.01   92
19   41.4  56.6    13:16  29.7     6:34   24    0  0.01   1   9    12:22   E 30.33   78
20   50.5  64.0    22:13  32.5     2:39   14    0  0.00   1  17    11:50 NNW 30.15   89
21   65.4  77.3    13:44  49.4     6:27    4    4  0.00   2  21    14:31 WSW 29.74   84
22   54.4  63.0     1:15  45.7    23:58   11    0  0.16   1  10     9:24  SW 29.73   85
23   51.1  64.0    14:52  40.3     2:58   14    0  0.00   0   8    11:11  SW 30.22   85
24   52.0  68.4    14:48  42.9     2:42   13    0  0.00   1  12    13:27  SW 30.54   88
25   50.5  64.8    14:48  40.1     5:58   14    0  0.00   1   7    11:52  SW 30.41   92
26   55.9  75.0    14:47  44.5     7:08   11    2  0.00   1   7    13:33   E 30.22   88
27   60.2  79.7    14:52  46.0     7:14    8    3  0.01   1  10    14:16   E 30.18   86
28   61.8  81.6    14:49  51.8     6:50    6    3  0.00   0   7    11:11  SW 30.07   90
29   63.4  73.7    12:04  54.4     5:17    3    2  0.00   1  11    20:36 WSW 29.95   86
30   59.7  68.3    13:47  51.9    22:57    5    0  0.00   1   9    18:28  SW 29.98   88
---------------------------------------------------------------------------------------
TOT  57.1  85.3   9/5/14  29.7  9/19/14  290   55  2.27   1  21  9/21/14  SW 30.07   87

HEAT BASE: 65.0
COOL BASE: 65.0