NOAA-Style Climate Reports: Lisbon, NH


Report for 2014 August
                  MONTHLY CLIMATOLOGICAL SUMMARY FOR 8/2014
                                        HEAT  COOL        
     MEAN                               DEG   DEG       WIND SPEED       DOM MEAN  MEAN
DAY  TEMP  HIGH   TIME     LOW   TIME   DAYS  DAYS RAIN AVG  HI  TIME    DIR BAROM HUM
---------------------------------------------------------------------------------------
1    65.5  79.1    13:38  53.5     6:40    4    5  0.00   1  14    13:07  SW 30.14   87
2    64.1  78.0    12:44  57.9     5:45    2    2  0.00   0  12    12:34  SW 30.14   93
3    66.8  79.9    14:38  56.0     5:37    3    5  0.00   0   7    10:46  SW 30.05   88
4    68.5  80.2    12:55  61.7     5:25    1    4  0.10   0   7     9:07 ENE 29.98   90
5    67.6  81.6    13:32  60.5     6:17    1    4  0.31   1  14    17:36  SW 29.95   90
6    65.2  73.4    16:26  52.8    23:54    2    3  0.00   1  12    17:05 ENE 29.83   85
7    58.0  70.3    11:22  51.0     2:42    7    0  0.08   0  18    15:29 ENE 29.89   94
8    63.6  77.3    14:06  52.8     7:11    5    3  0.00   1  11    11:20 ENE 29.99   83
9    65.3  80.6    12:56  53.5     5:10    5    5  0.00   0  11    14:37   E 30.05   80
10   66.1  83.0    14:59  51.8     6:49    4    5  0.00   0   6    13:24 ESE 30.10   80
11   68.4  83.9    13:39  54.6     6:30    3    7  0.00   0   8    18:25 ENE 30.08   77
12   68.4  78.4    14:57  57.9     5:57    2    5  0.00   2  17    15:03  SW 30.02   80
13   64.1  69.1     0:33  58.6    23:43    2    1  0.89   1  18    10:11  SW 29.79   90
14   59.9  67.9    13:20  49.8    23:57    5    0  0.01   0   7     5:59  SW 29.73   87
15   57.0  66.1    12:30  47.9     6:13    8    0  0.00   1  16    16:10 WSW 29.84   86
16   60.8  68.8    13:20  54.9     6:03    5    1  0.02   0  12    12:21  SW 29.87   88
17   59.7  67.1    17:28  56.2     3:25    5    0  0.05   0   8    10:45 ENE 29.80   93
18   59.7  67.1    13:17  51.0    23:36    5    0  0.04   1  11    12:01 ENE 29.83   84
19   58.5  73.9    13:31  47.9     6:10    8    2  0.00   0   8    15:13   E 29.90   84
20   62.7  79.3    13:57  48.9     6:05    6    4  0.00   0  10    11:43  SW 29.99   85
21   60.9  69.4    11:29  55.6     5:47    5    1  0.06   0   8    14:35  SW 30.05   94
22   60.5  64.3    15:23  56.6     4:27    5    0  0.17   0   7     3:12  SW 30.09   99
23   65.2  76.0    13:23  55.6    23:56    3    3  0.02   1  11    12:34 ENE 30.10   83
24   64.8  81.4    13:47  51.3     6:30    5    5  0.00   0  11    13:07 ENE 30.12   83
25   65.1  83.7    14:05  54.4     6:59    3    3  0.00   0   7    13:24 ESE 30.13   87
26   65.7  83.7    14:05  54.4     6:59    4    5  0.00   0   8    12:05 ESE 30.10   87
27   70.1  84.5    12:25  56.6     5:26    2    6  0.00   0  11    13:43 ENE 29.87   78
28   62.4  72.3    13:55  54.0     6:37    4    1  0.00   1  14    12:08 ENE 29.87   78
29   62.9  74.6    14:42  52.1     3:57    5    3  0.00   1  10    11:36 ENE 30.11   79
30   63.6  76.2    14:09  51.2     6:09    5    3  0.00   1  18    10:05  SW 30.13   81
31   66.0  72.7    15:13  57.7     4:35    2    3  0.15   0   5     7:02 ENE 29.95   98
---------------------------------------------------------------------------------------
TOT  63.7  84.5  8/27/14  47.9  8/15/14  128   90  1.90   1  18   8/7/14 ENE 29.98   86

HEAT BASE: 65.0
COOL BASE: 65.0