NOAA-Style Climate Reports: Lisbon, NH


Report for 2014 July
                  MONTHLY CLIMATOLOGICAL SUMMARY FOR 7/2014
                                        HEAT  COOL        
     MEAN                               DEG   DEG       WIND SPEED       DOM MEAN  MEAN
DAY  TEMP  HIGH   TIME     LOW   TIME   DAYS  DAYS RAIN AVG  HI  TIME    DIR BAROM HUM
---------------------------------------------------------------------------------------
1    75.1  85.5    17:12  61.4     5:13    1   11  0.00   1  17    17:16 WSW 29.75   80
2    75.5  88.5    13:15  67.3    23:17    0   11  0.10   1  18    12:45 WSW 29.78   83
3    73.8  86.1    13:39  64.1     4:31    0    9  0.89   1  14    20:32  SW 29.87   81
4    64.7  71.4    13:08  57.7    23:59    1    1  0.33   0   8    15:53 ENE 29.92   95
5    63.3  74.7    17:08  51.9     5:19    4    2  0.01   1  11    14:19   E 29.89   67
6    68.0  80.5    14:11  54.8     4:44    3    6  0.00   1  16    16:36 WSW 29.85   65
7    65.2  78.7    13:54  51.1     5:26    4    4  0.01   1  13    11:50  SW 29.70   87
8
9
10
11
12
13
14   69.4  81.6    14:14  63.5    23:13    0    2  0.25   0   8    13:14 WSW 29.81   90
15   69.1  78.9    14:47  61.2     5:26    1    5  0.34   0  16    15:05 ENE 29.73   94
16   66.3  74.5    15:39  59.8     8:50    1    3  0.36   0   7     6:14 ENE 29.75   92
17   62.2  73.3    14:06  52.3    23:59    4    2  0.00   0   7    12:02  SW 29.93   84
18   65.4  75.2    12:28  50.7     2:26    3    3  0.00   1  11    16:00  SW 30.15   72
19   62.3  77.1    13:33  48.6     5:37    6    3  0.00   0   6    14:13 ENE 30.23   82
20   64.7  76.0    14:06  55.1     6:09    4    3  0.00   1  12    14:15 WSW 30.15   76
21   65.7  80.7    14:34  51.1     5:33    4    5  0.00   0  12    12:42  SW 30.13   78
22   70.6  84.7    13:25  55.6     5:51    2    8  0.00   0  11    13:46  SW 30.02   80
23   69.5  84.7    13:43  61.0     5:27    1    4  1.45   1  19    12:33 WSW 29.79   91
24   63.7  72.8    12:48  50.7    23:55    3    2  0.00   1  13    12:22 ENE 29.83   81
25   60.7  76.1    14:10  46.9     5:22    7    3  0.00   0  12    13:22  SW 29.92   83
26   64.8  77.5    13:43  52.9     6:11    4    4  0.00   1  17    12:48  SW 29.87   81
27   63.5  74.3    18:22  54.0     5:27    4    2  0.95   0  13    13:14  SW 29.69   95
28   64.1  71.5    15:40  60.2    23:23    2    1  1.20   0  10    21:48 ENE 29.52   99
29   61.7  70.5    15:26  51.5    23:52    4    1  0.01   1  10    13:19 ENE 29.76   83
30   60.7  74.3    13:35  49.8     2:59    7    2  0.00   1  11    15:23  SW 29.97   81
31   59.1  69.3    18:50  49.7     5:52    7    1  0.06   0  14    14:06 WSW 30.04   95
---------------------------------------------------------------------------------------
TOT  66.2  88.5   7/2/14  46.9  7/25/14   77   98  6.49   1  25   7/8/14  SW 29.87   84

HEAT BASE: 65.0
COOL BASE: 65.0