NOAA-Style Climate Reports: Lisbon, NH


Report for 2014 June
                  MONTHLY CLIMATOLOGICAL SUMMARY FOR 6/2014
                                        HEAT  COOL        
     MEAN                               DEG   DEG       WIND SPEED       DOM MEAN  MEAN
DAY  TEMP  HIGH   TIME     LOW   TIME   DAYS  DAYS RAIN AVG  HI  TIME    DIR BAROM HUM
---------------------------------------------------------------------------------------
1    56.4  72.9    14:24  39.1     6:20   11    2  0.00   1  13    16:04  SW 30.25   72
2    63.1  82.2    14:48  42.4     5:12    7    5  0.00   1  13    16:30  SW 30.04   69
3    67.3  81.8    12:29  50.3     5:23    4    6  0.00   2  20    14:36  SW 29.87   62
4    63.0  73.8    14:35  53.7    23:57    4    2  0.00   1  14    17:40 WSW 29.75   74
5    58.2  69.5    12:32  48.6     6:11    8    1  0.31   0  13    13:23 ENE 29.68   86
6    57.6  65.9    14:54  50.7    23:53    7    0  0.05   0  11    15:41 ENE 29.77   90
7    63.1  77.4    13:02  47.9     5:39    6    4  0.00   1  12    16:16 ENE 29.90   74
8    65.3  81.3    13:46  47.7     5:50    5    6  0.00   0  13    12:38  SW 29.88   72
9    68.5  85.1    14:22  54.5     4:35    3    7  0.00   1  10    14:59   E 29.88   74
10   65.0  74.0    13:58  53.7    23:57    2    3  0.04   1  12    15:06 ENE 29.95   81
11   57.8  74.9    12:55  46.4     6:01    9    1  0.13   1  17    12:57  SW 30.12   84
12   54.5  59.0    14:41  50.8     7:28   11    0  0.64   1  20    13:08 WSW 30.07   93
13   58.8  64.8    10:09  55.1     1:39    6    0  0.54   1  17    10:28  SW 29.88   95
14   58.9  66.6    17:29  51.9    22:57    6    0  0.03   0   8    15:28 ENE 29.83   88
15   57.7  67.9    17:00  47.1    23:59    8    0  0.00   1  10    14:25 ENE 30.01   82
16   60.1  76.7    14:28  40.8     5:49    8    3  0.00   0   8    14:18 ENE 30.07   73
17   68.4  83.0    14:23  53.8     5:02    3    6  0.02   0   9    13:55  SW 29.92   74
18   67.2  74.0    17:12  59.6    23:55    0    3  0.24   1  12     4:25 WSW 29.76   83
19   62.5  73.1    13:38  49.1    23:55    5    2  0.00   1  16    12:38 ENE 29.94   68
20   55.6  65.6    13:01  44.8    23:56    9    0  0.00   1  16    10:55 ENE 29.95   68
21   53.3  66.9    14:21  39.0     5:24   12    0  0.00   1  13    14:24   E 29.93   75
22   58.1  72.9    14:22  39.8     5:06    9    2  0.00   1  12    11:24 ENE 29.95   72
23   63.9  79.1    13:46  44.6     5:18    6    5  0.00   1  17    14:00  SW 30.05   70
24   65.2  72.6    15:26  55.8     5:09    2    3  0.00   1  19    15:37  SW 29.98   82
25   66.8  70.3    12:07  61.7     6:13    0    2  0.85   0   7     0:52 WSW 29.85   94
26   64.2  70.0    13:16  55.0    23:54    2    1  0.21   1  11    17:31 ENE 29.85   97
27   64.1  80.7    14:33  51.3     5:59    5    5  0.00   1  13    12:33 ENE 30.09   76
28   65.4  83.8    13:16  48.9     5:31    5    6  0.00   0  13    13:52 ENE 30.21   74
29   68.0  83.4    13:31  50.1     5:24    4    7  0.00   1  11    13:58  SW 30.12   71
30   70.8  81.3    14:09  57.4     5:26    2    7  0.00   1  13    11:01 WSW 29.92   83
---------------------------------------------------------------------------------------
TOT  62.3  85.1   6/9/14  39.0  6/21/14  170   89  3.06   1  20   6/3/14 ENE 29.95   79

HEAT BASE: 65.0
COOL BASE: 65.0