NOAA-Style Climate Reports: Lisbon, NH


Report for 2014 May
                  MONTHLY CLIMATOLOGICAL SUMMARY FOR 5/2014
                                        HEAT  COOL        
     MEAN                               DEG   DEG       WIND SPEED       DOM MEAN  MEAN
DAY  TEMP  HIGH   TIME     LOW   TIME   DAYS  DAYS RAIN AVG  HI  TIME    DIR BAROM HUM
---------------------------------------------------------------------------------------
1    48.2  63.9    18:02  36.4     0:25   17    0  0.28   1  14    15:02  SW 29.79   91
2    46.6  55.6    17:00  34.5     6:00   18    0  0.13   1  14    14:03 WSW 29.66   82
3    48.9  60.9    12:36  37.4     1:22   16    0  0.01   1  17    14:21  SW 29.74   77
4    44.8  50.8    12:08  41.3    21:52   20    0  0.45   1  13    12:56 WSW 29.54   94
5    44.6  50.3    16:57  39.1    22:43   20    0  0.03   1  13    14:01 ENE 29.78   88
6    45.0  55.8    14:30  34.0     6:35   20    0  0.00   1  19    12:57 ENE 29.90   69
7    45.6  61.2    15:13  28.1     5:38   19    0  0.00   2  17    15:21   E 30.13   63
8    49.6  68.4    14:18  27.5     5:03   15    0  0.00   1  14    12:55 ENE 30.14   56
9    49.3  55.0    12:02  40.4     5:22   16    0  0.00   1  19     9:54  SW 30.11   65
10   56.7  76.5    16:14  40.4     5:22   16    3  0.23   2  19     9:54  SW 29.96   60
11   58.7  69.3    17:46  45.1     6:32    7    1  0.00   1  18    15:25  NW 29.86   50
12   59.2  76.3    14:22  36.6     5:43    9    3  0.00   1  14    13:42  NE 30.02   55
13   53.2  58.0     0:00  48.9     4:54   12    0  0.02   1  14    16:46 WSW 30.19   75
14   59.9  74.3    15:53  45.5     6:01    7    2  0.00   2  19    14:05  SW 30.17   57
15   62.2  74.0    17:30  48.8     4:32    6    3  0.00   2  17    14:02  SW 30.14   78
16   66.1  70.8    11:20  63.0    23:49    0    1  0.00   5  24    10:36  SW 29.97   77
17   59.0  65.3    15:06  46.0    23:53    6    0  1.16   3  18     1:05  SW 29.87   76
18   52.0  63.3    15:11  39.7    23:59   13    0  0.00   1  14    17:00 ENE 30.09   62
19   44.7  55.8    11:04  32.2     5:45   19    0  0.07   1  25    12:38 ENE 30.07   87
20   54.3  68.4    14:04  39.1     5:59   11    0  0.01   2  22    13:00 ENE 30.00   69
21   57.7  73.8    14:23  37.7     5:33    9    2  0.00   1  17    21:24  NE 29.92   66
22   55.4  68.3    10:54  46.6     5:36   10    0  0.20   1  12    12:20  SW 29.83   87
23   53.7  57.6    15:21  51.3     4:43   11    0  0.06   0   7    16:42 ENE 29.88   97
24   54.5  65.3    12:03  48.9    23:28   11    0  0.25   1  19    16:58  SW 29.99   92
25   57.9  72.1    17:20  44.9     6:53    9    1  0.00   1   9    15:08  NE 29.98   79
26   57.7  66.8    12:04  49.2     3:43    7    0  0.22   0   7    11:41 WSW 29.84   96
27   56.8  66.9    13:10  48.5    23:50    8    0  0.24   2  22    18:31  SW 29.81   93
28   48.2  53.5    16:45  42.7    23:31   17    0  0.02   0   8     0:01 ENE 30.05   95
29   42.8  48.0    22:21  41.3     5:34    8    0  0.01   0   4     3:48 ENE 30.19   98
30   52.6  68.4    13:21  41.3     3:31   13    0  0.19   0  11    11:56 ENE 30.04   87
31   51.9  65.6    17:36  42.0     5:21   13    0  0.01   0  17    15:00   E 30.19   87
---------------------------------------------------------------------------------------
TOT  53.2  76.5  5/10/14  27.5   5/8/14  384   18  3.59   1  25  5/19/14 ENE 29.95   77

HEAT BASE: 65.0
COOL BASE: 65.0