NOAA-Style Climate Reports: Lisbon, NH


Report for 2014 April
                  MONTHLY CLIMATOLOGICAL SUMMARY FOR 4/2014
                                        HEAT  COOL        
     MEAN                               DEG   DEG       WIND SPEED       DOM MEAN  MEAN
DAY  TEMP  HIGH   TIME     LOW   TIME   DAYS  DAYS RAIN AVG  HI  TIME    DIR BAROM HUM
---------------------------------------------------------------------------------------
1    34.4  50.6    15:53  21.6     6:33   31    0  0.00   1  11     8:47 ENE 30.07   69
2    35.9  51.1    17:09  23.2     6:47   29    0  0.00   1  19     9:56 WSW 30.01   75
3    31.1  40.4    14:48  21.3     5:13   34    0  0.00   1  13    12:55 ENE 30.10   73
4    32.9  49.2    14:51  18.3     6:23   32    0  0.19   2  21    18:59  SW 30.02   70
5    35.2  43.6    13:15  31.8     4:35   30    0  0.03   2  20    13:01  SW 29.73   82
6    35.5  46.9    17:08  26.0    23:54   30    0  0.00   2  16    10:18  NW 30.04   58
7    37.0  57.1    13:12  22.2     6:18   22    0  0.03   2  29    22:25  SW 30.12   69
8    45.3  55.9    12:21  36.7     1:01   20    0  0.06   2  19     3:46 WSW 29.42   84
9    36.5  43.5    15:20  24.1    23:59   29    0  0.00   2  18    13:37 ENE 29.68   61
10   40.9  58.2    15:50  18.6     6:08   24    0  0.00   4  26    14:05 WSW 29.93   51
11   49.8  62.7    14:24  33.8    23:59   15    0  0.00   1  21     0:00  NW 29.90   51
12   43.3  60.9    13:55  25.3     6:16   22    0  0.00   1  18    12:31  SW 30.09   65
13
14   68.1  74.9    14:22  49.2     9:36    1    3  0.00   7  30    17:02 WSW 29.71   56
15   55.5  65.1    11:52  29.9    23:59    9    0  0.74   4  27     8:07 WSW 29.59   84
16   24.5  30.2    14:45  18.6     7:08   41    0  0.09   2  17    12:22 ENE 30.28   71
17   30.0  44.5    15:38  14.7     5:48   35    0  0.00   1  14    18:13 WSW 30.71   60
18   35.3  49.4    14:46  20.5     6:06   30    0  0.00   2  18    15:06  SW 30.41   59
19   36.5  44.3    12:42  26.0    23:53   29    0  0.00   1  16    15:56   E 30.25   76
20   39.1  57.6    17:10  20.7     6:14   26    0  0.00   1  14    14:57 ENE 30.39   56
21   49.4  70.8    16:09  29.6     1:03   16    1  0.00   1  18    15:13 WSW 29.98   55
22   52.1  69.6    12:43  41.6     6:38   13    0  0.15   1  16    13:02  SW 29.54   72
23   42.1  47.7     0:01  38.7    23:57   23    0  0.00   1  14    23:49 ENE 29.52   86
24   39.7  46.7    17:56  33.7    23:57   25    0  0.00   3  20    15:42 ENE 29.80   58
25   42.3  56.7    16:05  24.1     6:05   23    0  0.00   1  13    10:50 ENE 29.90   57
26   41.3  44.6     4:49  37.7    23:26   17    0  0.06   1  16     4:56  SW 29.74   80
27   39.7  48.2    16:46  32.8    23:56   25    0  0.08   1  11    15:00 ENE 29.94   90
28   42.4  52.6    15:33  28.5     6:11   23    0  0.00   2  17    14:56 ENE 30.09   77
29   46.0  55.5    14:45  33.5     6:00   19    0  0.00   3  19    18:04  SW 30.34   60
30   39.9  43.3    12:17  36.6    23:58   25    0  0.25   2  20    10:08  SW 30.36   81
---------------------------------------------------------------------------------------
TOT  40.4  74.9  4/14/14  14.7  4/17/14  696    3  1.89   2  30  4/14/14  SW 30.00   69

HEAT BASE: 65.0
COOL BASE: 65.0