NOAA-Style Climate Reports: Lisbon, NH


Report for 2014 March
                  MONTHLY CLIMATOLOGICAL SUMMARY FOR 3/2014
                                        HEAT  COOL        
     MEAN                               DEG   DEG       WIND SPEED       DOM MEAN  MEAN
DAY  TEMP  HIGH   TIME     LOW   TIME   DAYS  DAYS RAIN AVG  HI  TIME    DIR BAROM HUM
---------------------------------------------------------------------------------------
1     8.6  26.2    20:19 -10.2     5:41   49    0  0.00   2  18    15:16 WSW 30.26   57
2    17.9  24.5     0:00   3.5    23:55   47    0  0.00   1  13    10:19 ENE 30.04   65
3     3.1  14.7    13:51  -8.4     6:52   62    0  0.00   1  16    11:11 ENE 30.19   61
4     4.4  20.8    15:03 -15.3     6:39   61    0  0.00   1  11    15:51 ENE 30.31   66
5    10.0  17.2    11:19  -2.4    23:49   42    0  0.01   1  10    10:46 ENE 30.37   76
6     5.3  25.4    16:11 -14.2     6:33   59    0  0.00   1   8    10:18   E 30.60   55
7    14.5  37.3    14:48 -10.2     6:28   50    0  0.00   2  19    14:53  SW 30.23   56
8    22.4  39.1    11:39   8.2     5:07   43    0  0.00   1  11    14:34 ENE 29.85   74
9    17.6  28.2    15:00   3.5     7:52   46    0  0.00   1  18    14:15 ENE 29.92   63
10   24.3  32.4    16:13  15.6     5:22   41    0  0.07   1  10    22:43 WSW 29.72   75
11   31.7  40.3    13:54  23.2    23:45   33    0  0.03   0   7    15:46 ENE 29.54   92
12   25.9  31.0    12:17  19.3    23:58   39    0  0.87   0   6    11:21 ENE 29.51   99
13    8.6  19.3     0:00  -5.6    23:56   56    0  0.15   1  14    11:40 ENE 29.53   85
14    8.9  30.0    23:02 -17.6     6:32   56    0  0.00   1  16    13:40  NW 29.98   74
15   30.3  44.3    11:36  20.4     3:40   35    0  0.07   1  19    15:10 WSW 29.67   88
16   14.0  27.3     0:00  -3.3    23:53   51    0  0.00   2  17    14:40  NW 30.10   57
17    3.3  20.4    15:37 -13.2     6:44   60    0  0.00   1  16    12:07   E 30.18   60
18   11.5  34.0    17:30 -10.9     7:02   53    0  0.00   1  10    15:02 ENE 30.31   56
19   21.6  36.0    12:37   2.5     6:06   43    0  0.06   1  17    13:28  SW 30.21   69
20   32.4  38.6    14:01  28.8     0:49   33    0  0.19   1  14    19:15 WSW 29.66   88
21   27.4  31.8    14:59  14.2    23:58   38    0  0.00   1  15    13:02 WSW 29.81   73
22   21.0  35.1    17:12   7.5     5:56   44    0  0.01   1  26    11:44  NW 29.85   85
23   17.9  25.0     0:00   0.5    23:55   47    0  0.02   2  17    17:44 ENE 30.01   65
24    6.6  21.6    15:18 -11.6     6:49   59    0  0.00   1  18    10:38 ENE 30.14   58
25    9.9  28.5    14:35 -10.7     6:49   44    0  0.00   1  20    13:49 WSW 30.05   66
26   17.7  26.6    13:10  10.8     2:45   47    0  0.00   2  22    16:19 ENE 29.89   61
27   20.3  32.5    17:33  -1.6     7:07   45    0  0.00   1  12    11:53  SW 30.20   46
28   32.6  36.0    12:33  27.8     6:21   32    0  0.15   1  13     5:23  NW 29.97   86
29   37.1  46.7    14:29  31.9    23:16   28    0  0.04   1  12    11:43 ENE 30.15   87
30   34.3  37.7    13:14  31.8     3:40   31    0  0.35   1  14    13:48  NE 29.80   96
31   31.1  36.1    14:18  27.6     6:32   33    0  0.07   3  16    18:28 ENE 29.96   81
---------------------------------------------------------------------------------------
TOT  18.6  46.7  3/29/14 -17.6  3/14/14 1406    0  2.09   1  26  3/22/14 ENE 30.00   72

HEAT BASE: 65.0
COOL BASE: 65.0