NOAA-Style Climate Reports: Lisbon, NH


Report for 2014 February
                  MONTHLY CLIMATOLOGICAL SUMMARY FOR 2/2014
                                        HEAT  COOL        
     MEAN                               DEG   DEG       WIND SPEED       DOM MEAN  MEAN
DAY  TEMP  HIGH   TIME     LOW   TIME   DAYS  DAYS RAIN AVG  HI  TIME    DIR BAROM HUM
---------------------------------------------------------------------------------------
1    28.6  35.8    13:33   8.4     7:31   25    0  0.03   1  18    22:40  SW 30.15   77
2    31.4  34.4    13:47  25.9    23:58   34    0  0.00   1  16     0:00 NNW 29.91   92
3    20.9  28.8    15:04   7.7    23:27   43    0  0.00   0   7    10:32 ENE 30.20   79
4    13.0  27.8    14:31  -1.0     6:59   52    0  0.00   1   8    13:47 ENE 30.40   76
5    17.5  20.8    13:04  12.4    23:57   47    0  0.41   1   7     1:17 ENE 30.01   90
6     7.6  16.6    15:49  -1.6     7:39   57    0  0.00   0   6     0:28 ENE 30.20   79
7     5.0  21.3    14:09 -14.0     7:19   60    0  0.00   1  10    12:59 WSW 30.16   77
8     6.3  22.8    14:44  -8.6     4:42   59    0  0.00   1  11    12:24  SW 30.20   75
9    13.0  23.5    14:12   1.6     7:39   52    0  0.02   1   8    12:57 ENE 30.08   75
10   11.4  18.9    14:03  -6.0    23:56   54    0  0.01   1  12    14:42 ENE 30.05   80
11   -0.8  14.7    14:38 -14.7     7:02   66    0  0.00   1  11    13:06 ENE 30.33   72
12   -1.5  21.0    15:07 -20.0     6:35   66    0  0.00   1  11    14:09 ENE 30.51   68
13   12.9  28.5    23:38  -6.6     0:05   52    0  0.08   1  14    23:32 ENE 30.00   84
14   24.4  29.4     1:42  16.9    23:56   41    0  0.52   1  15     0:23 ENE 29.19   92
15   20.2  27.5    13:58  12.1     6:40   39    0  0.07   0   8    23:12 ENE 29.75   95
16   14.1  22.3     0:00   7.9    23:58   51    0  0.00   2  13    12:23 ENE 29.79   68
17    1.6  18.0    13:50 -15.8     6:48   63    0  0.00   1  11    11:19 ENE 30.28   65
18    7.4  23.6    14:02 -14.5     3:10   58    0  0.11   1  13    13:50  SW 30.16   85
19   21.2  27.5    13:47  12.3     7:22   43    0  0.08   1   8     4:24 WSW 29.89   94
20   28.2  42.1    12:31  11.0     7:25   37    0  0.00   1  12    12:48 WSW 30.06   86
21   33.3  39.4    16:16  28.5    23:45   32    0  0.54   2  22    12:33  SW 29.87   95
22   36.2  44.3    13:08  26.8     4:44   29    0  0.01   4  29    13:27 WSW 29.78   61
23   34.2  44.2    13:47  25.7     7:18   31    0  0.00   2  21    13:53 WSW 29.82   53
24   21.0  26.3     2:19  13.2    23:36   44    0  0.00   2  20    11:21  SW 29.78   60
25
26    9.2  19.4    11:12  -4.9    23:47   39    0  0.00   2  18    10:31  SW 29.80   60
27    8.1  18.9    13:46  -4.9     0:00   56    0  0.00   2  24    11:01  SW 29.70   64
28    5.4  15.8    14:54  -5.6     6:34   60    0  0.00   1  12     1:48  SW 30.22   50
---------------------------------------------------------------------------------------
TOT  15.7  44.3  2/22/14 -20.0  2/12/14 1288    0  1.89   1  29  2/22/14 ENE 30.01   76

HEAT BASE: 65.0
COOL BASE: 65.0