NOAA-Style Climate Reports: Lisbon, NH


Report for 2014 January
                  MONTHLY CLIMATOLOGICAL SUMMARY FOR 1/2014
                                        HEAT  COOL        
     MEAN                               DEG   DEG       WIND SPEED       DOM MEAN  MEAN
DAY  TEMP  HIGH   TIME     LOW   TIME   DAYS  DAYS RAIN AVG  HI  TIME    DIR BAROM HUM
---------------------------------------------------------------------------------------
1     8.1  16.6    12:39  -0.8    23:59   56    0  0.07   0   0     0:00   N 30.29   82
2     0.7   3.8    17:14  -2.7     2:08   64    0  0.17   0   0     0:00   N 30.25   80
3    -6.5   0.9     0:00 -21.5    23:40   72    0  0.01   0  12    14:13 ENE 30.16   74
4    -4.7  12.7    15:04 -23.3     3:20   70    0  0.00   0  10    13:49 WSW 30.34   77
5    17.4  28.8    23:59   6.3     7:15   48    0  0.05   0   7    11:07  SW 30.19   87
6    34.2  45.8    10:47  21.6    23:59   31    0  0.50   2  22     4:49   W 29.43   88
7     7.9  21.6     0:00   2.0    20:51   57    0  0.00   5  26    13:30 WSW 29.78   57
8     7.0  16.9    14:39   2.3     0:00   58    0  0.00   2  18    10:18 WSW 30.30   65
9     8.5  21.4    13:18   0.1    23:56   56    0  0.00   1  11    11:44  SW 30.53   77
10   11.5  22.5    15:47  -1.8     2:21   54    0  0.00   0   5    11:00 WSW 30.41   86
11   31.5  47.6    23:48  21.0     0:00   33    0  0.89   1  12    23:40 ENE 29.67   98
12   36.8  47.4     0:00  32.5    23:56   28    0  0.00   2  14     1:39 WSW 29.54   76
13   34.1  45.2    21:16  23.2     7:31   31    0  0.00   1  17    21:03  SW 29.92   75
14   35.0  42.9     0:04  32.5    20:39   30    0  0.57   0   8     0:00   W 29.71   94
15   32.0  43.2    12:59  26.6     8:08   33    0  0.00   0  10    11:26 WNW 29.87   93
16   28.3  30.4     2:37  27.2    12:24   37    0  0.07   1   6     2:20 ENE 29.90   98
17   28.5  37.0    14:08  21.7    23:55   37    0  0.00   1  10    11:43 WSW 29.89   94
18   25.0  37.4    14:53  17.7     5:27   40    0  0.00   0   6    14:42 ESE 29.77   92
19   25.3  26.5     1:25  23.3    16:36   40    0  0.09   3  19    20:26 WSW 29.52   88
20   18.5  29.0     9:53  -1.6    23:53   46    0  0.00   3  14     6:59 ENE 29.59   75
21   -2.3   3.8    12:47  -8.6     7:03   67    0  0.00   1  10    12:29 ENE 30.07   65
22   -4.9   5.2    14:14 -11.6    23:57   70    0  0.00   2  14    11:44 ENE 29.95   63
23   -5.0   9.6    14:54 -17.1     7:19   70    0  0.00   1  12    14:56 ENE 30.09   69
24   -1.3  11.0    23:06 -14.5     7:52   66    0  0.00   1  19    23:01   E 30.16   65
25   16.6  22.2    15:47  10.4     1:43   48    0  0.03   3  20    12:29 WSW 29.54   66
26    8.3  17.5     0:00  -1.4     7:18   57    0  0.00   1  16    11:50 WSW 29.64   57
27   18.5  32.2     9:05   3.5    23:56   46    0  0.00   3  22     9:24  NW 29.65   60
28    4.1  14.0    13:37  -7.1     5:52   61    0  0.00   2  14    10:43 WSW 30.15   58
29    5.7  18.1    14:54  -8.1     7:39   59    0  0.00   2  21    14:45 WSW 30.06   57
30   11.5  24.1    13:25  -1.6     7:48   54    0  0.00   1  13    23:33 WSW 30.24   66
31
---------------------------------------------------------------------------------------
TOT   0.0   8.4   2/1/14   8.4   2/1/14 1518    0  0.00   0   0   2/1/14 ---  0.00    0

HEAT BASE: 65.0
COOL BASE: 65.0