NOAA-Style Climate Reports: Lisbon, NH


Report for 2013 December
                  MONTHLY CLIMATOLOGICAL SUMMARY FOR 12/2013
                                        HEAT  COOL        
     MEAN                               DEG   DEG       WIND SPEED       DOM MEAN  MEAN
DAY  TEMP  HIGH   TIME     LOW   TIME   DAYS  DAYS RAIN AVG  HI  TIME    DIR BAROM HUM
---------------------------------------------------------------------------------------
1    29.0  33.5    13:46  25.7     7:14   87    0  0.00   1  16     0:00  SW 30.17   82
2    29.5  34.0    14:10  26.3     0:00   72    0  0.00   0   5    13:59  SW 29.96   97
3    30.0  32.2    13:27  27.9     0:23   35    0  0.00   0   6    10:06 ENE 29.93   99
4    28.9  36.4    13:55  21.7    23:48   36    0  0.00   1  10    10:25 ENE 30.09   84
5    30.0  37.3    15:22  21.0     0:57  142    0  0.01   0   5     2:57 ENE 30.03   96
6    34.4  37.6     4:54  29.3    23:57   66    0  0.29   0   7     1:57 ENE 29.99   99
7    25.5  29.3     0:00  17.7    23:07   40    0  0.00   1  11    11:17 ENE 30.25   70
8    19.1  25.1    14:12  12.9     7:18   46    0  0.00   1  11    12:01 ENE 30.52   69
9    25.7  30.9    13:20  19.4     0:05   39    0  0.00   2  26    10:50 WSW 30.09   83
10   24.4  29.1    10:33  14.8    23:59  196    0  0.00   0   8    10:51  SW 29.82   86
11   16.3  23.9    13:04   8.2     4:13   49    0  0.09   2  17    13:48 WSW 30.05   86
12    5.1  13.4    13:35  -2.4     7:25   60    0  0.00   1  11    12:58  SW 30.17   79
13    8.4  15.8    13:30  -5.3    23:55   57    0  0.01   1  13    12:31 WSW 30.09   73
14   -0.3   6.8    18:42 -10.2     4:33  270    0  0.07   1   6     8:17 ENE 30.52   72
15   16.1  21.9    10:57   6.7     0:00   49    0  0.40   0   6    12:52   E 29.69   92
16    4.4  16.1    12:18 -10.9    23:54   61    0  0.01   1  13    11:59 NNW 29.95   75
17   -5.7   6.8    23:17 -21.5     7:18   71    0  0.02   0   8    12:34   E 30.21   78
18   14.0  25.9    14:20   6.7     0:00   51    0  0.00   0   5    11:58  SW 29.98   86
19   22.5  29.3    14:46  14.8     0:00   42    0  0.01   0   5    11:17  SW 29.98   93
20   28.8  31.3    14:37  26.0     4:18   36    0  0.10   0   3     6:13   E 29.95   99
21   33.0  36.7    12:20  30.9     0:00   32    0  0.19   0   5     5:02  SW 29.84  100
22   33.0  36.0    13:41  31.8    20:14   32    0  0.38   0   8    13:24  SW 29.81  100
23   31.9  33.3    13:29  28.8    23:57   33    0  0.17   0   7    21:43   E 30.01  100
24   19.5  28.8     0:00   5.9    23:55   45    0  0.00   1  12    10:50 ENE 30.15   73
25    5.7  12.7    14:04  -0.8     7:07   59    0  0.00   1  12     5:04 ENE 30.47   68
26   16.5  24.4    14:57   8.0     0:00   48    0  0.05   0   6    13:51  NE 30.23   92
27   22.3  31.0    13:24  17.0     0:00   43    0  0.00   1  12    11:27 WSW 30.16   84
28   23.1  30.7    13:10  11.6     2:59   42    0  0.00   0   6     5:59  SW 30.02   93
29   26.2  33.8    19:40  17.7     7:32   39    0  0.56   0   3     1:22  SW 29.82   99
30   19.2  33.2     4:30   0.2    23:31   46    0  0.00   0   1    13:59  NE 29.90   88
31    4.5  10.1    14:13  -0.7     3:40   60    0  0.00   0   0     0:00   N 30.12   82
---------------------------------------------------------------------------------------
TOT  20.1  37.6  12/6/13 -21.5 12/17/13 1982    0  2.36   0  26  12/9/13 WSW 30.06   86

HEAT BASE: 65.0
COOL BASE: 65.0