NOAA-Style Climate Reports: Lisbon, NH


Report for 2013 November
                  MONTHLY CLIMATOLOGICAL SUMMARY FOR 11/2013
                                        HEAT  COOL        
     MEAN                               DEG   DEG       WIND SPEED       DOM MEAN  MEAN
DAY  TEMP  HIGH   TIME     LOW   TIME   DAYS  DAYS RAIN AVG  HI  TIME    DIR BAROM HUM
---------------------------------------------------------------------------------------
1    57.3  63.8    15:13  45.7    23:56    8    0  0.30   4  26    12:00   W 29.40   83
2    43.6  54.0    14:53  34.1     7:50   21    0  0.03   1  11    20:05 ENE 29.64   88
3    30.5  37.6    12:49  20.4    23:52   35    0  0.00   2  17     8:31 ENE 30.18   65
4    24.5  36.8    13:59  15.6     6:44   40    0  0.00   1  10    10:22   E 30.63   75
5    29.7  46.1    14:29  18.5     1:20   35    0  0.00   1  18    10:46 WSW 30.59   76
6    41.9  55.8    12:44  25.9     5:19   23    0  0.00   2  17    13:01 WSW 30.21   76
7    45.1  53.1     4:00  34.4    23:59   20    0  0.20   1  28     1:58  NW 29.76   85
8    32.3  40.1    13:31  26.0     6:56   33    0  0.00   1  13    13:23  SW 29.90   77
9    33.3  38.7    12:03  29.9     3:17   32    0  0.00   0   9     9:29  NW 30.08   64
10   34.6  41.6    13:15  30.6     1:25   30    0  0.11   1  11    15:10 WSW 29.78   96
11   35.9  40.0    23:36  31.3    10:06   29    0  0.00   2  18    23:35 WSW 29.93   73
12   25.5  39.6     0:00  22.5     7:53   40    0  0.06   1  14     0:00  NW 30.07   72
13   22.5  28.2    14:27  17.2     6:34   42    0  0.00   1  12     0:29 ENE 30.21   63
14   27.8  41.4    14:48  20.0     0:12   37    0  0.00   1  10    14:38 WSW 30.03   81
15   28.9  51.0    14:24  19.6     5:06   36    0  0.00   0  10    13:51 WSW 30.12   82
16   34.0  55.9    13:44  24.5     0:28   31    0  0.00   0   8     9:43  SW 30.25   77
17   34.6  48.8    23:58  23.1     5:38   30    0  0.13   1  11    17:40 WSW 30.13   97
18   49.4  58.0     4:10  33.8    21:27   16    0  0.24   4  26     6:12 WSW 29.51   77
19   30.0  41.6     0:00  25.7    23:46   35    0  0.00   2  17     8:09  NW 29.97   64
20   25.5  35.1    13:41  16.3    23:54   40    0  0.00   1  18     9:27 ENE 30.53   61
21   24.0  39.7    13:56  12.4     7:03   41    0  0.00   1  12    11:14  SW 30.53   75
22   28.0  31.8    16:02  21.7     1:10   37    0  0.06   0   5    22:34   E 30.09   94
23   28.3  33.4    13:43  18.3    23:59   37    0  0.04   2  14     5:54  SW 29.82   76
24   14.7  18.3     0:00  10.8    23:49   50    0  0.00   3  19    14:47  NW 29.97   61
25   14.9  24.7    21:21   4.4     7:31   50    0  0.00   1  11    12:18  SW 30.28   59
26   27.7  31.9    14:12  22.9     0:17   37    0  0.11   1  14    11:34 WSW 30.19   83
27   35.8  49.7     9:43  28.8     0:00   28    0  0.68   1  20     8:12 WSW 29.49   99
28   19.1  29.6     0:07   8.4    23:55   46    0  0.01   2  17     8:13  SW 30.02   74
29   10.4  22.2    13:47   2.5     6:52   55    0  0.00   1  11    12:37 ENE 30.60   81
30   13.6  26.5    23:28  -1.4     6:49   51    0  0.00   1  21    23:43  SW 30.66   71
---------------------------------------------------------------------------------------
TOT  30.1  63.8  11/1/13  -1.4 11/30/13 1045    0  1.97   1  28  11/7/13 WSW 30.09   77

HEAT BASE: 65.0
COOL BASE: 65.0