NOAA-Style Climate Reports: Lisbon, NH


Report for 2013 October
                  MONTHLY CLIMATOLOGICAL SUMMARY FOR 10/2013
                                        HEAT  COOL        
     MEAN                               DEG   DEG       WIND SPEED       DOM MEAN  MEAN
DAY  TEMP  HIGH   TIME     LOW   TIME   DAYS  DAYS RAIN AVG  HI  TIME    DIR BAROM HUM
---------------------------------------------------------------------------------------
1    53.4  73.3    14:42  40.7     7:06   13    1  0.00   1   8    14:12  NE 29.92   87
2    56.3  74.0    15:23  47.9     3:12   10    1  0.00   0  16    14:20  SW 29.85   89
3    53.2  71.0    14:14  40.0     7:20   13    1  0.01   0   7    11:55 ENE 30.03   82
4    50.8  64.4    15:43  37.8     6:52   14    0  0.00   0   7     9:13 WSW 30.07   91
5    54.4  62.3    15:58  46.0    23:56   11    0  0.00   0   4     9:48 WSW 30.08   89
6    48.4  55.0    11:31  45.7     2:02   17    0  0.29   0  16    12:42 ENE 30.14   90
7    57.2  71.2    16:28  47.9     0:00    8    1  0.40   2  33    17:25 WSW 29.87   94
8    47.2  57.7    14:52  34.3    23:53   18    0  0.00   1  12     9:31 ENE 30.17   79
9    41.7  61.2    15:22  29.9     6:17   23    0  0.00   1  13    13:27  SW 30.42   85
10   43.5  63.3    15:43  31.5     5:24   22    0  0.00   0   7    11:32 WSW 30.28   89
11   48.7  68.4    14:52  37.6     6:29   16    0  0.00   0   8    13:00 WSW 30.16   84
12   49.3  67.6    14:35  34.4     6:55   16    0  0.00   1  11    13:08 WSW 30.29   86
13   51.3  60.9    13:55  39.8    23:58   14    0  0.00   1  14    12:38 WSW 30.37   84
14   46.8  55.8    13:11  37.3     4:10   18    0  0.07   1   7    12:27 ENE 30.30   96
15   54.5  63.0    14:20  48.2     6:38   10    0  0.00   1   8     8:53 WSW 30.20   91
16   53.1  62.7    12:23  45.2     7:09   12    0  0.00   1  17    14:32 WSW 30.00   87
17   53.4  65.3    14:46  45.1    21:40   12    0  0.02   0  10    10:35  SW 29.77   86
18   48.6  59.9    15:08  37.8    23:52   12    0  0.42   0  11    15:27  SW 29.70   91
19   46.1  61.0    13:20  31.2     7:21   19    0  0.01   1  16    22:25 WSW 29.83   83
20   46.4  54.4    14:42  32.8    23:54   19    0  0.00   1  17    12:16 WSW 29.77   77
21   42.8  60.1    15:05  27.3     7:24   22    0  0.00   1  18    15:24  SW 29.99   83
22   47.4  54.7     0:20  32.1    23:44   18    0  0.02   2  19    14:55 WSW 29.75   80
23   36.6  48.8    14:30  29.4     3:08   28    0  0.00   0  10    14:06  SW 29.68   87
24   34.8  43.2    14:08  25.6     7:37   30    0  0.01   1  14    11:08 WSW 29.71   86
25   35.0  40.4    15:30  31.9     0:00   30    0  0.00   0  10    15:24 WSW 30.00   86
26   36.0  43.6    16:39  26.0     3:43   29    0  0.00   1  18    13:08 WSW 29.95   78
27   36.7  45.1    13:23  28.1    23:58   28    0  0.00   1  14    14:39  SW 29.84   83
28   33.1  44.9    13:58  22.6    23:59   32    0  0.00   1  14    14:11   W 30.13   81
29   26.7  41.6    15:26  16.7     7:14   39    0  0.02   1   8    12:36   E 30.41   78
30   30.4  40.8    16:22  21.6     0:42   35    0  0.00   0   7    11:17 WSW 30.25   82
31   37.4  49.4    20:45  26.2     3:00   28    0  0.01   0   8    20:38  SW 30.01   97
---------------------------------------------------------------------------------------
TOT  45.1  74.0  10/2/13  16.7 10/29/13  614    5  1.28   1  33  10/7/13 WSW 30.03   86

HEAT BASE: 65.0
COOL BASE: 65.0