NOAA-Style Climate Reports: Lisbon, NH


Report for 2013 September
                  MONTHLY CLIMATOLOGICAL SUMMARY FOR 9/2013
                                        HEAT  COOL        
     MEAN                               DEG   DEG       WIND SPEED       DOM MEAN  MEAN
DAY  TEMP  HIGH   TIME     LOW   TIME   DAYS  DAYS RAIN AVG  HI  TIME    DIR BAROM HUM
---------------------------------------------------------------------------------------
1    73.8  83.4    14:49  67.8     6:43    0    9  0.21   0   7    12:36 ENE 29.80   87
2    71.2  77.4    16:16  65.6    23:57    0    6  0.55   0  13    18:11  SW 29.74   95
3    66.5  74.0    13:17  61.5    23:47    1    2  0.03   1  12    13:08 WSW 29.71   93
4    65.9  76.3    12:15  58.4     6:35    2    3  0.18   1  12     9:43  SW 29.82   83
5    56.9  66.4    13:38  42.1    23:58    8    0  0.15   1  13    12:25 ENE 29.98   79
6
7    63.6  72.7    12:30  51.4     9:11    2    1  0.01   1  10    12:31  SW 29.88   80
8    54.6  60.4    10:29  41.5    23:57   10    0  0.10   1  17    12:41 ENE 29.88   86
9    51.2  67.4    14:17  36.8     6:39   14    0  0.00   1  12    11:57  SW 30.13   84
10   56.5  69.1    17:56  45.1     4:13    9    1  0.12   0   4    12:33   E 30.03   99
11   70.8  88.6    16:48  61.8     2:15    1    6  0.18   1  24    21:18 WSW 29.96   93
12   69.8  81.8    14:06  65.0    21:59    0    5  1.37   0  13    12:59 WSW 29.75   96
13   60.8  65.3     0:07  55.4    23:48    4    0  0.48   0   8    16:27 ENE 29.66  100
14   54.2  58.7    17:18  49.1    23:46    5    0  0.06   0   2     3:58 ENE 29.93   98
15   53.9  67.3    15:07  42.8     6:57   11    0  0.00   1  11    14:52  SW 30.07   90
16   51.1  56.5    10:40  37.9    23:54   14    0  0.10   1  16    15:04 ENE 30.09   89
17   46.3  63.1    14:51  34.0     5:40   19    0  0.00   1  11    11:59 ENE 30.37   84
18   49.1  67.1    14:21  35.8     6:59   16    0  0.00   0   7    10:21  SW 30.23   86
19   52.7  73.1    14:23  39.8     6:23   14    1  0.00   1   8    15:04  SW 30.09   86
20   52.1  71.7    12:53  42.9     6:16   10    0  0.00   1   9    12:15  SW 30.03   93
21   59.7  71.9    14:58  44.9     6:55    7    2  0.01   2  24    11:54 WSW 29.79   81
22   56.1  67.1     0:05  45.8    23:20    9    0  0.52   1  21     3:34 WSW 29.65   88
23   44.8  47.7    15:32  41.8     5:58   20    0  0.00   1  12    15:58   E 29.95   83
24   47.8  55.6    13:37  43.2     4:33   17    0  0.00   1  10    12:37 ENE 29.93   81
25   50.0  56.5    14:09  44.2     6:49   15    0  0.00   1  10    14:53 ENE 29.93   88
26   51.3  61.2    14:28  41.0     2:28   14    0  0.00   1  13     9:56 ENE 30.06   85
27   55.1  66.6    14:41  46.1    23:52   10    0  0.00   0   8    13:47   E 30.20   87
28   53.3  71.0    14:12  41.7     7:25   12    1  0.00   1   8    14:32 ENE 30.30   86
29   52.6  70.7    14:05  42.1     6:56   13    1  0.00   1   9    14:32  SW 30.16   88
30   51.3  69.1    15:07  40.4     7:39   14    1  0.01   0   6    11:17   E 30.04   87
---------------------------------------------------------------------------------------
TOT  56.4  88.6  9/11/13  34.0  9/17/13  272   39  4.08   1  24  9/11/13 ENE 29.98   88

HEAT BASE: 65.0
COOL BASE: 65.0