NOAA-Style Climate Reports: Lisbon, NH


Report for 2013 August
                  MONTHLY CLIMATOLOGICAL SUMMARY FOR 8/2013
                                        HEAT  COOL        
     MEAN                               DEG   DEG       WIND SPEED       DOM MEAN  MEAN
DAY  TEMP  HIGH   TIME     LOW   TIME   DAYS  DAYS RAIN AVG  HI  TIME    DIR BAROM HUM
---------------------------------------------------------------------------------------
1
2    60.0  60.7    22:26  59.6    23:53    0    0  0.02   0   0    22:26 WSW 29.81  100
3    64.4  74.2    14:11  55.7     5:01    3    3  0.12   1  12    11:17  SW 29.77   84
4    61.8  72.3    14:28  54.7     6:54    4    1  0.07   1  12    16:01  SW 29.81   87
5    60.3  71.5    14:08  49.4    23:58    6    1  0.00   1  14    15:25 ENE 29.95   71
6    60.3  76.7    13:51  44.8     6:19    8    3  0.00   1  10    17:14 ENE 30.08   79
7    65.1  78.3    14:41  49.9     5:36    5    5  0.00   1  16    12:45  SW 30.09   76
8    73.0  81.4    14:22  66.9     0:00    0    8  0.00   1  16     4:09 WSW 29.96   82
9    69.5  72.7     9:57  66.0    23:39    0    5  1.02   0  10    10:25 WSW 29.82  100
10   67.2  75.8    13:03  52.2    23:59    2    4  0.00   0  11    12:03 ENE 29.87   76
11   61.6  76.3    13:57  48.6     6:38    6    3  0.00   0  14    14:58 WSW 30.01   82
12   65.3  79.4    13:03  53.6     5:38    4    4  0.00   0  11    13:35  SW 29.94   81
13   62.4  69.8    17:08  55.6     5:54    4    1  0.25   0   6     9:00 WSW 29.76   99
14   61.0  70.4    12:50  50.8    23:56    4    0  0.16   0  11    11:27 WSW 29.73   90
15   58.6  71.5    14:16  45.8     5:38    8    2  0.00   1  13    11:01  SW 30.00   83
16   61.7  76.5    13:08  48.6     5:15    6    3  0.00   1  10    15:48  SW 30.11   83
17   63.8  76.8    13:19  53.5    23:58    4    3  0.00   1   8    13:57 ENE 30.24   83
18   61.9  76.3    14:55  49.5     5:17    6    3  0.00   0   8    11:25  SW 30.19   87
19   65.7  81.8    14:31  52.8     6:08    4    5  0.00   0  11    12:43 WSW 29.98   85
20   67.9  83.0    13:30  56.3     6:56    3    6  0.00   0   7    10:16  SW 30.02   84
21   69.9  85.3    14:55  57.8     6:23    2    7  0.00   1  12    14:00  SW 30.05   85
22   71.1  85.7    14:31  59.3     7:02    1    7  0.11   1  14    15:06 WSW 29.87   84
23   65.3  74.6    12:59  50.8    23:58    3    3  0.00   1  14    12:11 ENE 29.97   77
24   59.3  76.0    14:23  45.2     6:17    8    3  0.00   0  10    12:39   E 30.27   78
25   60.7  77.4    14:48  45.4     6:06    7    3  0.00   1  11    13:35  SW 30.26   81
26   66.1  73.3    15:48  59.8     0:02    2    3  0.18   0   6     0:36  SW 29.96   97
27   71.8  84.0    14:57  64.3     5:09    0    7  0.00   0   8    11:43   E 29.85   87
28   71.7  87.4    14:14  60.7     6:55    1    7  0.16   0  11    19:07 ENE 29.87   86
29   68.2  77.4    15:03  63.2     6:56    0    4  0.00   0  11    15:10  SW 29.99   90
30
31   71.8  77.7    12:13  68.8    22:00    0    4  0.08   0  10    10:47  SW 29.75   93
---------------------------------------------------------------------------------------
TOT  65.3  87.4  8/28/13  44.8   8/6/13  103  108  2.32   1  16   8/7/13  SW 29.97   85

HEAT BASE: 65.0
COOL BASE: 65.0