NOAA-Style Climate Reports: Lisbon, NH


Report for 2013 July
                  MONTHLY CLIMATOLOGICAL SUMMARY FOR 7/2013
                                        HEAT  COOL        
     MEAN                               DEG   DEG       WIND SPEED       DOM MEAN  MEAN
DAY  TEMP  HIGH   TIME     LOW   TIME   DAYS  DAYS RAIN AVG  HI  TIME    DIR BAROM HUM
---------------------------------------------------------------------------------------
1    68.9  75.7    15:12  64.9     4:01    0    4  0.54   0   8    14:59 ENE 29.97   96
2    66.0  71.9    16:02  62.3    23:57    1    2  0.31   1  10    14:05   E 30.08   97
3    71.2  84.5    14:52  60.7     3:33    1    7  0.07   1  16    12:56 WSW 30.11   91
4    74.5  87.5    14:46  66.4     5:32    0    9  0.04   1  12    12:20  SW 30.10   90
5    75.0  86.4    15:06  66.8     2:48    0   10  0.01   1  13    13:09  SW 30.05   88
6    72.6  84.3    14:38  62.3    23:58    0    8  0.02   0  11    12:28  SW 30.00   87
7    70.6  82.7    17:28  59.5     2:47    1    7  0.00   0   8     9:16 WSW 29.95   86
8    69.9  79.6    12:56  66.4     5:17    0    5  0.64   0   7    12:01 ENE 29.94   98
9    72.1  81.0    14:39  65.9     5:35    0    7  0.00   1  16    16:42 WSW 30.01   87
10   69.3  75.7    14:23  66.4     5:18    0    4  0.75   0  13    13:31 WSW 29.85   95
11   68.9  78.7    15:26  58.2    23:59    1    4  0.27   0   8    15:50 ENE 29.81   90
12   66.8  80.2    14:02  53.6     5:27    3    5  0.00   1   8    14:26 ENE 30.08   79
13   68.9  81.6    14:04  56.1     5:15    2    6  0.00   1  12    17:35  SW 30.24   83
14   71.9  83.5    15:07  62.2     3:04    1    8  0.00   0  10    15:17 WSW 30.23   87
15   74.9  89.6    14:32  63.2     5:14    0   10  0.00   0   9    15:03  SW 30.14   79
16   74.7  87.3    14:38  61.9     5:32    0   10  0.00   1  12    11:04 ENE 30.14   79
17   74.9  90.7    14:39  61.9     5:43    1   10  1.70   1  20    20:05  SW 30.06   83
18   74.4  87.7    14:56  66.3     5:57    0    9  0.35   1  18    17:06  SW 29.95   88
19   77.9  90.3    15:44  67.8     2:56    0   13  0.00   2  21    12:50  SW 29.74   84
20   73.8  83.0    13:34  62.7    23:23    0    9  0.03   1  16    13:48  SW 29.65   85
21   68.8  77.4    15:07  58.9    23:57    1    5  0.00   1  10    10:38 ENE 29.91   78
22   67.0  77.9    14:53  53.9     5:49    3    5  0.00   1  12    14:58 WSW 29.95   85
23   67.9  74.4    16:34  64.8     8:41    0    3  0.84   0   6     9:45 ENE 29.65   99
24   64.6  69.9    15:02  55.9    23:55    2    1  0.01   1  13    15:23 ENE 29.73   87
25   62.8  73.3    15:01  48.8     5:59    4    2  0.00   1   8     8:19 ENE 30.06   76
26   65.6  75.8    15:52  58.0     5:22    2    3  0.00   1  10    12:31 ENE 30.01   86
27   68.4  82.0    14:23  56.2     5:45    3    6  0.00   0  10    15:17 WSW 29.98   80
28   69.0  79.8    16:00  57.2     5:01    2    6  0.00   1  13    19:06  SW 29.95   86
29   71.7  81.8    12:43  61.0    23:56    0    7  0.08   0  11    11:44  SW 29.95   84
30   66.8  76.7    13:20  58.9     4:30    2    4  0.00   0   9     9:51 WSW 30.05   79
31   66.4  81.2    14:03  53.6     6:15    4    5  0.00   1   9    15:10  SW 30.05   78
---------------------------------------------------------------------------------------
TOT  70.2  90.7  7/17/13  48.8  7/25/13   35  196  5.66   1  21  7/19/13  SW 29.98   86

HEAT BASE: 65.0
COOL BASE: 65.0