NOAA-Style Climate Reports: Lisbon, NH


Report for 2013 June
                  MONTHLY CLIMATOLOGICAL SUMMARY FOR 6/2013
                                        HEAT  COOL        
     MEAN                               DEG   DEG       WIND SPEED       DOM MEAN  MEAN
DAY  TEMP  HIGH   TIME     LOW   TIME   DAYS  DAYS RAIN AVG  HI  TIME    DIR BAROM HUM
---------------------------------------------------------------------------------------
1    73.2  89.2    14:59  57.6     5:23    1   10  0.00   1  21    15:43 WSW 29.84   75
2    70.7  86.4    11:22  62.2    23:31    0    6  0.38   1  18    13:11 WSW 29.71   87
3    64.1  75.4    14:46  48.7    23:55    4    3  0.00   1  18    12:52 WSW 29.74   79
4    51.5  60.4    16:58  41.5     5:28   13    0  0.00   1  13    14:27 ENE 29.93   76
5    54.5  68.8    14:06  38.2     5:26   11    1  0.00   1  11    12:00 ENE 30.13   64
6    59.2  72.2    13:53  47.1     5:00    7    1  0.02   1  16    22:00 ENE 30.11   66
7    52.0  54.9    13:53  49.0     5:34   13    0  0.35   0   9    10:28   E 30.00   98
8    56.7  63.5    14:48  50.5     1:59    8    0  0.32   1   7     9:18 ENE 29.82   93
9    61.2  71.9    14:51  51.3    23:54    5    2  0.00   0  11    12:41  SW 30.05   82
10   59.0  72.6    13:10  46.0     6:06    8    2  0.04   1  11    15:54  SW 30.12   80
11   55.4  59.8    16:19  53.3     0:53   10    0  1.09   0   6     0:27 ENE 29.72   99
12   56.7  63.8    17:50  51.6     5:13    8    0  0.05   1  13    12:10 ENE 29.68   89
13   56.5  67.4    11:10  46.9     6:24    9    0  0.01   0  16    17:39 ENE 29.74   91
14   62.4  75.4    15:06  52.1     6:06    5    3  0.00   1  13    12:50 ENE 29.70   74
15   59.0  72.6    13:21  43.1     5:48    8    2  0.00   0  10     9:58   E 29.87   66
16   56.7  70.8    12:15  42.3     4:45    9    1  0.25   1  20    12:23  SW 29.79   87
17   60.4  72.4    11:34  51.6     3:55    6    1  0.27   1  18    10:34 WSW 29.79   94
18   57.6  66.1    17:55  47.6    23:52    7    0  0.01   0   8    14:44 ENE 29.92   84
19   55.7  68.8    14:28  42.2     5:46   10    1  0.00   1  14    14:08 ENE 30.03   71
20   57.0  72.6    14:33  38.8     6:00   10    2  0.00   0  10    13:13  SW 30.20   72
21   61.6  79.2    14:10  44.4     4:22    7    4  0.00   0  11    12:38   E 30.20   74
22   63.2  80.6    13:00  52.7     4:38    4    2  0.59   0   8     9:54  SW 30.14   91
23   68.8  82.3    15:06  61.2     5:16    1    5  0.53   1  18    16:45  SW 30.01   93
24   71.5  87.0    13:58  62.8     5:01    0    7  0.08   1  16    16:09 WSW 29.90   88
25   69.3  85.2    12:47  61.4     4:31    1    5  0.58   0  16    13:27  SW 29.80   93
26   66.2  70.1    18:22  63.2    23:44    0    1  0.13   0   6    13:29 WSW 29.75   99
27   69.9  79.6    14:05  60.1     3:55    1    6  0.00   1  12    12:19 WSW 29.75   86
28   66.0  75.0    18:15  59.8     7:20    1    2  0.56   1  20    13:17 WSW 29.51   93
29   68.5  78.5    12:43  62.2     0:53    1    4  0.33   1  14    14:14 WSW 29.51   93
30   72.1  81.6    13:54  61.9     5:47    0    7  0.19   1  13    19:38 WSW 29.76   82
---------------------------------------------------------------------------------------
TOT  61.9  89.2   6/1/13  38.2   6/5/13  171   77  5.78   1  21   6/1/13 ENE 29.87   84

HEAT BASE: 65.0
COOL BASE: 65.0