NOAA-Style Climate Reports: Lisbon, NH


Report for 2013 May
                  MONTHLY CLIMATOLOGICAL SUMMARY FOR 5/2013
                                        HEAT  COOL        
     MEAN                               DEG   DEG       WIND SPEED       DOM MEAN  MEAN
DAY  TEMP  HIGH   TIME     LOW   TIME   DAYS  DAYS RAIN AVG  HI  TIME    DIR BAROM HUM
---------------------------------------------------------------------------------------
1    58.2  76.8    14:30  35.8     5:59   10    3  0.00   1  13    16:08 ENE 30.36   51
2    58.3  80.2    13:15  37.8     5:47   10    3  0.00   1  12    16:57 ENE 30.36   53
3    53.1  69.6    15:10  33.6     5:59   13    1  0.00   1  13    19:02 ENE 30.40   57
4    57.7  75.9    14:29  36.3     5:55   10    3  0.00   2  16    11:31 ENE 30.25   55
5    56.5  75.2    15:01  35.9     5:49   11    2  0.00   1  13    15:19  SW 30.19   53
6    57.3  77.2    15:29  36.3     5:43   11    3  0.00   1  13    11:36 WSW 30.13   52
7    59.6  81.8    15:16  36.8     5:36   10    5  0.00   1  11    13:31  SW 30.07   52
8    61.2  77.2    12:57  42.3     5:34    7    3  0.00   2  21    18:13 WSW 30.10   68
9    62.5  71.5    14:44  55.6     5:52    4    1  0.26   1  18    15:41 WSW 29.90   81
10   56.2  65.9    19:24  53.3     4:27    4    0  0.00   0   3     6:11 SSW 29.87   96
11   58.8  65.8    12:44  53.1    23:57    6    0  0.43   0  13    13:57 WSW 29.67   98
12   52.5  63.6    13:23  37.8    23:58   12    0  0.00   1  11    12:29 WSW 29.62   78
13   41.8  48.5    15:02  33.6    23:43   23    0  0.00   2  21    12:34 WSW 29.87   63
14   42.1  54.0    14:54  29.9     6:17   23    0  0.00   1  13    11:02 ENE 30.02   65
15   45.3  64.1    14:09  25.6     5:34   20    0  0.14   2  20    14:11 WSW 29.84   74
16   57.7  73.4    14:01  43.2     5:08    9    1  0.00   2  17    10:52  SW 29.63   64
17   52.1  62.5    14:12  45.1     5:02   13    0  0.00   1  16    13:34 ENE 30.03   65
18   54.2  68.3    15:37  36.6     5:40   11    1  0.00   1  10    12:30 ENE 30.23   65
19   54.4  68.1    13:46  40.8     5:23   11    0  0.29   1  13    14:49  SW 30.23   79
20   57.5  67.4    17:33  51.2    23:58    8    0  0.03   0   8     4:48 WSW 29.99   95
21   58.8  72.0    12:59  50.0     2:46    8    1  0.38   1  13    20:55 ENE 29.90   90
22   57.9  72.9    14:41  49.6     4:17    8    1  0.18   0  14     0:30 WSW 29.84   94
23   65.0  73.1    17:17  55.8     4:58    3    3  0.03   1  19    16:18 WSW 29.75   87
24   52.6  65.6     0:00  43.8    23:30   12    0  1.36   2  14    16:19 ENE 29.78   95
25   39.8  44.0     0:02  31.4    21:10   25    0  1.12   1  18    14:53 ENE 29.86   98
26   39.6  48.8    17:13  31.7     0:00   25    0  0.16   1  10    11:49 ENE 29.90   91
27   47.3  62.5    15:00  31.7     3:58   18    0  0.00   1  10    16:21  SW 30.10   72
28   53.9  70.7    16:10  32.9     6:00   12    1  0.00   1  17    13:16 WSW 30.17   66
29   54.1  61.7    16:44  48.4     5:55   11    0  0.21   0   8    13:17 WSW 30.03   95
30   68.4  82.3    14:20  55.0     0:35    3    6  0.00   1  11    12:33  SW 30.00   79
31   71.7  88.3    15:11  55.2     5:36    3   10  0.00   1  12    13:53  SW 29.97   76
---------------------------------------------------------------------------------------
TOT  55.0  88.3  5/31/13  25.6  5/15/13  354   49  4.59   1  21   5/8/13 ENE 30.00   74

HEAT BASE: 65.0
COOL BASE: 65.0