NOAA-Style Climate Reports: Lisbon, NH


Report for 2013 April
                  MONTHLY CLIMATOLOGICAL SUMMARY FOR 4/2013
                                        HEAT  COOL        
     MEAN                               DEG   DEG       WIND SPEED       DOM MEAN  MEAN
DAY  TEMP  HIGH   TIME     LOW   TIME   DAYS  DAYS RAIN AVG  HI  TIME    DIR BAROM HUM
---------------------------------------------------------------------------------------
1    36.8  46.5    13:07  27.7    23:55   28    0  0.27   1  17    14:08  SW 29.61   85
2    25.7  32.3    15:31  18.5     6:00   39    0  0.02   2  22    15:05  SW 29.78   66
3    29.6  39.3    15:36  20.4     3:20   35    0  0.00   3  20    14:47  SW 29.94   53
4    35.3  48.7    15:33  20.7     6:46   30    0  0.00   2  19    14:09 WSW 30.10   45
5    35.9  50.8    13:00  26.4     2:17   29    0  0.00   2  16    17:17 WSW 29.82   62
6    27.9  35.8    17:02  20.7     6:37   37    0  0.00   2  19     8:59 ENE 30.17   42
7    39.0  53.6    16:07  23.0     4:24   26    0  0.00   4  28    11:21 WSW 30.04   50
8    43.6  53.1    17:23  35.0    23:29   21    0  0.00   1  14    12:41 ENE 30.01   65
9    41.5  47.9    14:35  35.2     0:00   23    0  0.09   1  13    16:45 ENE 29.94   90
10   41.0  47.5    13:44  36.3     0:21   24    0  0.24   0   6    13:33 WSW 29.94   95
11   37.8  42.5    10:40  30.8     7:01   27    0  0.01   1  19    10:24 ENE 30.03   60
12   31.4  33.5     0:02  29.3     7:23   34    0  0.39   0  13    12:42 ENE 30.01   84
13   36.4  46.9    15:56  30.5     4:06   29    0  0.04   1   7    15:06  SW 29.83   94
14   36.3  42.5    13:17  27.8    23:54   28    0  0.07   1  17    15:27  SW 30.00   89
15   41.0  57.2    17:21  24.1     6:44   52    0  0.01   2  15    13:50  SW 30.28   69
16   46.9  58.7    14:49  31.8     5:59   42    0  0.10   3  30    10:33 WSW 30.11   81
17   44.5  54.5    14:13  29.8    23:59   21    0  0.00   1  17    16:32 ENE 30.20   68
18   41.9  57.2    15:50  26.1     3:23   44    0  0.00   3  27    23:34 ENE 30.24   66
19   63.2  72.9    13:47  53.9     2:28   27    2  0.15   7  30    14:50 WSW 29.73   70
20   44.5  54.3     0:00  35.0    23:53   20    0  0.27   3  21    10:36  SW 29.81   67
21   35.4  45.3    15:03  25.9    23:58   30    0  0.00   2  17    11:47 ENE 30.51   50
22   37.7  52.5    14:53  20.2     6:10   27    0  0.00   2  22    16:39  SW 30.67   52
23   36.5  47.5    14:17  21.9     6:07   28    0  0.00   1  13    15:51 WSW 30.41   73
24   50.6  72.9    17:23  27.7     4:24   16    1  0.00   1  17    17:27  SW 29.88   67
25   49.3  64.1     0:00  30.9    23:58   16    0  0.00   2  18     1:04  NW 30.02   53
26   41.0  56.6    13:23  24.6     5:56   24    0  0.00   1  13    13:32 ENE 30.37   68
27   45.0  61.9    15:03  27.8     5:45   20    0  0.00   1  14    14:36 ENE 30.36   64
28   50.9  69.8    14:42  27.5     5:38   15    1  0.00   2  19    21:19  SW 30.24   55
29   54.3  70.7    14:20  36.0     6:02   11    1  0.00   2  19    13:42 WSW 30.15   57
30   60.2  72.9    16:26  50.2     4:53    6    2  0.00   1  17    12:18 WSW 30.22   48
---------------------------------------------------------------------------------------
TOT  41.4  72.9  4/19/13  18.5   4/2/13  811    7  1.66   2  30  4/16/13 WSW 30.08   66

HEAT BASE: 65.0
COOL BASE: 65.0