NOAA-Style Climate Reports: Lisbon, NH


Report for 2013 March
                  MONTHLY CLIMATOLOGICAL SUMMARY FOR 3/2013
                                        HEAT  COOL        
     MEAN                               DEG   DEG       WIND SPEED       DOM MEAN  MEAN
DAY  TEMP  HIGH   TIME     LOW   TIME   DAYS  DAYS RAIN AVG  HI  TIME    DIR BAROM HUM
---------------------------------------------------------------------------------------
1    30.7  33.5    13:48  28.6    23:43   34    0  0.01   1  10     8:50 ENE 29.64   90
2    28.9  34.8    13:08  24.3    23:50   36    0  0.05   2  16    13:55 ENE 29.70   88
3    26.1  31.5    13:56  23.0     5:31   39    0  0.02   1  11    20:35 ENE 29.66   88
4    23.5  27.0    12:52  21.3    21:01   41    0  0.01   1  12    12:21 ENE 29.71   83
5    29.1  39.5    15:04  21.5     0:00   36    0  0.00   1  12    11:23 ENE 30.00   83
6    32.0  37.6     9:46  27.4     6:43   33    0  0.00   2  17    11:00 ENE 30.15   80
7    31.2  35.9    14:56  27.5     5:31   34    0  0.00   4  18     8:56 ENE 30.15   71
8    31.1  41.5    16:13  22.4    23:58   34    0  0.00   2  12     4:21 ENE 30.17   71
9    31.2  52.8    14:43  15.3     6:18   34    0  0.00   1  10    14:50 ENE 30.29   71
10
11   45.1  45.7    23:24  44.4    23:51    0    0  0.00   1  10    23:53  SW 30.01   55
12   44.9  49.0    19:45  38.1    23:56   20    0  0.36   2  18     3:35 WSW 29.85   91
13   35.0  39.8    15:18  26.8    23:54   51    0  0.04   0  16    19:07 WSW 29.75   88
14   23.7  29.9    12:17  13.9    23:43   71    0  0.00   2  14    11:08  SW 29.76   74
15   21.7  33.6    15:22  11.8     7:24   85    0  0.00   2  18    15:54  SW 29.74   63
16   23.0  29.0    14:45  15.3    23:59   85    0  0.02   1  11    14:22  SW 29.80   66
17   15.1  24.7    13:00   4.7     7:03   49    0  0.00   1  17    13:06 ENE 30.09   63
18   18.1  31.8    16:02   0.6     6:52   47    0  0.00   1  13    23:37 ENE 30.35   55
19   26.1  30.7    12:42  21.5    22:44   39    0  0.34   1  21     1:17   E 29.89   90
20   24.2  31.5    15:06  15.8     7:04   41    0  0.03   1  16    18:08  SW 29.68   86
21   22.8  35.5    15:11   6.3     7:05   42    0  0.00   1  16    13:07  SW 29.68   70
22   24.3  33.5    14:16  12.8     7:19   41    0  0.00   1   8    13:17   E 29.66   77
23   27.8  33.2    13:19  22.2     5:17   37    0  0.04   2  15    11:24 WSW 29.67   82
24   31.5  37.1    16:00  24.1    23:55   33    0  0.00   1  12    12:00 ENE 29.80   72
25   31.5  45.1    13:16  15.8     7:07   34    0  0.00   2  18    16:32 ENE 29.68   73
26   35.3  44.4    14:32  24.6    23:51   30    0  0.00   2  16     9:34 ENE 29.67   63
27   31.6  42.9    11:41  20.5     6:51   33    0  0.06   1  11    14:57 ENE 29.82   85
28   36.0  46.0    17:30  30.8     1:25   29    0  0.02   1  14    17:33 ENE 29.96   85
29   37.4  46.8    13:58  30.2     2:10   28    0  0.02   1  11    12:42  SW 30.02   81
30   36.6  49.1    13:13  24.9    23:53   28    0  0.00   1  14    15:04 ENE 30.05   63
31   38.0  54.6    14:57  18.6     6:30   27    0  0.01   2  22    15:48  SW 29.96   58
---------------------------------------------------------------------------------------
TOT  29.3  54.6  3/31/13   0.6  3/18/13 1171    0  1.03   1  22  3/31/13 ENE 29.88   76

HEAT BASE: 65.0
COOL BASE: 65.0