NOAA-Style Climate Reports: Lisbon, NH


Report for 2013 February
                  MONTHLY CLIMATOLOGICAL SUMMARY FOR 2/2013
                                        HEAT  COOL        
     MEAN                               DEG   DEG       WIND SPEED       DOM MEAN  MEAN
DAY  TEMP  HIGH   TIME     LOW   TIME   DAYS  DAYS RAIN AVG  HI  TIME    DIR BAROM HUM
---------------------------------------------------------------------------------------
1    16.8  22.8     0:00  10.8    23:55   48    0  0.00   2  19     2:38 ENE 29.78   60
2    12.5  19.4    15:22   2.7     7:14   52    0  0.01   1  17    15:48 WSW 30.11   74
3    16.1  26.4    14:24   4.5     7:34   49    0  0.00   1   6    12:15 ENE 29.89   77
4    15.5  23.1    12:59   4.1    23:56   49    0  0.00   1  24    12:45  NW 29.76   63
5     8.6  20.2    15:03  -3.4     6:48   56    0  0.00   1   9    11:36   E 29.97   61
6    17.9  30.4    13:15   8.7    23:27   47    0  0.00   1  18    11:16 ENE 30.03   64
7     9.4  15.8    14:13   1.0     6:44   56    0  0.00   2  12     9:46 ENE 30.49   45
8    16.2  23.3    16:20  10.9     5:45   49    0  0.26   1  16    23:34 ENE 30.22   82
9     9.9  14.4     0:00  -3.4    23:56   55    0  0.11   3  19    12:21 ENE 30.07   78
10    3.9  27.0    15:31 -15.8     7:08   61    0  0.00   0   6     9:39 ENE 30.41   71
11   16.5  29.6    15:49  -0.9     1:16   48    0  0.10   0   8    13:18  SW 29.94   93
12   31.8  35.2    12:00  28.3     6:15   33    0  0.02   1  14    16:00  SW 29.66   90
13   29.3  34.6    13:18  24.0    22:19   36    0  0.00   0  10    10:18  SW 29.78   80
14   27.5  35.6    14:01  21.9    21:30   37    0  0.00   0  11    12:26 ENE 29.86   78
15   30.4  43.5    13:03  21.8     2:11   35    0  0.00   1  19    13:42 WSW 29.90   77
16   25.0  31.2    12:14  18.2    23:57   40    0  0.06   2  13    17:47 ENE 29.93   72
17   12.7  18.2     0:00   7.9    23:38   52    0  0.00   3  20    12:30 ENE 29.69   61
18   11.1  23.7    14:41   2.3    23:56   54    0  0.00   1  16     2:01 ENE 30.02   53
19   20.7  38.6    15:23   0.4     1:56   44    0  0.04   1  24    16:06  SW 29.93   64
20   25.5  31.7     1:36  19.8    23:48   39    0  0.11   1  10    22:26  SW 29.60   90
21   15.1  19.8     0:00   9.2     7:21   50    0  0.02   1  12    12:33 ENE 29.98   80
22   23.7  34.8    13:44  10.3     7:13   41    0  0.00   1  10    11:12 ENE 30.34   82
23   29.8  32.7    12:47  24.0     0:16   35    0  0.05   1  14    12:31 SSW 30.10   86
24   31.1  33.2    16:25  29.5    22:57   34    0  0.05   1   7    14:49 ENE 29.83  100
25   31.7  36.0    14:58  29.5     0:00   33    0  0.00   0   8    12:32   E 30.08   95
26   32.7  38.2    12:08  27.5     1:13   32    0  0.00   1  11    23:12   E 30.26   86
27   31.2  37.5    11:09  27.0     1:41   34    0  0.05   1  17    19:32   E 29.88   95
28   34.4  42.8    15:16  29.9     6:20   31    0  0.02   0   8    11:09 WSW 29.57   91
---------------------------------------------------------------------------------------
TOT  21.0  43.5  2/15/13 -15.8  2/10/13 1233    0  0.90   1  24   2/4/13 ENE 29.97   77

HEAT BASE: 65.0
COOL BASE: 65.0